000
CXUS53 KILX 232300
CF6SPI
PRELIMINARY LOCAL CLIMATOLOGICAL DATA (WS FORM: F-6)

                                          STATION:   SPRINGFIELD IL
                                          MONTH:     FEBRUARY
                                          YEAR:      2017
                                          LATITUDE:   39 50 N
                                          LONGITUDE:  89 41 W

  TEMPERATURE IN F:       :PCPN:    SNOW:  WIND      :SUNSHINE: SKY     :PK WND
================================================================================
1   2   3   4   5  6A  6B    7    8   9   10  11  12  13   14  15   16   17  18
                                     12Z  AVG MX 2MIN
DY MAX MIN AVG DEP HDD CDD  WTR  SNW DPTH SPD SPD DIR MIN PSBL S-S WX    SPD DR
================================================================================

 1  44  27  36   8  29   0 0.00  0.0    0  9.5 20 310   M    M   6        24 300
 2  33  21  27  -1  38   0 0.00  0.0    0  9.1 18 340   M    M   0        23 330
 3  34  16  25  -3  40   0 0.00  0.0    0  6.9 16 330   M    M   3        20 320
 4  39  15  27  -1  38   0 0.00  0.0    0 12.9 25 160   M    M   3        33 190
 5  49  28  39  11  26   0 0.00  0.0    0  6.6 17 200   M    M   0        22 180
 6  57  28  43  14  22   0 0.00  0.0    0 11.3 18 160   M    M   6 18     25 170
 7  63  33  48  19  17   0    T  0.0    0 17.1 26 270   M    M   7 138    35 270
 8  34  16  25  -4  40   0 0.16  2.1    0 11.5 20 310   M    M   8 128    25 320
 9  26   9  18 -11  47   0 0.00  0.0    2  8.7 18 320   M    M   3        23 310
10  58  22  40  10  25   0 0.00  0.0    0 15.0 28 180   M    M   0        36 200
11  68  43  56  26   9   0 0.01  0.0    0  7.2 18  10   M    M   4 18     23  10
12  53  33  43  13  22   0    T  0.0    0 13.5 31 330   M    M   2 18     41 320
13  49  21  35   5  30   0 0.00  0.0    0  5.1 13 200   M    M   2        16 220
14  57  33  45  14  20   0 0.00  0.0    0  9.9 18 270   M    M   1        23 330
15  47  25  36   5  29   0 0.00  0.0    0  9.2 21 280   M    M   0        27 320
16  63  23  43  12  22   0 0.00  0.0    0  9.4 22 190   M    M   0        28 200
17  73  45  59  27   6   0 0.00  0.0    0 11.9 20 190   M    M   0        27 230
18  68  43  56  24   9   0 0.00  0.0    0  8.8 17 270   M    M   0 1      22 250
19  71  41  56  24   9   0 0.00  0.0    0  7.4 15 150   M    M   4 128    19 180
20  76  51  64  31   1   0 0.00  0.0    0 15.1 29 160   M    M   3 18     34 170
21  64  53  59  26   6   0 0.14  0.0    0  3.8 12 180   M    M   9 18     15 180
22  64  45  55  21  10   0 0.00  0.0    0  7.7 17 200   M    M   5 128    23 190
================================================================================
SM 1190  671       495   0  0.31     2.1 217.6          M       66
================================================================================
AV 54.1 30.5                               9.9 FASTST   M    M   3    MAX(MPH)
                                 MISC ---->  # 31 330               # 41  320
================================================================================
NOTES:
# LAST OF SEVERAL OCCURRENCES

COLUMN 17 PEAK WIND IN M.P.H.

PRELIMINARY LOCAL CLIMATOLOGICAL DATA (WS FORM: F-6) , PAGE 2

                                          STATION:  SPRINGFIELD IL
                                          MONTH:    FEBRUARY
                                          YEAR:     2017
                                          LATITUDE:   39 50 N
                                          LONGITUDE:  89 41 W

[TEMPERATURE DATA]      [PRECIPITATION DATA]       SYMBOLS USED IN COLUMN 16

AVERAGE MONTHLY: 42.3   TOTAL FOR MONTH:   0.31    1 = FOG OR MIST
DPTR FM NORMAL:  12.1   DPTR FM NORMAL:   -1.05    2 = FOG REDUCING VISIBILITY
HIGHEST:    76 ON 20    GRTST 24HR  0.16 ON  7- 8      TO 1/4 MILE OR LESS
LOWEST:      9 ON  9                               3 = THUNDER
                        SNOW, ICE PELLETS, HAIL    4 = ICE PELLETS
                        TOTAL MONTH:   2.1 INCHES  5 = HAIL
                        GRTST 24HR   2.1 ON   M    6 = FREEZING RAIN OR DRIZZLE
                        GRTST DEPTH:   2 ON  9     7 = DUSTSTORM OR SANDSTORM:
                                                       VSBY 1/2 MILE OR LESS
                                                   8 = SMOKE OR HAZE
[NO. OF DAYS WITH]      [WEATHER - DAYS WITH]      9 = BLOWING SNOW
                                                   X = TORNADO
MAX 32 OR BELOW:   1    0.01 INCH OR MORE:   3
MAX 90 OR ABOVE:   0    0.10 INCH OR MORE:   2
MIN 32 OR BELOW:  12    0.50 INCH OR MORE:   0
MIN  0 OR BELOW:   0    1.00 INCH OR MORE:   0

[HDD (BASE 65) ]
TOTAL THIS MO.   495    CLEAR  (SCALE 0-3)  14
DPTR FM NORMAL  -270    PTCLDY (SCALE 4-7)   6
TOTAL FM JUL 1  3141    CLOUDY (SCALE 8-10)  2
DPTR FM NORMAL  -950

[CDD (BASE 65) ]
TOTAL THIS MO.     0
DPTR FM NORMAL     0    [PRESSURE DATA]
TOTAL FM JAN 1     0    HIGHEST SLP M ON M
DPTR FM NORMAL     0    LOWEST  SLP 29.37 ON  7

[REMARKS]
