000
CXUS54 KOUN 010700
CF6SPS
PRELIMINARY LOCAL CLIMATOLOGICAL DATA (WS FORM: F-6)

                                          STATION:   WICHITA FALLS
                                          MONTH:     APRIL
                                          YEAR:      2016
                                          LATITUDE:   33 58 N
                                          LONGITUDE:  98 29 W

  TEMPERATURE IN F:       :PCPN:    SNOW:  WIND      :SUNSHINE: SKY     :PK WND
================================================================================
1   2   3   4   5  6A  6B    7    8   9   10  11  12  13   14  15   16   17  18
                                     12Z  AVG MX 2MIN
DY MAX MIN AVG DEP HDD CDD  WTR  SNW DPTH SPD SPD DIR MIN PSBL S-S WX    SPD DR
================================================================================

 1  62  45  54  -5  11   0 0.00  0.0    0 10.4 21  20   M    M   5        24  20
 2  71  35  53  -6  12   0 0.00  0.0    0  8.4 17 340   M    M   0 8      21 280
 3  79  45  62   3   3   0 0.00  0.0    0 13.2 25 210   M    M   0        32 200
 4  86  50  68   9   0   3 0.00  0.0    0  8.7 17 250   M    M   0        22 250
 5  88  49  69   9   0   4 0.00  0.0    0 16.6 31 190   M    M   2        41 180
 6  77  50  64   4   1   0 0.00  0.0    0 15.0 33 350   M    M   0        41 360
 7  83  47  65   5   0   0 0.00  0.0    0 11.9 25  30   M    M   2        30  20
 8  72  44  58  -2   7   0 0.00  0.0    0  7.1 18  90   M    M   5        21  70
 9  68  55  62   1   3   0 0.03  0.0    0 13.1 29 200   M    M   5 1      33 200
10  88  55  72  11   0   7 1.35    T    0 17.2 38 310   M    M   4 135    52 320
11  74  50  62   1   3   0 0.39  0.0    0 11.3 30  20   M    M   8 13     37  20
12  63  46  55  -7  10   0 0.18  0.0    0  7.1 13  50   M    M   7 1      15  40
13  64  50  57  -5   8   0 0.03  0.0    0  6.0 12 110   M    M   8 1      14 100
14  67  48  58  -4   7   0    T  0.0    0  5.6 13 110   M    M   6 12     15 140
15  76  49  63   1   2   0 0.00  0.0    0 14.4 25 130   M    M   3 12     30 150
16  72  57  65   2   0   0 1.21  0.0    0 17.2 32 150   M    M   8 13     38 150
17  70  58  64   1   1   0 1.29  0.0    0 10.8 31 150   M    M   8 13     41 180
18  67  53  60  -3   5   0 0.02  0.0    0 10.2 17 350   M    M  10 1      20 340
19  73  58  66   2   0   1 2.34  0.0    0  8.1 25 320   M    M   9 13     33 320
20  66  54  60  -4   5   0 0.02  0.0    0  7.0 17 310   M    M   8 18     20 310
21  77  53  65   1   0   0 0.03  0.0    0  6.8 17  10   M    M   2 1      22  10
22  80  52  66   2   0   1 0.00  0.0    0  5.9 12 350   M    M   0        17 330
23  81  52  67   2   0   2 0.00  0.0    0 12.1 22 150   M    M   0        26 150
24  81  57  69   4   0   4 0.00  0.0    0 17.6 30 160   M    M   1        39 180
25  89  63  76  11   0  11 0.00  0.0    0 14.6 22 190   M    M   2        27 190
26  83  56  70   4   0   5 0.41  0.0    0 17.0 37 170   M    M   4 138    46 190
27  76  53  65  -1   0   0 0.00  0.0    0  8.8 20 310   M    M   1 1      24 300
28  82  52  67   1   0   2 0.00  0.0    0 11.5 23 130   M    M   0        31 140
29  87  56  72   5   0   7 0.01  0.0    0 13.8 30 290   M    M   6 38     38 290
30  75  48  62  -5   3   0 0.00  0.0    0  9.5 17 340   M    M   3        21 340
================================================================================
SM 2277 1540        81  47  7.31    T    336.9          M      117
================================================================================
AV 75.9 51.3                              11.2 FASTST   M    M   4    MAX(MPH)
                                 MISC ---->  # 38 310               # 52  320
================================================================================
NOTES:
# LAST OF SEVERAL OCCURRENCES

COLUMN 17 PEAK WIND IN M.P.H.

PRELIMINARY LOCAL CLIMATOLOGICAL DATA (WS FORM: F-6) , PAGE 2

                                          STATION:  WICHITA FALLS
                                          MONTH:    APRIL
                                          YEAR:     2016
                                          LATITUDE:   33 58 N
                                          LONGITUDE:  98 29 W

[TEMPERATURE DATA]      [PRECIPITATION DATA]       SYMBOLS USED IN COLUMN 16

AVERAGE MONTHLY: 63.6   TOTAL FOR MONTH:   7.31    1 = FOG OR MIST
DPTR FM NORMAL:   1.0   DPTR FM NORMAL:    4.70    2 = FOG REDUCING VISIBILITY
HIGHEST:    89 ON 25    GRTST 24HR  2.44 ON 16-17      TO 1/4 MILE OR LESS
LOWEST:     35 ON  2                               3 = THUNDER
                        SNOW, ICE PELLETS, HAIL    4 = ICE PELLETS
                        TOTAL MONTH:    T          5 = HAIL
                        GRTST 24HR    T  ON 10-10  6 = FREEZING RAIN OR DRIZZLE
                        GRTST DEPTH:   0           7 = DUSTSTORM OR SANDSTORM:
                                                       VSBY 1/2 MILE OR LESS
                                                   8 = SMOKE OR HAZE
[NO. OF DAYS WITH]      [WEATHER - DAYS WITH]      9 = BLOWING SNOW
                                                   X = TORNADO
MAX 32 OR BELOW:   0    0.01 INCH OR MORE:  13
MAX 90 OR ABOVE:   0    0.10 INCH OR MORE:   7
MIN 32 OR BELOW:   0    0.50 INCH OR MORE:   4
MIN  0 OR BELOW:   0    1.00 INCH OR MORE:   4

[HDD (BASE 65) ]
TOTAL THIS MO.    81    CLEAR  (SCALE 0-3)  15
DPTR FM NORMAL   -61    PTCLDY (SCALE 4-7)  10
TOTAL FM JUL 1  2271    CLOUDY (SCALE 8-10)  5
DPTR FM NORMAL  -674

[CDD (BASE 65) ]
TOTAL THIS MO.    47
DPTR FM NORMAL   -23    [PRESSURE DATA]
TOTAL FM JAN 1    68    HIGHEST SLP M ON M
DPTR FM NORMAL   -24    LOWEST  SLP 29.43 ON 26

[REMARKS]
#FINAL-04-16#
