000
CXUS54 KOUN 290700
CF6SPS
PRELIMINARY LOCAL CLIMATOLOGICAL DATA (WS FORM: F-6)

                                          STATION:   WICHITA FALLS
                                          MONTH:     JUNE
                                          YEAR:      2017
                                          LATITUDE:   33 58 N
                                          LONGITUDE:  98 29 W

  TEMPERATURE IN F:       :PCPN:    SNOW:  WIND      :SUNSHINE: SKY     :PK WND
================================================================================
1   2   3   4   5  6A  6B    7    8   9   10  11  12  13   14  15   16   17  18
                                     12Z  AVG MX 2MIN
DY MAX MIN AVG DEP HDD CDD  WTR  SNW DPTH SPD SPD DIR MIN PSBL S-S WX    SPD DR
================================================================================

 1  86  64  75  -1   0  10 0.01  0.0    0  7.4 30  80   M    M   5        36  80
 2  72  66  69  -7   0   4 1.04  0.0    0  5.4 16 110   M    M   7 13     20 110
 3  80  65  73  -4   0   8 0.01  0.0    0  4.3 15 210   M    M   5 13     17 210
 4  83  66  75  -2   0  10    T  0.0    0  3.7 15  10   M    M   4 3      17 300
 5  88  68  78   1   0  13 0.00  0.0    0  9.7 22  40   M    M   5        27  20
 6  92  67  80   3   0  15 0.00  0.0    0  7.7 16  30   M    M   1 18     29  60
 7  86  67  77  -1   0  12    T  0.0    0  7.5 22  10   M    M   5 8      26  30
 8  85  61  73  -5   0   8 0.00  0.0    0  6.1 12 130   M    M   4 18     14 120
 9  83  65  74  -4   0   9 0.66  0.0    0 13.9 24  90   M    M   6 13     28 180
10  90  69  80   2   0  15 0.00  0.0    0 18.6 26 160   M    M   1        32 160
11  89  69  79   1   0  14 0.00  0.0    0 17.4 28 160   M    M   0        36 140
12  90  68  79   0   0  14 0.00  0.0    0 15.6 25 150   M    M   0        32 170
13  91  73  82   3   0  17 0.00  0.0    0 17.6 26 160   M    M   1        32 180
14  93  75  84   5   0  19 0.00  0.0    0 16.2 24 200   M    M   3        30 160
15  95  74  85   5   0  20    T  0.0    0 14.4 36 190   M    M   1        45 180
16  96  69  83   3   0  18 0.00  0.0    0 11.0 25 170   M    M   0        30 170
17  95  74  85   5   0  20 0.00  0.0    0 14.7 25 140   M    M   0        32 160
18  82  73  78  -2   0  13    T  0.0    0 14.9 28  40   M    M   6        32  30
19  90  68  79  -1   0  14    T  0.0    0  9.2 16 100   M    M   7        20  50
20  92  70  81   0   0  16 0.00  0.0    0  6.7 17 110   M    M   4 1      21 110
21  93  67  80  -1   0  15 0.00  0.0    0  7.2 15 120   M    M   3        20 140
22  92  63  78  -3   0  13 0.00  0.0    0  6.0 13 140   M    M   2        15 140
23 100  70  85   4   0  20 0.00  0.0    0  9.6 26  50   M    M   3        32  60
24  83  65  74  -7   0   9 0.68  0.0    0 11.2 44  10   M    M   8 13     53 360
25  85  64  75  -7   0  10 0.00  0.0    0  8.1 15 140   M    M   2        23 140
26  86  67  77  -5   0  12 0.00  0.0    0  6.5 14 110   M    M   4        17 140
27  92  67  80  -2   0  15 0.00  0.0    0  8.4 21 140   M    M   3 1      25 140
28  91  71  81  -1   0  16 0.00  0.0    0 16.6 29 150   M    M   1        36 160
================================================================================
SM 2480 1905         0 379  2.40     0.0 295.6          M       91
================================================================================
AV 88.6 68.0                              10.6 FASTST   M    M   3    MAX(MPH)
                                 MISC ---->  # 44  10               # 53  360
================================================================================
NOTES:
# LAST OF SEVERAL OCCURRENCES

COLUMN 17 PEAK WIND IN M.P.H.

PRELIMINARY LOCAL CLIMATOLOGICAL DATA (WS FORM: F-6) , PAGE 2

                                          STATION:  WICHITA FALLS
                                          MONTH:    JUNE
                                          YEAR:     2017
                                          LATITUDE:   33 58 N
                                          LONGITUDE:  98 29 W

[TEMPERATURE DATA]      [PRECIPITATION DATA]       SYMBOLS USED IN COLUMN 16

AVERAGE MONTHLY: 78.3   TOTAL FOR MONTH:   2.40    1 = FOG OR MIST
DPTR FM NORMAL:  -1.0   DPTR FM NORMAL:   -1.59    2 = FOG REDUCING VISIBILITY
HIGHEST:   100 ON 23    GRTST 24HR  1.04 ON  2- 2      TO 1/4 MILE OR LESS
LOWEST:     61 ON  8                               3 = THUNDER
                        SNOW, ICE PELLETS, HAIL    4 = ICE PELLETS
                        TOTAL MONTH:   0.0 INCH    5 = HAIL
                        GRTST 24HR     0.0         6 = FREEZING RAIN OR DRIZZLE
                        GRTST DEPTH:   0           7 = DUSTSTORM OR SANDSTORM:
                                                       VSBY 1/2 MILE OR LESS
                                                   8 = SMOKE OR HAZE
[NO. OF DAYS WITH]      [WEATHER - DAYS WITH]      9 = BLOWING SNOW
                                                   X = TORNADO
MAX 32 OR BELOW:   0    0.01 INCH OR MORE:   5
MAX 90 OR ABOVE:  15    0.10 INCH OR MORE:   3
MIN 32 OR BELOW:   0    0.50 INCH OR MORE:   3
MIN  0 OR BELOW:   0    1.00 INCH OR MORE:   1

[HDD (BASE 65) ]
TOTAL THIS MO.     0    CLEAR  (SCALE 0-3)  14
DPTR FM NORMAL     0    PTCLDY (SCALE 4-7)  14
TOTAL FM JUL 1  2162    CLOUDY (SCALE 8-10)  0
DPTR FM NORMAL  -806

[CDD (BASE 65) ]
TOTAL THIS MO.   379
DPTR FM NORMAL   -21    [PRESSURE DATA]
TOTAL FM JAN 1   728    HIGHEST SLP M ON M
DPTR FM NORMAL     9    LOWEST  SLP 29.56 ON 17

[REMARKS]
