000
CXUS54 KOUN 280800
CF6SPS
PRELIMINARY LOCAL CLIMATOLOGICAL DATA (WS FORM: F-6)

                                          STATION:   WICHITA FALLS
                                          MONTH:     AUGUST
                                          YEAR:      2015
                                          LATITUDE:   33 58 N
                                          LONGITUDE:  98 29 W

  TEMPERATURE IN F:       :PCPN:    SNOW:  WIND      :SUNSHINE: SKY     :PK WND
================================================================================
1   2   3   4   5  6A  6B    7    8   9   10  11  12  13   14  15   16   17  18
                                     12Z  AVG MX 2MIN
DY MAX MIN AVG DEP HDD CDD  WTR  SNW DPTH SPD SPD DIR MIN PSBL S-S WX    SPD DR
================================================================================

 1  86  73  80  -5   0  15 0.86  0.0    0  4.7 14 170   M    M   3 13     21 270
 2  93  74  84  -1   0  19    T  0.0    0  9.2 18 150   M    M   4        25 140
 3  92  73  83  -2   0  18 0.05  0.0    0  6.8 17 340   M    M   5 1      22 330
 4  95  72  84  -1   0  19 0.13  0.0    0 11.2 21 120   M    M   5 1      24 200
 5 101  74  88   3   0  23 0.00  0.0    0 12.5 22 230   M    M   0        27 230
 6 103  79  91   6   0  26 0.00  0.0    0 14.1 22 230   M    M   0        32 240
 7 102  78  90   5   0  25 0.00  0.0    0 11.3 18 160   M    M   0        23 150
 8 102  75  89   4   0  24 0.00  0.0    0 12.1 21 140   M    M   0        25 160
 9 102  74  88   3   0  23 0.00  0.0    0 13.1 21 210   M    M   1        28 190
10 105  75  90   5   0  25 0.00  0.0    0  9.1 15  70   M    M   1        25 170
11  99  77  88   3   0  23    T  0.0    0 10.4 17  40   M    M   4        23 120
12  96  71  84  -1   0  19    T  0.0    0  9.1 24 350   M    M   3        29 340
13  97  71  84  -1   0  19 0.00  0.0    0  7.3 14 120   M    M   2        17 120
14  88  73  81  -4   0  16    T  0.0    0 10.1 29  80   M    M   3        33  80
15  95  71  83  -1   0  18 0.00  0.0    0  8.5 17 100   M    M   3        25 110
16  96  66  81  -3   0  16 0.00  0.0    0  5.9 16 110   M    M   0        22 120
17  98  69  84   0   0  19 0.00  0.0    0  8.1 17 140   M    M   2        24 170
18  98  80  89   5   0  24 0.00  0.0    0 13.6 22 220   M    M   5        31 180
19  85  62  74 -10   0   9    T  0.0    0 14.8 31  40   M    M   7 3      37  40
20  86  56  71 -13   0   6 0.00  0.0    0  8.5 18 130   M    M   4        23 110
21  94  71  83  -1   0  18 0.00  0.0    0 14.6 25 140   M    M   5        33 140
22 100  74  87   3   0  22 0.00  0.0    0 14.7 24 180   M    M   0        31 180
23  99  67  83   0   0  18 0.03  0.0    0 11.9 28  10   M    M   2 13     35  20
24  95  66  81  -2   0  16 0.00  0.0    0  6.4 16  50   M    M   3        20  50
25  97  69  83   0   0  18 0.42  0.0    0  8.1 30 110   M    M   5 13     37 120
26  95  69  82  -1   0  17 0.00  0.0    0  7.9 13 120   M    M   1 1      17 150
27  98  71  85   3   0  20 0.00  0.0    0 10.8 21 130   M    M   4        24 150
================================================================================
SM 2597 1930         0 515  1.49     0.0 274.8          M       72
================================================================================
AV 96.2 71.5                              10.2 FASTST   M    M   3    MAX(MPH)
                                 MISC ---->  # 31  40               # 37   40
================================================================================
NOTES:
# LAST OF SEVERAL OCCURRENCES

COLUMN 17 PEAK WIND IN M.P.H.

PRELIMINARY LOCAL CLIMATOLOGICAL DATA (WS FORM: F-6) , PAGE 2

                                          STATION:  WICHITA FALLS
                                          MONTH:    AUGUST
                                          YEAR:     2015
                                          LATITUDE:   33 58 N
                                          LONGITUDE:  98 29 W

[TEMPERATURE DATA]      [PRECIPITATION DATA]       SYMBOLS USED IN COLUMN 16

AVERAGE MONTHLY: 83.8   TOTAL FOR MONTH:   1.49    1 = FOG OR MIST
DPTR FM NORMAL:  -0.5   DPTR FM NORMAL:   -0.63    2 = FOG REDUCING VISIBILITY
HIGHEST:   105 ON 10    GRTST 24HR  0.90 ON 31- 1      TO 1/4 MILE OR LESS
LOWEST:     56 ON 20                               3 = THUNDER
                        SNOW, ICE PELLETS, HAIL    4 = ICE PELLETS
                        TOTAL MONTH:   0.0 INCH    5 = HAIL
                        GRTST 24HR     0.0         6 = FREEZING RAIN OR DRIZZLE
                        GRTST DEPTH:   0           7 = DUSTSTORM OR SANDSTORM:
                                                       VSBY 1/2 MILE OR LESS
                                                   8 = SMOKE OR HAZE
[NO. OF DAYS WITH]      [WEATHER - DAYS WITH]      9 = BLOWING SNOW
                                                   X = TORNADO
MAX 32 OR BELOW:   0    0.01 INCH OR MORE:   5
MAX 90 OR ABOVE:  23    0.10 INCH OR MORE:   3
MIN 32 OR BELOW:   0    0.50 INCH OR MORE:   1
MIN  0 OR BELOW:   0    1.00 INCH OR MORE:   0

[HDD (BASE 65) ]
TOTAL THIS MO.     0    CLEAR  (SCALE 0-3)  15
DPTR FM NORMAL     0    PTCLDY (SCALE 4-7)  12
TOTAL FM JUL 1     0    CLOUDY (SCALE 8-10)  0
DPTR FM NORMAL     0

[CDD (BASE 65) ]
TOTAL THIS MO.   515
DPTR FM NORMAL    -6    [PRESSURE DATA]
TOTAL FM JAN 1  1812    HIGHEST SLP M ON M
DPTR FM NORMAL   -65    LOWEST  SLP 29.62 ON 18

[REMARKS]
