000
CXUS54 KLZK 221130
CF6SRC
PRELIMINARY LOCAL CLIMATOLOGICAL DATA (WS FORM: F-6)

                                          STATION:   Searcy Airport
                                          MONTH:     OCTOBER
                                          YEAR:      2017
                                          LATITUDE:   35 12 N
                                          LONGITUDE:  91 44 W

  TEMPERATURE IN F:       :PCPN:    SNOW:  WIND      :SUNSHINE: SKY     :PK WND
================================================================================
1   2   3   4   5  6A  6B    7    8   9   10  11  12  13   14  15   16   17  18
                                     12Z  AVG MX 2MIN
DY MAX MIN AVG DEP HDD CDD  WTR  SNW DPTH SPD SPD DIR MIN PSBL S-S WX    SPD DR
================================================================================

 1  85  57  71   5   0   6 0.00    M    M  5.6  8  90   M    M   4         M  M
 2   M   M   M   M   M   M 0.26    M    M  7.7 16 140   M    M   5 1      23 140
 3  87  69  78  12   0  13 0.06    M    M  5.5 14 170   M    M   8 1      20 170
 4  86  68  77  12   0  12 0.00    M    M  2.6  8 200   M    M   1         M  M
 5  87  64  76  11   0  11 0.00    M    M  1.8  7 170   M    M   0         M  M
 6  87  60  74  10   0   9 0.00    M    M  4.1 12 170   M    M   1         M  M
 7  90  62  76  12   0  11 0.00    M    M  5.0 14 200   M    M   3        23 190
 8  85  67  76  12   0  11    T    M    M  3.7  7  70   M    M   7 8       M  M
 9  93  66  80  17   0  15 0.00    M    M  2.8 13 140   M    M   4 12      M  M
10  88  55  72   9   0   7 0.00    M    M  4.5 10 260   M    M   3 12     18  99
11  71  51  61  -2   4   0 0.00    M    M  4.1  8 340   M    M   4         M  M
12  56  48  52 -10  13   0 0.00    M    M  1.9  5 350   M    M   0         M  M
13  86  54  70   8   0   5 0.00    M    M  2.8  7 180   M    M   0 1       M  M
14  91  59  75  13   0  10 0.00    M    M  4.2 12 190   M    M   0        17 190
15  76  55  66   5   0   1 0.22    M    M  7.7 15 340   M    M   4 13     23 340
16  70  44  57  -4   8   0 0.00    M    M  6.3 14  50   M    M   0        20  50
17  72  39  56  -5   9   0 0.00    M    M  2.2  9 150   M    M   0         M  M
18  78  41  60   0   5   0 0.00    M    M  3.3 10 150   M    M   0        16 180
19  81  43  62   2   3   0 0.00  0.0    0  1.2  6 160   M    M   0 18      M  M
20  77  47  62   2   3   0 0.00  0.0    0  2.9 10 150   M    M   0 1       M  M
21  82  59  71  12   0   6    T  0.0    0  7.0 14 180   M    M   8         M  M
================================================================================
SM 1628 1108        45 117  0.54     0.0  86.9          M       52
================================================================================
AV 81.4 55.4                               4.1 FASTST   M    M   2    MAX(MPH)
                                 MISC ---->  # 16 140               # 23  140
================================================================================
NOTES:
# LAST OF SEVERAL OCCURRENCES

COLUMN 17 PEAK WIND IN M.P.H.

PRELIMINARY LOCAL CLIMATOLOGICAL DATA (WS FORM: F-6) , PAGE 2

                                          STATION:  Searcy Airport
                                          MONTH:    OCTOBER
                                          YEAR:     2017
                                          LATITUDE:   35 12 N
                                          LONGITUDE:  91 44 W

[TEMPERATURE DATA]      [PRECIPITATION DATA]       SYMBOLS USED IN COLUMN 16

AVERAGE MONTHLY: 68.4   TOTAL FOR MONTH:   0.54    1 = FOG OR MIST
DPTR FM NORMAL:   5.7   DPTR FM NORMAL:   -2.61    2 = FOG REDUCING VISIBILITY
HIGHEST:    93 ON  9    GRTST 24HR  0.26 ON  2- 2      TO 1/4 MILE OR LESS
LOWEST:     39 ON 17                               3 = THUNDER
                        SNOW, ICE PELLETS, HAIL    4 = ICE PELLETS
                        TOTAL MONTH:   0.0 INCH    5 = HAIL
                        GRTST 24HR     0.0         6 = FREEZING RAIN OR DRIZZLE
                        GRTST DEPTH:   0           7 = DUSTSTORM OR SANDSTORM:
                                                       VSBY 1/2 MILE OR LESS
                                                   8 = SMOKE OR HAZE
[NO. OF DAYS WITH]      [WEATHER - DAYS WITH]      9 = BLOWING SNOW
                                                   X = TORNADO
MAX 32 OR BELOW:   0    0.01 INCH OR MORE:   3
MAX 90 OR ABOVE:   3    0.10 INCH OR MORE:   2
MIN 32 OR BELOW:   0    0.50 INCH OR MORE:   0
MIN  0 OR BELOW:   0    1.00 INCH OR MORE:   0

[HDD (BASE 65) ]
TOTAL THIS MO.    45    CLEAR  (SCALE 0-3)  12
DPTR FM NORMAL   -48    PTCLDY (SCALE 4-7)   9
TOTAL FM JUL 1    46    CLOUDY (SCALE 8-10)  0
DPTR FM NORMAL   -68

[CDD (BASE 65) ]
TOTAL THIS MO.   117
DPTR FM NORMAL    73    [PRESSURE DATA]
TOTAL FM JAN 1  1819    HIGHEST SLP M ON M
DPTR FM NORMAL   -76    LOWEST  SLP M ON M

[REMARKS]
