000
CXUS54 KLZK 241330
CF6SRC
PRELIMINARY LOCAL CLIMATOLOGICAL DATA (WS FORM: F-6)

                                          STATION:   Searcy Airport
                                          MONTH:     APRIL
                                          YEAR:      2014
                                          LATITUDE:   35 12 N
                                          LONGITUDE:  91 44 W

  TEMPERATURE IN F:       :PCPN:    SNOW:  WIND      :SUNSHINE: SKY     :PK WND
================================================================================
1   2   3   4   5  6A  6B    7    8   9   10  11  12  13   14  15   16   17  18
                                     12Z  AVG MX 2MIN
DY MAX MIN AVG DEP HDD CDD  WTR  SNW DPTH SPD SPD DIR MIN PSBL S-S WX    SPD DR
================================================================================

 1  74  45  60   4   5   0 0.00  0.0    0  4.3 13 150   M    M   4         M  M
 2  73  55  64   8   1   0 0.03  0.0    0  8.0 15 170   M    M   6 1       M  M
 3  82  68  75  18   0  10 0.17  0.0    0 14.1 21 200   M    M   5 1      33 190
 4  74  46  60   3   5   0 0.05    M    0  9.6 17 310   M    M   2        29 210
 5  55  39  47 -10  18   0 0.00  0.0    0  6.8 13  70   M    M   0         M  M
 6  55  40  48 -10  17   0 0.06    M    0  7.3 12  20   M    M   4 1       M  M
 7  63  47  55  -3  10   0 0.06    M    0  7.6 14 320   M    M   7 1       M  M
 8  61  42  52  -6  13   0 0.05    M    0  5.1 13 330   M    M   2 1       M  M
 9  71  37  54  -4  11   0 0.00  0.0    0  4.9 12 170   M    M   0         M  M
10  82  44  63   4   2   0 0.00  0.0    0 11.7 21 170   M    M   0 8      31 160
11  78  56  67   8   0   2 0.00  0.0    0  8.7 15 200   M    M   1         M  M
12  76  62  69  10   0   4 0.00  0.0    0 11.5 20 180   M    M   5        30 170
13  72  61  67   7   0   2 1.03  0.0    0 12.3 18 190   M    M   6 18     29 200
14  60  40  50 -10  15   0 0.20  0.0    0  8.3 15 320   M    M   8 1      22 350
15  57  33  45 -15  20   0 0.00  0.0    0  7.0 13 350   M    M   0         M  M
16  60  32  46 -14  19   0 0.00  0.0    0  4.9 14 170   M    M   0         M  M
17  70  35  53  -8  12   0    T    M    0  2.5  9 170   M    M   1 1       M  M
18  73  49  61   0   4   0 0.00  0.0    0  5.1 14  50   M    M   1         M  M
19  78  47  63   2   2   0    T    M    0  2.7  8 110   M    M   0         M  M
20  80  48  64   2   1   0 0.00  0.0    0  3.3 12 160   M    M   0         M  M
21  77  60  69   7   0   4 0.20  0.0    0  3.0 10 190   M    M   4 12      M  M
22  79  52  66   4   0   1 0.00  0.0    0  5.9 13 350   M    M   2 12      M  M
23  77  46  62  -1   3   0 0.00  0.0    0  4.6  9 110   M    M   0 1       M  M
================================================================================
SM 1627 1084       158  23  1.85     0.0 159.2          M       58
================================================================================
AV 70.7 47.1                               6.9 FASTST   M    M   3    MAX(MPH)
                                 MISC ---->    21   M                 33    M
================================================================================
NOTES:
# LAST OF SEVERAL OCCURRENCES

COLUMN 17 PEAK WIND IN M.P.H.

PRELIMINARY LOCAL CLIMATOLOGICAL DATA (WS FORM: F-6) , PAGE 2

                                          STATION:  Searcy Airport
                                          MONTH:    APRIL
                                          YEAR:     2014
                                          LATITUDE:   35 12 N
                                          LONGITUDE:  91 44 W

[TEMPERATURE DATA]      [PRECIPITATION DATA]       SYMBOLS USED IN COLUMN 16

AVERAGE MONTHLY: 58.9   TOTAL FOR MONTH:   1.85    1 = FOG OR MIST
DPTR FM NORMAL:  -0.4   DPTR FM NORMAL:   -1.83    2 = FOG REDUCING VISIBILITY
HIGHEST:    82 ON 10, 3 GRTST 24HR  1.03 ON 13-13      TO 1/4 MILE OR LESS
LOWEST:     32 ON 16                               3 = THUNDER
                        SNOW, ICE PELLETS, HAIL    4 = ICE PELLETS
                        TOTAL MONTH:   0.0 INCH    5 = HAIL
                        GRTST 24HR     0.0         6 = FREEZING RAIN OR DRIZZLE
                        GRTST DEPTH:   0           7 = DUSTSTORM OR SANDSTORM:
                                                       VSBY 1/2 MILE OR LESS
                                                   8 = SMOKE OR HAZE
[NO. OF DAYS WITH]      [WEATHER - DAYS WITH]      9 = BLOWING SNOW
                                                   X = TORNADO
MAX 32 OR BELOW:   0    0.01 INCH OR MORE:   9
MAX 90 OR ABOVE:   0    0.10 INCH OR MORE:   4
MIN 32 OR BELOW:   1    0.50 INCH OR MORE:   1
MIN  0 OR BELOW:   0    1.00 INCH OR MORE:   1

[HDD (BASE 65) ]
TOTAL THIS MO.   158    CLEAR  (SCALE 0-3)  14
DPTR FM NORMAL    -1    PTCLDY (SCALE 4-7)   9
TOTAL FM JUL 1  4170    CLOUDY (SCALE 8-10)  0
DPTR FM NORMAL   695

[CDD (BASE 65) ]
TOTAL THIS MO.    23
DPTR FM NORMAL    -5    [PRESSURE DATA]
TOTAL FM JAN 1    23    HIGHEST SLP M ON M
DPTR FM NORMAL   -14    LOWEST  SLP M ON M

[REMARKS]
