000
CXUS55 KTBW 301000
CF6SRQ
PRELIMINARY LOCAL CLIMATOLOGICAL DATA (WS FORM: F-6)

                                          STATION:   Sarasota Bradenton
                                          MONTH:     AUGUST
                                          YEAR:      2016
                                          LATITUDE:   27 23 N
                                          LONGITUDE:  82 33 W

  TEMPERATURE IN F:       :PCPN:    SNOW:  WIND      :SUNSHINE: SKY     :PK WND
================================================================================
1   2   3   4   5  6A  6B    7    8   9   10  11  12  13   14  15   16   17  18
                                     12Z  AVG MX 2MIN
DY MAX MIN AVG DEP HDD CDD  WTR  SNW DPTH SPD SPD DIR MIN PSBL S-S WX    SPD DR
================================================================================

 1  96  75  86   4   0  21 0.00  0.0    0  6.9 15 150   M    M   1        18 160
 2  93  77  85   3   0  20    T  0.0    0  6.4 28 120   M    M   1 3      35 120
 3  91  75  83   1   0  18    T  0.0    0  6.2 17 140   M    M   0 3      21 140
 4  90  78  84   2   0  19 0.20  0.0    0  6.8 18 270   M    M   1 3      22 270
 5  88  77  83   1   0  18    T  0.0    0  6.8 21 300   M    M   1 3      24 300
 6  90  77  84   2   0  19 0.00  0.0    0  8.0 17 310   M    M   1        22 310
 7  90  77  84   2   0  19    T  0.0    0  8.9 17 300   M    M   5 3      21 250
 8  85  77  81  -1   0  16 1.31  0.0    0  8.6 23 190   M    M   5 138    32 220
 9  84  75  80  -2   0  15 1.06  0.0    0  7.8 29 230   M    M   2 3      42 220
10  92  77  85   3   0  20    T  0.0    0  8.4 21 280   M    M   3 3      27 260
11  94  76  85   3   0  20 0.08  0.0    0  6.0 15 300   M    M   2 12     18 310
12  93  76  85   3   0  20 0.08  0.0    0  5.1 16 120   M    M   1 3      19 120
13  93  75  84   2   0  19 0.62  0.0    0  6.8 40 190   M    M   1 3      61 170
14  93  77  85   3   0  20 0.14  0.0    0  7.6 29 150   M    M   1 3      37 110
15  96  77  87   5   0  22 0.37  0.0    0  7.5 20 120   M    M   2 3      24 110
16  97  79  88   6   0  23 0.00  0.0    0  8.0 16  50   M    M   1 3      21  50
17  96  76  86   4   0  21 0.56  0.0    0  6.5 22 170   M    M   2 138    28  80
18  95  75  85   3   0  20 0.32  0.0    0  5.1 15  60   M    M   1 38     18 280
19  92  77  85   3   0  20    T  0.0    0  3.9 14 270   M    M   0 3      17 280
20  92  78  85   3   0  20 0.00  0.0    0  4.6 13 260   M    M   0 3      16 260
21  93  78  86   4   0  21 0.00  0.0    0  4.7 13 260   M    M   0        16 270
22  95  78  87   5   0  22 0.00  0.0    0  5.1 16 290   M    M   0        19 280
23  99  81  90   8   0  25 0.29  0.0    0  6.6 18 290   M    M   2 3      23 310
24  94  79  87   5   0  22 0.00  0.0    0  8.7 20  70   M    M   1        27  70
25  97  78  88   6   0  23    T  0.0    0  9.2 21  90   M    M   2 38     27 100
26  96  76  86   4   0  21 0.96  0.0    0  6.7 25  40   M    M   4 138    31  40
27  95  74  85   3   0  20 0.56  0.0    0  7.2 29  80   M    M   2 13     37  80
28  95  79  87   5   0  22    T  0.0    0 10.9 22  90   M    M   2        28 100
29  93  79  86   4   0  21 0.03  0.0    0  9.4 23 110   M    M   4 3      28 100
================================================================================
SM 2697 2233         0 587  6.58     0.0 204.4          M       48
================================================================================
AV 93.0 77.0                               7.0 FASTST   M    M   2    MAX(MPH)
                                 MISC ---->  # 40 190               # 61  170
================================================================================
NOTES:
# LAST OF SEVERAL OCCURRENCES

COLUMN 17 PEAK WIND IN M.P.H.

PRELIMINARY LOCAL CLIMATOLOGICAL DATA (WS FORM: F-6) , PAGE 2

                                          STATION:  Sarasota Bradenton
                                          MONTH:    AUGUST
                                          YEAR:     2016
                                          LATITUDE:   27 23 N
                                          LONGITUDE:  82 33 W

[TEMPERATURE DATA]      [PRECIPITATION DATA]       SYMBOLS USED IN COLUMN 16

AVERAGE MONTHLY: 85.0   TOTAL FOR MONTH:   6.58    1 = FOG OR MIST
DPTR FM NORMAL:   3.0   DPTR FM NORMAL:   -1.98    2 = FOG REDUCING VISIBILITY
HIGHEST:    99 ON 23    GRTST 24HR  1.38 ON 26-27      TO 1/4 MILE OR LESS
LOWEST:     74 ON 27                               3 = THUNDER
                        SNOW, ICE PELLETS, HAIL    4 = ICE PELLETS
                        TOTAL MONTH:   0.0 INCH    5 = HAIL
                        GRTST 24HR     0.0         6 = FREEZING RAIN OR DRIZZLE
                        GRTST DEPTH:   0           7 = DUSTSTORM OR SANDSTORM:
                                                       VSBY 1/2 MILE OR LESS
                                                   8 = SMOKE OR HAZE
[NO. OF DAYS WITH]      [WEATHER - DAYS WITH]      9 = BLOWING SNOW
                                                   X = TORNADO
MAX 32 OR BELOW:   0    0.01 INCH OR MORE:  14
MAX 90 OR ABOVE:  26    0.10 INCH OR MORE:  11
MIN 32 OR BELOW:   0    0.50 INCH OR MORE:   6
MIN  0 OR BELOW:   0    1.00 INCH OR MORE:   2

[HDD (BASE 65) ]
TOTAL THIS MO.     0    CLEAR  (SCALE 0-3)  25
DPTR FM NORMAL     0    PTCLDY (SCALE 4-7)   4
TOTAL FM JUL 1     0    CLOUDY (SCALE 8-10)  0
DPTR FM NORMAL     0

[CDD (BASE 65) ]
TOTAL THIS MO.   587
DPTR FM NORMAL    94    [PRESSURE DATA]
TOTAL FM JAN 1  2748    HIGHEST SLP M ON M
DPTR FM NORMAL   493    LOWEST  SLP 29.83 ON 29

[REMARKS]
