000
CXUS54 KEPZ 231200
CF6SRR
PRELIMINARY LOCAL CLIMATOLOGICAL DATA (WS FORM: F-6)

                                          STATION:   RUIDOSO        AWOS
                                          MONTH:     FEBRUARY
                                          YEAR:      2017
                                          LATITUDE:   33 28 N
                                          LONGITUDE: 105 32 W

  TEMPERATURE IN F:       :PCPN:    SNOW:  WIND      :SUNSHINE: SKY     :PK WND
================================================================================
1   2   3   4   5  6A  6B    7    8   9   10  11  12  13   14  15   16   17  18
                                     12Z  AVG MX 2MIN
DY MAX MIN AVG DEP HDD CDD  WTR  SNW DPTH SPD SPD DIR MIN PSBL S-S WX    SPD DR
================================================================================

 1  61  37  49   M  16   0 0.00  0.0    0 10.2 17 310   M    M   0        24 300
 2  59  23  41   M  24   0 0.00  0.0    0  6.8 17 190   M    M   0        23 220
 3  57  28  43   M  22   0 0.00  0.0    0  6.5 14 130   M    M   0        20 130
 4  64  27  46   M  19   0 0.00  0.0    0  8.1 17 220   M    M   0        23 280
 5  63  41  52   M  13   0 0.00  0.0    0  8.9 24 250   M    M   0        31 250
 6  55  41  48   M  17   0 0.00  0.0    0 16.4 30 270   M    M   1        46 250
 7  63  41  52   M  13   0 0.00  0.0    0 12.1 21 260   M    M   0        32 300
 8  59  41  50   M  15   0 0.00  0.0    0 13.5 25 320   M    M   0        44 300
 9  68  37  53   M  12   0 0.00  0.0    0  5.3 12 220   M    M   1         M  M
10  73  46  60   M   5   0 0.00  0.0    0 11.1 20 280   M    M   0        29 280
11  68  48  58   M   7   0 0.00  0.0    0 12.7 29 240   M    M   0        41 240
12  55  28  42   M  23   0 0.00  0.0    0  9.2 18 130   M    M   7        25 130
13  39  27  33   M  32   0    T    T    0  5.1  9 150   M    M   9 2       M  M
14  36  25  31   M  34   0    T    T    0  5.1 15  10   M    M   8 2      22  10
15  46  23  35   M  30   0 0.00  0.0    0  7.2 13 300   M    M   0        16 300
16  54  28  41   M  24   0 0.00  0.0    0  9.7 15 290   M    M   0        20 290
17  52  32  42   M  23   0 0.00  0.0    0 13.5 29 290   M    M   2        46 290
18  57  37  47   M  18   0 0.00  0.0    0  9.0 17 100   M    M   2        23 130
19  46  30  38   M  27   0 0.00  0.0    0 13.4 28 220   M    M   2        36 220
20  55  36  46   M  19   0 0.00  0.0    0 12.4 24 320   M    M   0        38 300
21  64  41  53   M  12   0 0.00  0.0    0 10.7 23 300   M    M   0        31 310
22  68  45  57   M   8   0 0.00  0.0    0 14.4 23 230   M    M   0        32 230
================================================================================
SM 1262  762       413   0    T     T    221.3          M       32
================================================================================
AV 57.4 34.6                              10.1 FASTST   M    M   1    MAX(MPH)
                                 MISC ---->    30   M               # 46  250
================================================================================
NOTES:
# LAST OF SEVERAL OCCURRENCES

COLUMN 17 PEAK WIND IN M.P.H.

PRELIMINARY LOCAL CLIMATOLOGICAL DATA (WS FORM: F-6) , PAGE 2

                                          STATION:  RUIDOSO        AWOS
                                          MONTH:    FEBRUARY
                                          YEAR:     2017
                                          LATITUDE:   33 28 N
                                          LONGITUDE: 105 32 W

[TEMPERATURE DATA]      [PRECIPITATION DATA]       SYMBOLS USED IN COLUMN 16

AVERAGE MONTHLY: 46.0   TOTAL FOR MONTH:      T    1 = FOG OR MIST
DPTR FM NORMAL:     M   DPTR FM NORMAL:       M    2 = FOG REDUCING VISIBILITY
HIGHEST:    73 ON 10    GRTST 24HR    T  ON 14-14      TO 1/4 MILE OR LESS
LOWEST:     23 ON 15, 2                            3 = THUNDER
                        SNOW, ICE PELLETS, HAIL    4 = ICE PELLETS
                        TOTAL MONTH:    T          5 = HAIL
                        GRTST 24HR    T  ON 14-14  6 = FREEZING RAIN OR DRIZZLE
                        GRTST DEPTH:   0           7 = DUSTSTORM OR SANDSTORM:
                                                       VSBY 1/2 MILE OR LESS
                                                   8 = SMOKE OR HAZE
[NO. OF DAYS WITH]      [WEATHER - DAYS WITH]      9 = BLOWING SNOW
                                                   X = TORNADO
MAX 32 OR BELOW:   0    0.01 INCH OR MORE:   0
MAX 90 OR ABOVE:   0    0.10 INCH OR MORE:   0
MIN 32 OR BELOW:  10    0.50 INCH OR MORE:   0
MIN  0 OR BELOW:   0    1.00 INCH OR MORE:   0

[HDD (BASE 65) ]
TOTAL THIS MO.   413    CLEAR  (SCALE 0-3)  19
DPTR FM NORMAL     M    PTCLDY (SCALE 4-7)   2
TOTAL FM JUL 1  2748    CLOUDY (SCALE 8-10)  1
DPTR FM NORMAL     M

[CDD (BASE 65) ]
TOTAL THIS MO.     0
DPTR FM NORMAL     M    [PRESSURE DATA]
TOTAL FM JAN 1     0    HIGHEST SLP M ON M
DPTR FM NORMAL     M    LOWEST  SLP M ON M

[REMARKS]
