000
CXUS53 KGRB 250747
CF6STE
PRELIMINARY LOCAL CLIMATOLOGICAL DATA (WS FORM: F-6)

                                          STATION:   STEVENS POINT WI
                                          MONTH:     APRIL
                                          YEAR:      2017
                                          LATITUDE:   44 32 N
                                          LONGITUDE:  89 32 W

  TEMPERATURE IN F:       :PCPN:    SNOW:  WIND      :SUNSHINE: SKY     :PK WND
================================================================================
1   2   3   4   5  6A  6B    7    8   9   10  11  12  13   14  15   16   17  18
                                     12Z  AVG MX 2MIN
DY MAX MIN AVG DEP HDD CDD  WTR  SNW DPTH SPD SPD DIR MIN PSBL S-S WX    SPD DR
================================================================================

 1  59  22  41   M  24   0 0.00  0.0    0  2.1 12 260   M    M   1         M  M
 2  53  26  40   M  25   0 0.00  0.0    0  4.7 10 170   M    M   7         M  M
 3  44  41  43   M  22   0 0.31    M    0  5.4  9  30   M    M  10 1       M  M
 4  58  32  45   M  20   0 0.27    M    0  7.4 14 310   M    M   5        27  40
 5  47  29  38   M  27   0 0.00  0.0    0  3.8 12  20   M    M   3         M  M
 6  50  32  41   M  24   0 0.00  0.0    0 13.7 21  10   M    M   0        29  10
 7  54  28  41   M  24   0 0.00  0.0    0  4.9  9 290   M    M   0        16 280
 8  68  26  47   M  18   0 0.00  0.0    0  7.8 17 190   M    M   1 8      24 190
 9  73  51  62   M   3   0 0.00  0.0    0  8.1 14 180   M    M   5 8      21 180
10  63  31  47   M  18   0 0.20    M    0 10.0 15  40   M    M  10 13     24  60
11  39  29  34   M  31   0 0.02    M    0  4.9 12 310   M    M   9        20 290
12  50  23  37   M  28   0 0.02    M    0  3.0  8 110   M    M   6         M  M
13  50  38  44   M  21   0 0.02    M    0  6.8 10  80   M    M   9 1       M  M
14  58  32  45   M  20   0 0.00  0.0    0  8.6 15 110   M    M   5        21 100
15  69  48  59   M   6   0 0.00  0.0    0  5.7 16 200   M    M   9 13     21 200
16  62  38  50   M  15   0 0.00  0.0    0  8.9 18 300   M    M   3 12     32 270
17  60  35  48   M  17   0 0.00  0.0    0  6.7 14  70   M    M   5        20  70
18  63  33  48   M  17   0 0.00  0.0    0 10.5 16 170   M    M   5        24 170
19  58  37  48   M  17   0 0.00  0.0    0 10.9 22 100   M    M   7 3      31 100
20  48  35  42   M  23   0 0.00  0.0    0 10.7 22  90   M    M  10 13     32  90
21  60  31  46   M  19   0 0.00  0.0    0  9.4 16 360   M    M   3        22 320
22  62  25  44   M  21   0 0.00  0.0    0  3.0 10 220   M    M   0         M  M
23  66  35  51   M  14   0 0.00  0.0    0  7.9 15 100   M    M   0        23 100
24  67  31  49   M  16   0 0.00  0.0    0  9.9 21 140   M    M   0        25 160
================================================================================
SM 1381  788       470   0  0.84     0.0 174.8          M      113
================================================================================
AV 57.5 32.8                               7.3 FASTST   M    M   5    MAX(MPH)
                                 MISC ---->  # 22 100               # 32  270
================================================================================
NOTES:
# LAST OF SEVERAL OCCURRENCES

COLUMN 17 PEAK WIND IN M.P.H.

PRELIMINARY LOCAL CLIMATOLOGICAL DATA (WS FORM: F-6) , PAGE 2

                                          STATION:  STEVENS POINT WI
                                          MONTH:    APRIL
                                          YEAR:     2017
                                          LATITUDE:   44 32 N
                                          LONGITUDE:  89 32 W

[TEMPERATURE DATA]      [PRECIPITATION DATA]       SYMBOLS USED IN COLUMN 16

AVERAGE MONTHLY: 45.2   TOTAL FOR MONTH:   0.84    1 = FOG OR MIST
DPTR FM NORMAL:     M   DPTR FM NORMAL:       M    2 = FOG REDUCING VISIBILITY
HIGHEST:    73 ON  9    GRTST 24HR  0.31 ON  3- 3      TO 1/4 MILE OR LESS
LOWEST:     22 ON  1                               3 = THUNDER
                        SNOW, ICE PELLETS, HAIL    4 = ICE PELLETS
                        TOTAL MONTH:   0.0 INCH    5 = HAIL
                        GRTST 24HR     0.0         6 = FREEZING RAIN OR DRIZZLE
                        GRTST DEPTH:   0           7 = DUSTSTORM OR SANDSTORM:
                                                       VSBY 1/2 MILE OR LESS
                                                   8 = SMOKE OR HAZE
[NO. OF DAYS WITH]      [WEATHER - DAYS WITH]      9 = BLOWING SNOW
                                                   X = TORNADO
MAX 32 OR BELOW:   0    0.01 INCH OR MORE:   6
MAX 90 OR ABOVE:   0    0.10 INCH OR MORE:   3
MIN 32 OR BELOW:  14    0.50 INCH OR MORE:   0
MIN  0 OR BELOW:   0    1.00 INCH OR MORE:   0

[HDD (BASE 65) ]
TOTAL THIS MO.   470    CLEAR  (SCALE 0-3)   9
DPTR FM NORMAL     M    PTCLDY (SCALE 4-7)   9
TOTAL FM JUL 1  7084    CLOUDY (SCALE 8-10)  6
DPTR FM NORMAL  6826

[CDD (BASE 65) ]
TOTAL THIS MO.     0
DPTR FM NORMAL     M    [PRESSURE DATA]
TOTAL FM JAN 1     0    HIGHEST SLP M ON M
DPTR FM NORMAL     0    LOWEST  SLP M ON M

[REMARKS]
