000
CXUS53 KMPX 011000
CF6STP
PRELIMINARY LOCAL CLIMATOLOGICAL DATA (WS FORM: F-6)

                                          STATION:   ST PAUL MN
                                          MONTH:     JULY
                                          YEAR:      2015
                                          LATITUDE:   44 55 N
                                          LONGITUDE:  93  4 W

  TEMPERATURE IN F:       :PCPN:    SNOW:  WIND      :SUNSHINE: SKY     :PK WND
================================================================================
1   2   3   4   5  6A  6B    7    8   9   10  11  12  13   14  15   16   17  18
                                     12Z  AVG MX 2MIN
DY MAX MIN AVG DEP HDD CDD  WTR  SNW DPTH SPD SPD DIR MIN PSBL S-S WX    SPD DR
================================================================================

 1  73  58  66  -7   0   1 0.00    M    M  3.4  9 110   M    M   0        13 120
 2  77  55  66  -7   0   1 0.00    M    M  2.8 10 150   M    M   0        13 150
 3  79  57  68  -5   0   3 0.00    M    M  4.3 14 220   M    M   0        18 210
 4  84  61  73  -1   0   8 0.00    M    M  4.6 13 180   M    M   1 18     17 160
 5  86  63  75   1   0  10    T    M    M 11.2 22 170   M    M   2 13     28 170
 6  76  58  67  -7   0   2 2.24    M    M 11.0 23 340   M    M   7 138    31 330
 7  72  52  62 -12   3   0 0.00    M    M  6.8 16  30   M    M   2        24  30
 8  74  54  64 -10   1   0 0.00    M    M  4.7 16 150   M    M   5        20 160
 9  81  57  69  -5   0   4 0.00    M    M  4.7 13 220   M    M   2 18     19 260
10  85  62  74   0   0   9 0.00    M    M  7.0 14 200   M    M   2        22 190
11  82  67  75   1   0  10    T    M    M  9.7 17 150   M    M   5        20 140
12  88  66  77   3   0  12 0.45    M    M 12.2 31  20   M    M   6 13     43  30
13  86  65  76   2   0  11 0.33    M    M  9.6 28 300   M    M   5 13     38 290
14  83  66  75   1   0  10 0.00    M    M  7.9 16  30   M    M   1        20  30
15  81  62  72  -2   0   7 0.00    M    M  8.1 14 160   M    M   4        18 170
16  72  66  69  -5   0   4 0.16    M    M  8.4 20 160   M    M   8 18     25 140
17  89  63  76   2   0  11 0.30    M    M  5.6 40 260   M    M   5 13     62 240
18  86  68  77   3   0  12 0.42    M    M 13.0 41 310   M    M   2 13     52 310
19  82  61  72  -2   0   7 0.00    M    M  8.4 22 250   M    M   0 18     27 220
20  80  64  72  -2   0   7 0.00    M    M 12.6 23 330   M    M   1        29 310
21  81  60  71  -3   0   6 0.00    M    M  6.9 15 300   M    M   1        20 340
22  82  63  73  -1   0   8 0.00    M    M  5.3 14 200   M    M   2        17 280
23  84  63  74   0   0   9 0.00    M    M  8.0 15 160   M    M   0        25 190
24  87  69  78   4   0  13 0.11    M    M 10.7 24 150   M    M   5 13     30 150
25  88  67  78   4   0  13 0.00    M    M  4.5 12 180   M    M   0        15 150
26  87  71  79   5   0  14    T    M    M  5.5 15 110   M    M   3        18 110
27  87  70  79   5   0  14 0.00    M    M  9.2 17 150   M    M   3        22 160
28  84  70  77   3   0  12 0.53    M    M 11.9 26 260   M    M   4 13     37 270
29  82  65  74   0   0   9 0.00    M    M 15.2 31 260   M    M   1        40 260
30  85  63  74   0   0   9 0.00    M    M  9.7 25 270   M    M   0        32 280
31  82  65  74   0   0   9 0.00    M    M 13.5 29 310   M    M   1        35 300
================================================================================
SM 2545 1951         4 245  4.54    M    256.4          M       78
================================================================================
AV 82.1 62.9                               8.3 FASTST   M    M   3    MAX(MPH)
                                 MISC ---->  # 41 310               # 62  240
================================================================================
NOTES:
# LAST OF SEVERAL OCCURRENCES

COLUMN 17 PEAK WIND IN M.P.H.

PRELIMINARY LOCAL CLIMATOLOGICAL DATA (WS FORM: F-6) , PAGE 2

                                          STATION:  ST PAUL MN
                                          MONTH:    JULY
                                          YEAR:     2015
                                          LATITUDE:   44 55 N
                                          LONGITUDE:  93  4 W

[TEMPERATURE DATA]      [PRECIPITATION DATA]       SYMBOLS USED IN COLUMN 16

AVERAGE MONTHLY: 72.5   TOTAL FOR MONTH:   4.54    1 = FOG OR MIST
DPTR FM NORMAL:  -1.4   DPTR FM NORMAL:    0.08    2 = FOG REDUCING VISIBILITY
HIGHEST:    89 ON 17    GRTST 24HR  2.24 ON  6- 6      TO 1/4 MILE OR LESS
LOWEST:     52 ON  7                               3 = THUNDER
                        SNOW, ICE PELLETS, HAIL    4 = ICE PELLETS
                        TOTAL MONTH:    M          5 = HAIL
                        GRTST 24HR    M  ON   M    6 = FREEZING RAIN OR DRIZZLE
                        GRTST DEPTH:  M  ON   M    7 = DUSTSTORM OR SANDSTORM:
                                                       VSBY 1/2 MILE OR LESS
                                                   8 = SMOKE OR HAZE
[NO. OF DAYS WITH]      [WEATHER - DAYS WITH]      9 = BLOWING SNOW
                                                   X = TORNADO
MAX 32 OR BELOW:   0    0.01 INCH OR MORE:   8
MAX 90 OR ABOVE:   0    0.10 INCH OR MORE:   8
MIN 32 OR BELOW:   0    0.50 INCH OR MORE:   2
MIN  0 OR BELOW:   0    1.00 INCH OR MORE:   1

[HDD (BASE 65) ]
TOTAL THIS MO.     4    CLEAR  (SCALE 0-3)  21
DPTR FM NORMAL     0    PTCLDY (SCALE 4-7)   9
TOTAL FM JUL 1     4    CLOUDY (SCALE 8-10)  1
DPTR FM NORMAL     0

[CDD (BASE 65) ]
TOTAL THIS MO.   245
DPTR FM NORMAL   -36    [PRESSURE DATA]
TOTAL FM JAN 1   387    HIGHEST SLP 30.17 ON  7
DPTR FM NORMAL  -101    LOWEST  SLP 29.57 ON 13

[REMARKS]
#FINAL-07-15#
