000
CXUS53 KGRB 260657
CF6SUE
PRELIMINARY LOCAL CLIMATOLOGICAL DATA (WS FORM: F-6)

                                          STATION:   STURGEON BAY WI
                                          MONTH:     MAY
                                          YEAR:      2014
                                          LATITUDE:   44 55 N
                                          LONGITUDE:  87 25 W

  TEMPERATURE IN F:       :PCPN:    SNOW:  WIND      :SUNSHINE: SKY     :PK WND
================================================================================
1   2   3   4   5  6A  6B    7    8   9   10  11  12  13   14  15   16   17  18
                                     12Z  AVG MX 2MIN
DY MAX MIN AVG DEP HDD CDD  WTR  SNW DPTH SPD SPD DIR MIN PSBL S-S WX    SPD DR
================================================================================

 1  48  39  44   M  21   0 0.06    M    0  6.5 14 330   M    M   9         M  M
 2  50  39  45   M  20   0 0.00  0.0    0  8.5 13 270   M    M  10        16 240
 3  54  41  48   M  17   0 0.00  0.0    0  8.6 18 280   M    M   8        27 280
 4  54  36  45   M  20   0 0.00  0.0    0 10.4 16 340   M    M   2        20 330
 5  50  34  42   M  23   0 0.08    M    0  4.7 12  10   M    M   5         M  M
 6  54  36  45   M  20   0 0.00  0.0    0  7.4 14  60   M    M   0        17  60
 7  46  43  45   M  20   0 0.00  0.0    M  9.4 12 130   M    M   7         M  M
 8  64  46  55   M  10   0 0.00  0.0    M  7.8 12 170   M    M   4 3      17 120
 9  72  50  61   M   4   0 0.03  0.0    0 15.5 25 220   M    M   7        36 220
10  70  46  58   M   7   0 0.00  0.0    0 12.1 18 260   M    M   1        25 260
11  63  46  55   M  10   0 0.00  0.0    0  7.6 13 160   M    M   7        18 160
12  57  43  50   M  15   0 0.85    M    0  6.3 14 120   M    M   9 3      17 130
13  59  46  53   M  12   0 0.00  0.0    0 10.3 17 270   M    M   5        25 280
14  55  43  49   M  16   0 0.00  0.0    0  6.5 14  50   M    M   1        17  50
15  45  37  41   M  24   0 0.00  0.0    0 13.8 22 350   M    M  10        32 360
16  46  34  40   M  25   0 0.00  0.0    0  7.9 12 320   M    M   5         M  M
17  55  34  45   M  20   0 0.00  0.0    0  7.3 16 170   M    M   4        27 160
18  68  46  57   M   8   0 0.00  0.0    0 10.3 15 160   M    M   5        20 220
19  64  48  56   M   9   0 0.49    M    0 12.9 24 160   M    M   5        28 160
20  64  46  55   M  10   0 0.25    M    0  8.2 18 120   M    M   5 3      32 120
21  77  46  62   M   3   0 0.00  0.0    0  6.8 16 260   M    M   2        21 260
22  61  46  54   M  11   0 0.00  0.0    0  5.8 13 340   M    M   7         M  M
23  66  43  55   M  10   0 0.00  0.0    0  5.6 14 360   M    M   1         M  M
24  72  50  61   M   4   0 0.00  0.0    0  8.4 13 170   M    M   0         M  M
25  75  55  65   M   0   0 0.00  0.0    0  9.6 15 170   M    M   0        22 170
================================================================================
SM 1489 1073       339   0  1.76     0.0 218.2          M      119
================================================================================
AV 59.6 42.9                               8.7 FASTST   M    M   5    MAX(MPH)
                                 MISC ---->    25   M                 36    M
================================================================================
NOTES:
# LAST OF SEVERAL OCCURRENCES

COLUMN 17 PEAK WIND IN M.P.H.

PRELIMINARY LOCAL CLIMATOLOGICAL DATA (WS FORM: F-6) , PAGE 2

                                          STATION:  STURGEON BAY WI
                                          MONTH:    MAY
                                          YEAR:     2014
                                          LATITUDE:   44 55 N
                                          LONGITUDE:  87 25 W

[TEMPERATURE DATA]      [PRECIPITATION DATA]       SYMBOLS USED IN COLUMN 16

AVERAGE MONTHLY: 51.2   TOTAL FOR MONTH:   1.76    1 = FOG OR MIST
DPTR FM NORMAL:     M   DPTR FM NORMAL:       M    2 = FOG REDUCING VISIBILITY
HIGHEST:    77 ON 21    GRTST 24HR  0.85 ON 12-12      TO 1/4 MILE OR LESS
LOWEST:     34 ON 17,16                            3 = THUNDER
                        SNOW, ICE PELLETS, HAIL    4 = ICE PELLETS
                        TOTAL MONTH:   0.0 INCH    5 = HAIL
                        GRTST 24HR     0.0         6 = FREEZING RAIN OR DRIZZLE
                        GRTST DEPTH:   0           7 = DUSTSTORM OR SANDSTORM:
                                                       VSBY 1/2 MILE OR LESS
                                                   8 = SMOKE OR HAZE
[NO. OF DAYS WITH]      [WEATHER - DAYS WITH]      9 = BLOWING SNOW
                                                   X = TORNADO
MAX 32 OR BELOW:   0    0.01 INCH OR MORE:   6
MAX 90 OR ABOVE:   0    0.10 INCH OR MORE:   3
MIN 32 OR BELOW:   0    0.50 INCH OR MORE:   1
MIN  0 OR BELOW:   0    1.00 INCH OR MORE:   0

[HDD (BASE 65) ]
TOTAL THIS MO.   339    CLEAR  (SCALE 0-3)   8
DPTR FM NORMAL     M    PTCLDY (SCALE 4-7)  12
TOTAL FM JUL 1  8769    CLOUDY (SCALE 8-10)  5
DPTR FM NORMAL  8531

[CDD (BASE 65) ]
TOTAL THIS MO.     0
DPTR FM NORMAL     M    [PRESSURE DATA]
TOTAL FM JAN 1     0    HIGHEST SLP M ON M
DPTR FM NORMAL     0    LOWEST  SLP M ON M

[REMARKS]
