000
CXUS55 KFSD 202117
CF6SUX
PRELIMINARY LOCAL CLIMATOLOGICAL DATA (WS FORM: F-6)

                                          STATION:   SIOUX CITY IA
                                          MONTH:     FEBRUARY
                                          YEAR:      2018
                                          LATITUDE:   42 24 N
                                          LONGITUDE:  96 23 W

  TEMPERATURE IN F:       :PCPN:    SNOW:  WIND      :SUNSHINE: SKY     :PK WND
================================================================================
1   2   3   4   5  6A  6B    7    8   9   10  11  12  13   14  15   16   17  18
                                     12Z  AVG MX 2MIN
DY MAX MIN AVG DEP HDD CDD  WTR  SNW DPTH SPD SPD DIR MIN PSBL S-S WX    SPD DR
================================================================================

 1  20   0  10 -12  55   0 0.00  0.0    7 13.7 28 340   M    M   1        32 340
 2  32  -3  15  -7  50   0 0.00  0.0    7  8.7 20 200   M    M   4        24 170
 3  42  17  30   8  35   0    T    T    7 13.1 29 360   M    M   8 6      33 320
 4  17  -1   8 -14  57   0    T    T    7 16.4 30 340   M    M   3        34 340
 5  16  -1   8 -14  57   0 0.30  3.2    7 12.4 25 350   M    M   7 12     30 320
 6  10  -7   2 -21  63   0 0.01  0.1   10  6.5 13 160   M    M   8 1      14 160
 7  14   0   7 -16  58   0 0.01  0.1   10  9.3 28 330   M    M   5 1      33 330
 8  18  11  15  -8  50   0 0.22  2.2   10  9.2 17  40   M    M   9 1      23  60
 9  14   5  10 -13  55   0 0.05  1.5   12 13.2 22  40   M    M   7 1      26  30
10   7 -12  -2 -26  67   0 0.00  0.0   13  6.0 17 330   M    M   3 1      22 330
11  17 -11   3 -21  62   0 0.00  0.0   13  3.5 12 300   M    M   0        13 300
12  14  -9   3 -21  62   0 0.00  0.0   10  7.8 17 120   M    M   3        20 120
13  33   9  21  -3  44   0 0.00  0.0   13 11.0 21 210   M    M   2        25 190
14  44  15  30   5  35   0 0.00  0.0   12  9.9 16 220   M    M   0 1      20 220
15  37  14  26   1  39   0    T    T   10 13.5 31 330   M    M   4 1      36 340
16  27   4  16  -9  49   0 0.00  0.0   10 12.5 31 330   M    M   0        37 330
17  36  18  27   1  38   0 0.08  1.0   10  7.5 25 330   M    M   4 1      29 330
18  48  19  34   8  31   0 0.00  0.0   10 17.1 37 180   M    M   1        46 180
19  30  18  24  -2  41   0 0.04    T    8 16.2 28 360   M    M  10 16     34  10
================================================================================
SM  476   86       948   0  0.71     8.1 207.5          M       79
================================================================================
AV 25.1  4.5                              10.9 FASTST   M    M   4    MAX(MPH)
                                 MISC ---->  # 37 180               # 46  180
================================================================================
NOTES:
# LAST OF SEVERAL OCCURRENCES

COLUMN 17 PEAK WIND IN M.P.H.

PRELIMINARY LOCAL CLIMATOLOGICAL DATA (WS FORM: F-6) , PAGE 2

                                          STATION:  SIOUX CITY IA
                                          MONTH:    FEBRUARY
                                          YEAR:     2018
                                          LATITUDE:   42 24 N
                                          LONGITUDE:  96 23 W

[TEMPERATURE DATA]      [PRECIPITATION DATA]       SYMBOLS USED IN COLUMN 16

AVERAGE MONTHLY: 14.8   TOTAL FOR MONTH:   0.71    1 = FOG OR MIST
DPTR FM NORMAL:  -8.9   DPTR FM NORMAL:    0.31    2 = FOG REDUCING VISIBILITY
HIGHEST:    48 ON 18    GRTST 24HR  0.30 ON  5- 5      TO 1/4 MILE OR LESS
LOWEST:    -12 ON 10                               3 = THUNDER
                        SNOW, ICE PELLETS, HAIL    4 = ICE PELLETS
                        TOTAL MONTH:   8.1 INCHES  5 = HAIL
                        GRTST 24HR   3.2 ON  5- 5  6 = FREEZING RAIN OR DRIZZLE
                        GRTST DEPTH:  13 ON 13,11  7 = DUSTSTORM OR SANDSTORM:
                                                       VSBY 1/2 MILE OR LESS
                                                   8 = SMOKE OR HAZE
[NO. OF DAYS WITH]      [WEATHER - DAYS WITH]      9 = BLOWING SNOW
                                                   X = TORNADO
MAX 32 OR BELOW:  13    0.01 INCH OR MORE:   7
MAX 90 OR ABOVE:   0    0.10 INCH OR MORE:   2
MIN 32 OR BELOW:  19    0.50 INCH OR MORE:   0
MIN  0 OR BELOW:   9    1.00 INCH OR MORE:   0

[HDD (BASE 65) ]
TOTAL THIS MO.   948    CLEAR  (SCALE 0-3)   8
DPTR FM NORMAL   163    PTCLDY (SCALE 4-7)   9
TOTAL FM JUL 1  4956    CLOUDY (SCALE 8-10)  2
DPTR FM NORMAL    -5

[CDD (BASE 65) ]
TOTAL THIS MO.     0
DPTR FM NORMAL     0    [PRESSURE DATA]
TOTAL FM JAN 1     0    HIGHEST SLP M ON M
DPTR FM NORMAL     0    LOWEST  SLP 29.52 ON 18

[REMARKS]
