000
CXUS55 KFSD 011756
CF6SUX

PRELIMINARY LOCAL CLIMATOLOGICAL DATA (WS FORM: F-6)

                                          STATION:   SIOUX CITY IA
                                          MONTH:     APRIL
                                          YEAR:      2016
                                          LATITUDE:   42 24 N
                                          LONGITUDE:  96 23 W

  TEMPERATURE IN F:       :PCPN:    SNOW:  WIND      :SUNSHINE: SKY     :PK WND
================================================================================
1   2   3   4   5  6A  6B    7    8   9   10  11  12  13   14  15   16   17  18
                                     12Z  AVG MX 2MIN
DY MAX MIN AVG DEP HDD CDD  WTR  SNW DPTH SPD SPD DIR MIN PSBL S-S WX    SPD DR
================================================================================

 1  46  32  39  -5  26   0 0.02  0.0    0 16.0 26 330   M    M   7        32 330
 2  53  35  44   0  21   0 0.00  0.0    0 13.9 30 330   M    M   0        39 320
 3  80  36  58  14   7   0 0.00  0.0    0 16.7 32 290   M    M   1        42 280
 4  57  36  47   2  18   0 0.00  0.0    0  9.0 16 360   M    M   0        20  20
 5  68  39  54   9  11   0    T  0.0    0 13.6 30 170   M    M   4        38 160
 6  53  35  44  -2  21   0    T  0.0    0 20.7 37 320   M    M   6        46 290
 7  51  30  41  -5  24   0 0.01  0.0    0 19.5 46 340   M    M   5        54 340
 8  50  27  39  -7  26   0 0.00  0.0    0 16.3 31 320   M    M   2        39 350
 9  57  19  38  -9  27   0 0.00  0.0    0 15.0 29 180   M    M   0        37 190
10  64  41  53   6  12   0    T  0.0    0 13.1 28 360   M    M   3        32  10
11  51  26  39  -9  26   0 0.00  0.0    0 12.6 26 360   M    M   0        34 360
12  69  25  47  -1  18   0 0.00  0.0    0 15.4 30 190   M    M   4        37 210
13  80  46  63  14   2   0 0.00  0.0    0 13.6 24 200   M    M   2        30 200
14  78  51  65  16   0   0 0.00  0.0    0 13.9 26 170   M    M   0        33 170
15  78  48  63  14   2   0 0.00  0.0    0 16.7 32 170   M    M   2        39 160
16  75  52  64  14   1   0 0.00  0.0    0 12.9 24 170   M    M   7        33 160
17  77  49  63  13   2   0 0.10  0.0    0 12.9 24 170   M    M   7 1      30 180
18  55  47  51   0  14   0 0.31  0.0    0  8.8 17 260   M    M  10 1      22 280
19  65  36  51   0  14   0 0.00  0.0    0  5.1 13 320   M    M   6 1      17 350
20  56  47  52   0  13   0 2.05  0.0    0  9.5 21  10   M    M   9 1      25  30
21  71  48  60   8   5   0 0.12  0.0    0 13.0 24 360   M    M   8 1      29  10
22  66  37  52   0  13   0 0.00  0.0    0  5.8 12 340   M    M   0        15 360
23  78  46  62   9   3   0 0.00  0.0    0 15.7 30 160   M    M   0 1      37 170
24  73  56  65  12   0   0 0.20  0.0    0 14.5 28 180   M    M   3 3      35 180
25  66  47  57   3   8   0 0.00  0.0    0 10.9 18 260   M    M   5        22 320
26  69  42  56   2   9   0 0.03  0.0    0 12.5 24  60   M    M   4 3      30  60
27  54  45  50  -4  15   0 1.35  0.0    0 19.2 30  90   M    M  10 1      40  90
28  48  44  46  -9  19   0 0.03  0.0    0 10.1 21  40   M    M  10 1      26  50
29  49  43  46  -9  19   0    T  0.0    0  9.2 17  90   M    M  10 1      22  90
30  49  45  47  -8  18   0 1.59  0.0    0 18.5 29  70   M    M  10 1      37  70
================================================================================
SM 1886 1210       394   0  5.81     0.0 404.6          M      135
================================================================================
AV 62.9 40.3                              13.5 FASTST   M    M   5    MAX(MPH)
                                 MISC ---->  # 46 340               # 54  340
================================================================================
NOTES:
# LAST OF SEVERAL OCCURRENCES
-COLUMN 17 PEAK WIND IN M.P.H.
-PRECIPITATION AMOUNTS IN COLUMNS 7,8,AND 9 ARE THE OFFICIAL PRECIPITATION
 AMOUNTS FOR SIOUX CITY, IA.
-SNOW DEPTH IN COLUMN 9 IS RECORDED AT 6AM CST (12Z).

PRELIMINARY LOCAL CLIMATOLOGICAL DATA (WS FORM: F-6) , PAGE 2

                                          STATION:  SIOUX CITY IA
                                          MONTH:    APRIL
                                          YEAR:     2016
                                          LATITUDE:   42 24 N
                                          LONGITUDE:  96 23 W

[TEMPERATURE DATA]      [PRECIPITATION DATA]       SYMBOLS USED IN COLUMN 16

AVERAGE MONTHLY: 51.6   TOTAL FOR MONTH:   5.81    1 = FOG OR MIST
DPTR FM NORMAL:   2.0   DPTR FM NORMAL:    2.86    2 = FOG REDUCING VISIBILITY
HIGHEST:    80 ON 13, 3 GRTST 24HR  2.08 ON 20-21      TO 1/4 MILE OR LESS
LOWEST:     19 ON  9                               3 = THUNDER
                        SNOW, ICE PELLETS, HAIL    4 = ICE PELLETS
                        TOTAL MONTH:   0.0 INCH    5 = HAIL
                        GRTST 24HR     0.0         6 = FREEZING RAIN OR DRIZZLE
                        GRTST DEPTH:   0           7 = DUSTSTORM OR SANDSTORM:
                                                       VSBY 1/2 MILE OR LESS
                                                   8 = SMOKE OR HAZE
[NO. OF DAYS WITH]      [WEATHER - DAYS WITH]      9 = BLOWING SNOW
                                                   X = TORNADO
MAX 32 OR BELOW:   0    0.01 INCH OR MORE:  11
MAX 90 OR ABOVE:   0    0.10 INCH OR MORE:   7
MIN 32 OR BELOW:   6    0.50 INCH OR MORE:   3
MIN  0 OR BELOW:   0    1.00 INCH OR MORE:   3

[HDD (BASE 65) ]
TOTAL THIS MO.   394    CLEAR  (SCALE 0-3)  13
DPTR FM NORMAL   -80    PTCLDY (SCALE 4-7)  11
TOTAL FM JUL 1  5486    CLOUDY (SCALE 8-10)  6
DPTR FM NORMAL -1166

[CDD (BASE 65) ]
TOTAL THIS MO.     0
DPTR FM NORMAL   -11    [PRESSURE DATA]
TOTAL FM JAN 1     0    HIGHEST SLP 30.34 ON 12
DPTR FM NORMAL   -11    LOWEST  SLP 29.45 ON 24

[REMARKS]

RECORD MAXIMUM DAILY PRECIPITATION WAS ESTABLISHED ON THE 20TH WITH 2.05 INCHES.
THE PREVIOUS RECORD WAS 1.10 INCHES SET IN 1972.

RECORD MAXIMUM DAILY PRECIPITATION WAS ESTABLISHED ON THE 27TH WITH 1.35 INCHES.
THE PREVIOUS RECORD WAS 1.21 INCHES SET IN 1955.

RECORD MAXIMUM DAILY PRECIPITATION WAS ESTABLISHED ON THE 30TH WITH 1.59 INCHES.
THE PREVIOUS RECORD WAS 1.23 INCHES SET IN 2003.

#FINAL-04-16#
