000
CXUS54 KEPZ 241202
CF6SVC
PRELIMINARY LOCAL CLIMATOLOGICAL DATA (WS FORM: F-6)

                                          STATION:   SILVER CITY
                                          MONTH:     OCTOBER
                                          YEAR:      2014
                                          LATITUDE:   32 37 N
                                          LONGITUDE: 108 10 W

  TEMPERATURE IN F:       :PCPN:    SNOW:  WIND      :SUNSHINE: SKY     :PK WND
================================================================================
1   2   3   4   5  6A  6B    7    8   9   10  11  12  13   14  15   16   17  18
                                     12Z  AVG MX 2MIN
DY MAX MIN AVG DEP HDD CDD  WTR  SNW DPTH SPD SPD DIR MIN PSBL S-S WX    SPD DR
================================================================================

 1  75  45  60   M   5   0 0.00  0.0    0 11.8 21 290   M    M   0        24 300
 2  77  48  63   M   2   0 0.00  0.0    0  8.5 20 340   M    M   0        23 340
 3  77  45  61   M   4   0 0.00  0.0    0  6.9 12 360   M    M   0         M  M
 4  81  48  65   M   0   0 0.00  0.0    0 10.7 20 290   M    M   0        25 290
 5  81  48  65   M   0   0 0.00  0.0    0 12.5 22 290   M    M   0        29 310
 6  77  54  66   M   0   1 0.00  0.0    0  9.6 15 310   M    M   0         M  M
 7  79  54  67   M   0   2 0.00  0.0    0 11.7 17 310   M    M   0        18 300
 8  75  55  65   M   0   0 0.24  0.0    0 11.1 18  10   M    M   5        24  10
 9  72  54  63   M   2   0 0.00  0.0    0  8.3 24 290   M    M   5        30 290
10  73  50  62   M   3   0 0.02  0.0    0  9.7 22  50   M    M   1 3      29  50
11  72  45  59   M   6   0 0.00  0.0    0  7.3 13 360   M    M   0 3      16 190
12  73  46  60   M   5   0 0.00  0.0    0 18.0 39 290   M    M   0        48 290
13  68  41  55   M  10   0 0.00  0.0    0  7.4 14 340   M    M   0        17 190
14  72  39  56   M   9   0 0.00  0.0    0  5.8 12 160   M    M   0 8       M  M
15  75  41  58   M   7   0 0.00  0.0    0  7.2 10 360   M    M   0 8       M  M
16  79  52  66   M   0   1 0.00  0.0    M 11.3 17 300   M    M   0        22 300
17  77  48  63   M   2   0 0.00  0.0    0 10.0 21 280   M    M   1        28 280
18  75  46  61   M   4   0 0.09    M    0 10.0 17 130   M    M   1 3      23 130
19  66  52  59   M   6   0 0.09  0.0    0  9.6 18  80   M    M   4 3      30  80
20  66  46  56   M   9   0 0.04    M    0  7.7 15 120   M    M   3        20 120
21  66  48  57   M   8   0 0.00  0.0    0  5.7 12 160   M    M   4        17 160
22  72  46  59   M   6   0 0.00  0.0    0  5.5  9  10   M    M   0         M  M
23  75  46  61   M   4   0 0.00  0.0    0  7.0 12 340   M    M   0 8       M  M
================================================================================
SM 1703 1097        92   4  0.48     0.0 213.3          M       24
================================================================================
AV 74.0 47.7                               9.3 FASTST   M    M   1    MAX(MPH)
                                 MISC ---->    39   M                 48    M
================================================================================
NOTES:
# LAST OF SEVERAL OCCURRENCES

COLUMN 17 PEAK WIND IN M.P.H.

PRELIMINARY LOCAL CLIMATOLOGICAL DATA (WS FORM: F-6) , PAGE 2

                                          STATION:  SILVER CITY
                                          MONTH:    OCTOBER
                                          YEAR:     2014
                                          LATITUDE:   32 37 N
                                          LONGITUDE: 108 10 W

[TEMPERATURE DATA]      [PRECIPITATION DATA]       SYMBOLS USED IN COLUMN 16

AVERAGE MONTHLY: 60.9   TOTAL FOR MONTH:   0.48    1 = FOG OR MIST
DPTR FM NORMAL:     M   DPTR FM NORMAL:       M    2 = FOG REDUCING VISIBILITY
HIGHEST:    81 ON  5, 4 GRTST 24HR  0.24 ON  8- 8      TO 1/4 MILE OR LESS
LOWEST:     39 ON 14                               3 = THUNDER
                        SNOW, ICE PELLETS, HAIL    4 = ICE PELLETS
                        TOTAL MONTH:   0.0 INCH    5 = HAIL
                        GRTST 24HR     0.0         6 = FREEZING RAIN OR DRIZZLE
                        GRTST DEPTH:   0           7 = DUSTSTORM OR SANDSTORM:
                                                       VSBY 1/2 MILE OR LESS
                                                   8 = SMOKE OR HAZE
[NO. OF DAYS WITH]      [WEATHER - DAYS WITH]      9 = BLOWING SNOW
                                                   X = TORNADO
MAX 32 OR BELOW:   0    0.01 INCH OR MORE:   5
MAX 90 OR ABOVE:   0    0.10 INCH OR MORE:   1
MIN 32 OR BELOW:   0    0.50 INCH OR MORE:   0
MIN  0 OR BELOW:   0    1.00 INCH OR MORE:   0

[HDD (BASE 65) ]
TOTAL THIS MO.    92    CLEAR  (SCALE 0-3)  18
DPTR FM NORMAL     M    PTCLDY (SCALE 4-7)   5
TOTAL FM JUL 1    98    CLOUDY (SCALE 8-10)  0
DPTR FM NORMAL     M

[CDD (BASE 65) ]
TOTAL THIS MO.     4
DPTR FM NORMAL     M    [PRESSURE DATA]
TOTAL FM JAN 1  1137    HIGHEST SLP M ON M
DPTR FM NORMAL     M    LOWEST  SLP M ON M

[REMARKS]
