000
CXUS54 KOUN 270700
CF6SWO
PRELIMINARY LOCAL CLIMATOLOGICAL DATA (WS FORM: F-6)

                                          STATION:   STILLWATER
                                          MONTH:     MARCH
                                          YEAR:      2017
                                          LATITUDE:   36 10 N
                                          LONGITUDE:  97  5 W

  TEMPERATURE IN F:       :PCPN:    SNOW:  WIND      :SUNSHINE: SKY     :PK WND
================================================================================
1   2   3   4   5  6A  6B    7    8   9   10  11  12  13   14  15   16   17  18
                                     12Z  AVG MX 2MIN
DY MAX MIN AVG DEP HDD CDD  WTR  SNW DPTH SPD SPD DIR MIN PSBL S-S WX    SPD DR
================================================================================

 1  60  31  46   1  19   0 0.00  0.0    0 11.3 30 350   M    M   0        40 350
 2  65  22  44  -2  21   0 0.00  0.0    0  5.2 17 240   M    M   0        22 240
 3  71  30  51   5  14   0 0.00  0.0    0 10.0 25 200   M    M   0        33 230
 4  70  40  55   9  10   0 0.00  0.0    0 17.1 31 180   M    M   4        39 170
 5  62  52  57  11   8   0    T  0.0    0 18.7 26 190   M    M  10 1      33 190
 6  81  54  68  21   0   3 0.00  0.0    0 21.8 40 200   M    M   7 3      49 220
 7  65  34  50   3  15   0 0.00  0.0    0  7.7 18 350   M    M   1 8      25 330
 8  77  34  56   8   9   0 0.00  0.0    0 10.7 28 200   M    M   0        35 210
 9  86  53  70  22   0   5 0.00  0.0    0 11.3 24 230   M    M   0        30  50
10  60  40  50   2  15   0 0.00  0.0    0 15.3 28  60   M    M   4        34  40
11  49  30  40  -8  25   0 0.19  0.0    0 11.2 17  40   M    M   9 13     23  50
12  47  25  36 -13  29   0 0.00  0.0    0  4.6 18 150   M    M   7        22 150
13  46  29  38 -11  27   0    T  0.0    0 12.6 29 350   M    M   1        41 340
14  48  26  37 -12  28   0 0.00  0.0    0  7.7 15  40   M    M   2        20  30
15  57  28  43  -7  22   0 0.00  0.0    0  9.5 14 160   M    M   0        19 160
16  76  42  59   9   6   0 0.00  0.0    0 16.2 28 170   M    M   1        37 190
17  81  54  68  18   0   3 0.00  0.0    0  7.6 15 360   M    M   3 12     19 360
18  81  48  65  14   0   0 0.00  0.0    0  9.9 18  80   M    M   2        23  70
19  91  59  75  24   0  10 0.00  0.0    0 13.8 26 190   M    M   0 1      34 180
20  94  63  79  28   0  14 0.00  0.0    0 11.4 18 220   M    M   0        24 220
21  82  55  69  17   0   4 0.00  0.0    0 11.6 25  30   M    M   2 8      32  30
22  71  53  62  10   3   0 0.00  0.0    0 13.6 22  70   M    M   9        29  50
23  86  56  71  19   0   6 0.00  0.0    0 21.5 35 170   M    M   2        49 160
24  81  56  69  17   0   4 0.03  0.0    0 17.3 31 200   M    M   7        41 190
25  56  39  48  -5  17   0 0.02  0.0    0  9.3 23 310   M    M   7 1      34 310
26  75  35  55   2  10   0 0.00  0.0    0 10.9 29 140   M    M   1 1      35 140
================================================================================
SM 1818 1088       278  49  0.24     0.0 317.8          M       79
================================================================================
AV 69.9 41.9                              12.2 FASTST   M    M   3    MAX(MPH)
                                 MISC ---->  # 40 200               # 49  220
================================================================================
NOTES:
# LAST OF SEVERAL OCCURRENCES

COLUMN 17 PEAK WIND IN M.P.H.

PRELIMINARY LOCAL CLIMATOLOGICAL DATA (WS FORM: F-6) , PAGE 2

                                          STATION:  STILLWATER
                                          MONTH:    MARCH
                                          YEAR:     2017
                                          LATITUDE:   36 10 N
                                          LONGITUDE:  97  5 W

[TEMPERATURE DATA]      [PRECIPITATION DATA]       SYMBOLS USED IN COLUMN 16

AVERAGE MONTHLY: 55.9   TOTAL FOR MONTH:   0.24    1 = FOG OR MIST
DPTR FM NORMAL:   6.7   DPTR FM NORMAL:   -2.38    2 = FOG REDUCING VISIBILITY
HIGHEST:    94 ON 20    GRTST 24HR  0.19 ON 11-11      TO 1/4 MILE OR LESS
LOWEST:     22 ON  2                               3 = THUNDER
                        SNOW, ICE PELLETS, HAIL    4 = ICE PELLETS
                        TOTAL MONTH:   0.0 INCH    5 = HAIL
                        GRTST 24HR     0.0         6 = FREEZING RAIN OR DRIZZLE
                        GRTST DEPTH:   0           7 = DUSTSTORM OR SANDSTORM:
                                                       VSBY 1/2 MILE OR LESS
                                                   8 = SMOKE OR HAZE
[NO. OF DAYS WITH]      [WEATHER - DAYS WITH]      9 = BLOWING SNOW
                                                   X = TORNADO
MAX 32 OR BELOW:   0    0.01 INCH OR MORE:   3
MAX 90 OR ABOVE:   2    0.10 INCH OR MORE:   1
MIN 32 OR BELOW:   8    0.50 INCH OR MORE:   0
MIN  0 OR BELOW:   0    1.00 INCH OR MORE:   0

[HDD (BASE 65) ]
TOTAL THIS MO.   278    CLEAR  (SCALE 0-3)  17
DPTR FM NORMAL  -139    PTCLDY (SCALE 4-7)   6
TOTAL FM JUL 1  2678    CLOUDY (SCALE 8-10)  3
DPTR FM NORMAL  -793

[CDD (BASE 65) ]
TOTAL THIS MO.    49
DPTR FM NORMAL    49    [PRESSURE DATA]
TOTAL FM JAN 1    56    HIGHEST SLP M ON M
DPTR FM NORMAL    55    LOWEST  SLP 29.56 ON  6

[REMARKS]
