000
CXUS54 KEPZ 291200
CF6TCS
PRELIMINARY LOCAL CLIMATOLOGICAL DATA (WS FORM: F-6)

                                          STATION:   TRUTH OR CONSEQUENCES
                                          MONTH:     MARCH
                                          YEAR:      2015
                                          LATITUDE:   33 13 N
                                          LONGITUDE: 107 16 W

  TEMPERATURE IN F:       :PCPN:    SNOW:  WIND      :SUNSHINE: SKY     :PK WND
================================================================================
1   2   3   4   5  6A  6B    7    8   9   10  11  12  13   14  15   16   17  18
                                     12Z  AVG MX 2MIN
DY MAX MIN AVG DEP HDD CDD  WTR  SNW DPTH SPD SPD DIR MIN PSBL S-S WX    SPD DR
================================================================================

 1  69  48  59  10   6   0 0.00  0.0    0 11.6 29 190   M    M   0        37 180
 2  63  52  58   9   7   0    T  0.0    0 14.8 33 210   M    M   5        42 190
 3  63  39  51   2  14   0 0.06    M    0  9.1 30 210   M    M   5 1      41 190
 4  54  33  44  -6  21   0    T    M    0  6.7 20 320   M    M   3        25 330
 5  53  26  40 -10  25   0 0.00  0.0    0  6.4 15  20   M    M   0        19  30
 6  62  27  45  -5  20   0 0.00  0.0    0  5.0 12 120   M    M   0        15 120
 7  60  32  46  -4  19   0 0.00  0.0    0  5.4 13  40   M    M   0        14  40
 8  70  40  55   5  10   0 0.00  0.0    0  6.0 15 280   M    M   3        19 310
 9  65  42  54   3  11   0 0.00  0.0    0  7.4 16 220   M    M   1 8      22  10
10  68  37  53   2  12   0 0.00  0.0    0  5.0 13 100   M    M   0        18 320
11  70  39  55   4  10   0 0.00  0.0    0  5.2 13 110   M    M   0 8      16 120
12  67  42  55   4  10   0 0.00  0.0    0  7.5 20 310   M    M   0 8      24 320
13  70  48  59   7   6   0 0.00  0.0    0 11.6 24  40   M    M   4        32  40
14  66  43  55   3  10   0 0.00  0.0    0  9.9 20  30   M    M   3        26  20
15  67  37  52   0  13   0 0.00  0.0    0  5.7 14 140   M    M   0        19 160
16  71  39  55   3  10   0 0.00  0.0    0  6.5 13 180   M    M   0        21 180
17  61  50  56   4   9   0 0.07  0.0    0  7.9 24  30   M    M   9 1      31  30
18  61  46  54   1  11   0 0.16  0.0    0  8.0 20 300   M    M   8 1      26 300
19  62  46  54   1  11   0 0.07  0.0    0  5.3 17 310   M    M   7 1      22 310
20  62  44  53   0  12   0 0.01  0.0    0  9.1 18  10   M    M   5        23  30
21  69  42  56   3   9   0    T  0.0    0  5.6 18 170   M    M   3        24 180
22  76  44  60   7   5   0 0.00  0.0    0  6.5 16 280   M    M   0        19 280
23  76  47  62   8   3   0 0.00  0.0    0  8.2 22 230   M    M   0        28 260
24  78  48  63   9   2   0 0.00  0.0    0 10.5 26 170   M    M   0        40 240
25  74  47  61   7   4   0 0.00  0.0    0 12.3 24  20   M    M   0        32  30
26  67  41  54   0  11   0 0.00  0.0    0  8.9 24  20   M    M   0        32  20
27  78  42  60   6   5   0 0.00  0.0    0  6.2 16 190   M    M   0        21 170
28  86  52  69  14   0   4 0.00  0.0    0  7.7 20 200   M    M   0        25 190
================================================================================
SM 1888 1173       286   4  0.37     0.0 220.0          M       56
================================================================================
AV 67.4 41.9                               7.9 FASTST   M    M   2    MAX(MPH)
                                 MISC ---->  # 33 210               # 42  190
================================================================================
NOTES:
# LAST OF SEVERAL OCCURRENCES

COLUMN 17 PEAK WIND IN M.P.H.

PRELIMINARY LOCAL CLIMATOLOGICAL DATA (WS FORM: F-6) , PAGE 2

                                          STATION:  TRUTH OR CONSEQUENCES
                                          MONTH:    MARCH
                                          YEAR:     2015
                                          LATITUDE:   33 13 N
                                          LONGITUDE: 107 16 W

[TEMPERATURE DATA]      [PRECIPITATION DATA]       SYMBOLS USED IN COLUMN 16

AVERAGE MONTHLY: 54.7   TOTAL FOR MONTH:   0.37    1 = FOG OR MIST
DPTR FM NORMAL:   2.8   DPTR FM NORMAL:    0.07    2 = FOG REDUCING VISIBILITY
HIGHEST:    86 ON 28    GRTST 24HR  0.16 ON 18-18      TO 1/4 MILE OR LESS
LOWEST:     26 ON  5                               3 = THUNDER
                        SNOW, ICE PELLETS, HAIL    4 = ICE PELLETS
                        TOTAL MONTH:   0.0 INCH    5 = HAIL
                        GRTST 24HR     0.0         6 = FREEZING RAIN OR DRIZZLE
                        GRTST DEPTH:   0           7 = DUSTSTORM OR SANDSTORM:
                                                       VSBY 1/2 MILE OR LESS
                                                   8 = SMOKE OR HAZE
[NO. OF DAYS WITH]      [WEATHER - DAYS WITH]      9 = BLOWING SNOW
                                                   X = TORNADO
MAX 32 OR BELOW:   0    0.01 INCH OR MORE:   5
MAX 90 OR ABOVE:   0    0.10 INCH OR MORE:   1
MIN 32 OR BELOW:   3    0.50 INCH OR MORE:   0
MIN  0 OR BELOW:   0    1.00 INCH OR MORE:   0

[HDD (BASE 65) ]
TOTAL THIS MO.   286    CLEAR  (SCALE 0-3)  21
DPTR FM NORMAL   -84    PTCLDY (SCALE 4-7)   5
TOTAL FM JUL 1  2583    CLOUDY (SCALE 8-10)  2
DPTR FM NORMAL  -441

[CDD (BASE 65) ]
TOTAL THIS MO.     4
DPTR FM NORMAL     4    [PRESSURE DATA]
TOTAL FM JAN 1     4    HIGHEST SLP M ON M
DPTR FM NORMAL     4    LOWEST  SLP 29.69 ON  3

[REMARKS]
