000
CXUS54 KEPZ 281200
CF6TCS
PRELIMINARY LOCAL CLIMATOLOGICAL DATA (WS FORM: F-6)

                                          STATION:   TRUTH OR CONSEQUENCES
                                          MONTH:     APRIL
                                          YEAR:      2017
                                          LATITUDE:   33 13 N
                                          LONGITUDE: 107 16 W

  TEMPERATURE IN F:       :PCPN:    SNOW:  WIND      :SUNSHINE: SKY     :PK WND
================================================================================
1   2   3   4   5  6A  6B    7    8   9   10  11  12  13   14  15   16   17  18
                                     12Z  AVG MX 2MIN
DY MAX MIN AVG DEP HDD CDD  WTR  SNW DPTH SPD SPD DIR MIN PSBL S-S WX    SPD DR
================================================================================

 1  56  40  48  -8  17   0    T  0.0    0  7.4 20 200   M    M   6 3      27 160
 2  65  33  49  -7  16   0 0.00  0.0    0  6.3 13 120   M    M   1        17 100
 3  76  45  61   5   4   0 0.00  0.0    0 10.6 28 250   M    M   0        34 240
 4  64  43  54  -2  11   0    T  0.0    0 18.4 36 310   M    M   1 8      47 310
 5  66  37  52  -5  13   0 0.00  0.0    0  6.0 13 320   M    M   0        17 310
 6  76  40  58   1   7   0 0.00  0.0    0  7.5 17 170   M    M   0        21 200
 7  85  46  66   9   0   1 0.00  0.0    0 10.2 20 260   M    M   0        27 160
 8  83  50  67  10   0   2 0.00  0.0    0 11.4 24 250   M    M   0        33 230
 9  77  53  65   7   0   0 0.00  0.0    0 11.0 22 260   M    M   0        30 270
10  74  44  59   1   6   0 0.00  0.0    0  7.1 18 180   M    M   0        21 190
11  80  43  62   4   3   0 0.00  0.0    0  7.1 22 170   M    M   0        27 170
12  84  53  69  11   0   4 0.00  0.0    0  7.2 18 180   M    M   1        27 190
13  82  45  64   5   1   0 0.00  0.0    0  8.6 25 190   M    M   0        33 190
14  86  54  70  11   0   5 0.00  0.0    0  8.9 30 200   M    M   0        39 200
15  84  51  68   9   0   3 0.00  0.0    0  8.8 21 180   M    M   0        26 170
16  84  50  67   7   0   2 0.00  0.0    0  8.3 20 170   M    M   0        26 170
17  85  54  70  10   0   5 0.00  0.0    0  9.2 17 310   M    M   0        23 300
18  88  55  72  12   0   7 0.00  0.0    0  8.3 20 250   M    M   0        27 250
19  89  59  74  14   0   9 0.00  0.0    0 10.6 20 250   M    M   0        27 310
20  89  56  73  12   0   8 0.00  0.0    0 11.3 31 190   M    M   0 8      40 190
21  86  54  70   9   0   5 0.00  0.0    0  9.8 21 300   M    M   0        26 150
22  78  50  64   3   1   0 0.00  0.0    0 10.5 23  10   M    M   0        32  20
23  79  47  63   1   2   0 0.00  0.0    0 10.5 28 190   M    M   0        39 170
24  87  51  69   7   0   4 0.00  0.0    0 11.4 26 240   M    M   0        34 240
25  77  53  65   3   0   0 0.00  0.0    0 16.9 33 280   M    M   2        46 310
26  75  48  62  -1   3   0 0.00  0.0    0  8.6 22 300   M    M   0        29 300
27  86  48  67   4   0   2 0.00  0.0    0 10.7 28 280   M    M   0        40 280
================================================================================
SM 2141 1302        84  57    T      0.0 262.6          M       11
================================================================================
AV 79.3 48.2                               9.7 FASTST   M    M   0    MAX(MPH)
                                 MISC ---->  # 36 310               # 47  310
================================================================================
NOTES:
# LAST OF SEVERAL OCCURRENCES

COLUMN 17 PEAK WIND IN M.P.H.

PRELIMINARY LOCAL CLIMATOLOGICAL DATA (WS FORM: F-6) , PAGE 2

                                          STATION:  TRUTH OR CONSEQUENCES
                                          MONTH:    APRIL
                                          YEAR:     2017
                                          LATITUDE:   33 13 N
                                          LONGITUDE: 107 16 W

[TEMPERATURE DATA]      [PRECIPITATION DATA]       SYMBOLS USED IN COLUMN 16

AVERAGE MONTHLY: 63.8   TOTAL FOR MONTH:      T    1 = FOG OR MIST
DPTR FM NORMAL:   4.6   DPTR FM NORMAL:   -0.26    2 = FOG REDUCING VISIBILITY
HIGHEST:    89 ON 20,19 GRTST 24HR    T  ON  4- 4      TO 1/4 MILE OR LESS
LOWEST:     33 ON  2                               3 = THUNDER
                        SNOW, ICE PELLETS, HAIL    4 = ICE PELLETS
                        TOTAL MONTH:   0.0 INCH    5 = HAIL
                        GRTST 24HR     0.0         6 = FREEZING RAIN OR DRIZZLE
                        GRTST DEPTH:   0           7 = DUSTSTORM OR SANDSTORM:
                                                       VSBY 1/2 MILE OR LESS
                                                   8 = SMOKE OR HAZE
[NO. OF DAYS WITH]      [WEATHER - DAYS WITH]      9 = BLOWING SNOW
                                                   X = TORNADO
MAX 32 OR BELOW:   0    0.01 INCH OR MORE:   0
MAX 90 OR ABOVE:   0    0.10 INCH OR MORE:   0
MIN 32 OR BELOW:   0    0.50 INCH OR MORE:   0
MIN  0 OR BELOW:   0    1.00 INCH OR MORE:   0

[HDD (BASE 65) ]
TOTAL THIS MO.    84    CLEAR  (SCALE 0-3)  26
DPTR FM NORMAL   -88    PTCLDY (SCALE 4-7)   1
TOTAL FM JUL 1  2306    CLOUDY (SCALE 8-10)  0
DPTR FM NORMAL  -919

[CDD (BASE 65) ]
TOTAL THIS MO.    57
DPTR FM NORMAL    46    [PRESSURE DATA]
TOTAL FM JAN 1    80    HIGHEST SLP M ON M
DPTR FM NORMAL    68    LOWEST  SLP 29.34 ON 25

[REMARKS]
