000
CXUS52 KTAE 260800
CF6TLH
PRELIMINARY LOCAL CLIMATOLOGICAL DATA (WS FORM: F-6)

                                          STATION:   TALLAHASSEE
                                          MONTH:     AUGUST
                                          YEAR:      2016
                                          LATITUDE:   30 22 N
                                          LONGITUDE:  84 22 W

  TEMPERATURE IN F:       :PCPN:    SNOW:  WIND      :SUNSHINE: SKY     :PK WND
================================================================================
1   2   3   4   5  6A  6B    7    8   9   10  11  12  13   14  15   16   17  18
                                     12Z  AVG MX 2MIN
DY MAX MIN AVG DEP HDD CDD  WTR  SNW DPTH SPD SPD DIR MIN PSBL S-S WX    SPD DR
================================================================================

 1  92  77  85   3   0  20 0.11  0.0    0  3.6 28 290   M    M   6 138    33 300
 2  93  75  84   2   0  19 0.57  0.0    0  2.8 25 230   M    M   4 13     29 230
 3  96  77  87   5   0  22    T  0.0    0  4.6 20 250   M    M   6 3      25 250
 4  92  75  84   2   0  19 1.42  0.0    0  4.1 24 360   M    M   6 13     30 360
 5  86  76  81  -1   0  16 0.33  0.0    0  4.8 13 190   M    M   8 13     17 180
 6  94  75  85   3   0  20 0.00  0.0    0  4.3 20 150   M    M   6 13     24 140
 7  96  76  86   4   0  21 0.52  0.0    0  2.9 18 130   M    M   6 123    23 130
 8  89  75  82   0   0  17 0.03  0.0    0  4.4 15 220   M    M   6 13     20 220
 9  88  78  83   1   0  18 0.02  0.0    0  6.9 20 160   M    M   8 18     27 180
10  83  76  80  -2   0  15 2.09  0.0    0  7.3 16 180   M    M   9 13     22 140
11  92  76  84   2   0  19 0.00  0.0    0  7.8 18 250   M    M   6 12     25 260
12  93  76  85   3   0  20 0.03  0.0    0  6.1 16 190   M    M   6 128    22 180
13  93  75  84   2   0  19 0.00  0.0    0  5.5 17 190   M    M   4 13     27 170
14  95  74  85   3   0  20 0.19  0.0    0  6.3 29 120   M    M   3 13     39 110
15  95  73  84   2   0  19 0.00  0.0    0  4.8 14 150   M    M   4        18 120
16  96  78  87   5   0  22    T  0.0    0  5.8 21 230   M    M   5 3      26 240
17  95  77  86   4   0  21    T  0.0    0  4.1 14 170   M    M   4 38     17 170
18  96  75  86   4   0  21 0.07  0.0    0  3.6 17 200   M    M   5 138    27 280
19  96  75  86   4   0  21 0.00  0.0    0  3.5 14 180   M    M   4 13     19 180
20  96  74  85   3   0  20 1.01  0.0    0  3.6 30 290   M    M   4 13     34 290
21  92  75  84   2   0  19 0.25  0.0    0  3.1 18 310   M    M   4 13     22 310
22  97  75  86   4   0  21 0.00  0.0    0  2.8 12 190   M    M   4 13      M  M
23 100  77  89   7   0  24 0.31  0.0    0  3.9 26 100   M    M   5 13     34 100
24  96  78  87   5   0  22 0.00  0.0    0  7.3 15 100   M    M   4        22  80
25  93  76  85   3   0  20 0.00  0.0    0  7.5 17  80   M    M   2        38 210
================================================================================
SM 2334 1894         0 495  6.95     0.0 121.4          M      129
================================================================================
AV 93.4 75.8                               4.9 FASTST   M    M   5    MAX(MPH)
                                 MISC ---->  # 30 290               # 39  110
================================================================================
NOTES:
# LAST OF SEVERAL OCCURRENCES

COLUMN 17 PEAK WIND IN M.P.H.

PRELIMINARY LOCAL CLIMATOLOGICAL DATA (WS FORM: F-6) , PAGE 2

                                          STATION:  TALLAHASSEE
                                          MONTH:    AUGUST
                                          YEAR:     2016
                                          LATITUDE:   30 22 N
                                          LONGITUDE:  84 22 W

[TEMPERATURE DATA]      [PRECIPITATION DATA]       SYMBOLS USED IN COLUMN 16

AVERAGE MONTHLY: 84.6   TOTAL FOR MONTH:   6.95    1 = FOG OR MIST
DPTR FM NORMAL:   2.6   DPTR FM NORMAL:    0.76    2 = FOG REDUCING VISIBILITY
HIGHEST:   100 ON 23    GRTST 24HR  2.10 ON  9-10      TO 1/4 MILE OR LESS
LOWEST:     73 ON 15                               3 = THUNDER
                        SNOW, ICE PELLETS, HAIL    4 = ICE PELLETS
                        TOTAL MONTH:   0.0 INCH    5 = HAIL
                        GRTST 24HR     0.0         6 = FREEZING RAIN OR DRIZZLE
                        GRTST DEPTH:   0           7 = DUSTSTORM OR SANDSTORM:
                                                       VSBY 1/2 MILE OR LESS
                                                   8 = SMOKE OR HAZE
[NO. OF DAYS WITH]      [WEATHER - DAYS WITH]      9 = BLOWING SNOW
                                                   X = TORNADO
MAX 32 OR BELOW:   0    0.01 INCH OR MORE:  14
MAX 90 OR ABOVE:  21    0.10 INCH OR MORE:  10
MIN 32 OR BELOW:   0    0.50 INCH OR MORE:   5
MIN  0 OR BELOW:   0    1.00 INCH OR MORE:   3

[HDD (BASE 65) ]
TOTAL THIS MO.     0    CLEAR  (SCALE 0-3)   1
DPTR FM NORMAL     0    PTCLDY (SCALE 4-7)  22
TOTAL FM JUL 1     0    CLOUDY (SCALE 8-10)  2
DPTR FM NORMAL     0

[CDD (BASE 65) ]
TOTAL THIS MO.   495
DPTR FM NORMAL    70    [PRESSURE DATA]
TOTAL FM JAN 1  2281    HIGHEST SLP M ON M
DPTR FM NORMAL   424    LOWEST  SLP 29.81 ON  8

[REMARKS]
