000
CXUS52 KTAE 200800
CF6TLH
PRELIMINARY LOCAL CLIMATOLOGICAL DATA (WS FORM: F-6)

                                          STATION:   TALLAHASSEE
                                          MONTH:     AUGUST
                                          YEAR:      2014
                                          LATITUDE:   30 22 N
                                          LONGITUDE:  84 22 W

  TEMPERATURE IN F:       :PCPN:    SNOW:  WIND      :SUNSHINE: SKY     :PK WND
================================================================================
1   2   3   4   5  6A  6B    7    8   9   10  11  12  13   14  15   16   17  18
                                     12Z  AVG MX 2MIN
DY MAX MIN AVG DEP HDD CDD  WTR  SNW DPTH SPD SPD DIR MIN PSBL S-S WX    SPD DR
================================================================================

 1  94  68  81  -1   0  16 0.00  0.0    0  2.4 22 140   M    M   6         M  M
 2  96  74  85   3   0  20 0.00  0.0    0  4.2 10  10   M    M   6         M  M
 3  92  77  85   3   0  20    T  0.0    0  4.0 13  80   M    M   6 3      16  80
 4  96  74  85   3   0  20 0.02  0.0    0  5.6 24 230   M    M   5 3      31 150
 5  99  71  85   3   0  20    T  0.0    0  5.0 16 320   M    M   5 1       M  M
 6  98  77  88   6   0  23 0.00  0.0    0  4.3  8 190   M    M   4 3       M  M
 7  97  73  85   3   0  20 0.03  0.0    0  3.6 17 110   M    M   3 1      21 200
 8  99  72  86   4   0  21 0.00  0.0    0  3.4 18 190   M    M   4 1238   23 190
 9  97  76  87   5   0  22    T  0.0    0  2.6 23 210   M    M   5 3      30 220
10  94  73  84   2   0  19 0.23  0.0    0  3.5 17 290   M    M   6 13     22 240
11  91  73  82   0   0  17 0.10  0.0    0  3.5 24 270   M    M   5 13     29 270
12  94  76  85   3   0  20 0.00  0.0    0  4.7 16 250   M    M   5 13     20 220
13  90  75  83   1   0  18 0.26  0.0    0  2.4 17  10   M    M   5 138    24  30
14  95  73  84   2   0  19 0.00  0.0    0  1.8 14 190   M    M   5 1      17 200
15  96  75  86   4   0  21 0.00  0.0    0  3.1 15 150   M    M   6 18      M  M
16  96  73  85   3   0  20 0.00  0.0    0  3.6  M   M   M    M   4 18      M  M
17  94  73  84   2   0  19 0.13  0.0    0  3.4 22 190   M    M   5 138     M  M
18  93  73  83   1   0  18 0.02  0.0    0  3.3 14 290   M    M   5 13     20 270
19  93  73  83   1   0  18 1.14  0.0    0  5.0 28 220   M    M   5 138    39 220
================================================================================
SM 1804 1399         0 371  1.93     0.0  69.4          M       95
================================================================================
AV 94.9 73.6                               3.7 FASTST   M    M   5    MAX(MPH)
                                 MISC ---->  # 28 220               # 39  220
================================================================================
NOTES:
# LAST OF SEVERAL OCCURRENCES

COLUMN 17 PEAK WIND IN M.P.H.

PRELIMINARY LOCAL CLIMATOLOGICAL DATA (WS FORM: F-6) , PAGE 2

                                          STATION:  TALLAHASSEE
                                          MONTH:    AUGUST
                                          YEAR:     2014
                                          LATITUDE:   30 22 N
                                          LONGITUDE:  84 22 W

[TEMPERATURE DATA]      [PRECIPITATION DATA]       SYMBOLS USED IN COLUMN 16

AVERAGE MONTHLY: 84.3   TOTAL FOR MONTH:   1.93    1 = FOG OR MIST
DPTR FM NORMAL:   2.3   DPTR FM NORMAL:   -2.91    2 = FOG REDUCING VISIBILITY
HIGHEST:    99 ON  8, 5 GRTST 24HR  1.14 ON 19-19      TO 1/4 MILE OR LESS
LOWEST:     68 ON  1                               3 = THUNDER
                        SNOW, ICE PELLETS, HAIL    4 = ICE PELLETS
                        TOTAL MONTH:   0.0 INCH    5 = HAIL
                        GRTST 24HR     0.0         6 = FREEZING RAIN OR DRIZZLE
                        GRTST DEPTH:   0           7 = DUSTSTORM OR SANDSTORM:
                                                       VSBY 1/2 MILE OR LESS
                                                   8 = SMOKE OR HAZE
[NO. OF DAYS WITH]      [WEATHER - DAYS WITH]      9 = BLOWING SNOW
                                                   X = TORNADO
MAX 32 OR BELOW:   0    0.01 INCH OR MORE:   8
MAX 90 OR ABOVE:  19    0.10 INCH OR MORE:   5
MIN 32 OR BELOW:   0    0.50 INCH OR MORE:   1
MIN  0 OR BELOW:   0    1.00 INCH OR MORE:   1

[HDD (BASE 65) ]
TOTAL THIS MO.     0    CLEAR  (SCALE 0-3)   1
DPTR FM NORMAL     0    PTCLDY (SCALE 4-7)  18
TOTAL FM JUL 1     0    CLOUDY (SCALE 8-10)  0
DPTR FM NORMAL     0

[CDD (BASE 65) ]
TOTAL THIS MO.   371
DPTR FM NORMAL    48    [PRESSURE DATA]
TOTAL FM JAN 1  1926    HIGHEST SLP M ON M
DPTR FM NORMAL   171    LOWEST  SLP 29.90 ON 12

[REMARKS]
