000
CXUS51 KCLE 280800
CF6TOL
PRELIMINARY LOCAL CLIMATOLOGICAL DATA (WS FORM: F-6)

                                          STATION:   TOLEDO OH
                                          MONTH:     MARCH
                                          YEAR:      2017
                                          LATITUDE:   41 35 N
                                          LONGITUDE:  83 48 W

  TEMPERATURE IN F:       :PCPN:    SNOW:  WIND      :SUNSHINE: SKY     :PK WND
================================================================================
1   2   3   4   5  6A  6B    7    8   9   10  11  12  13   14  15   16   17  18
                                     12Z  AVG MX 2MIN
DY MAX MIN AVG DEP HDD CDD  WTR  SNW DPTH SPD SPD DIR MIN PSBL S-S WX    SPD DR
================================================================================

 1  62  29  46  14  19   0 0.46    T    0 17.9 37 250   M    M   9 13     52 240
 2  35  26  31  -1  34   0    T    T    0 14.1 24 290   M    M   7 1      35 290
 3  30  21  26  -7  39   0    T    T    0 12.1 23 300   M    M   4 1      31 320
 4  33  15  24  -9  41   0 0.00  0.0    0  7.0 15  90   M    M   3        20 100
 5  51  22  37   3  28   0 0.00  0.0    0  8.5 15 110   M    M   4        20 120
 6  58  48  53  19  12   0 0.06  0.0    0 10.8 20 220   M    M  10 1      30 200
 7  58  39  49  15  16   0 0.11  0.0    0 15.0 37 260   M    M   7 3      48 280
 8  55  38  47  13  18   0 0.00  0.0    0 24.5 47 260   M    M   0        62 240
 9  46  31  39   4  26   0    T    T    0  6.9 21 270   M    M   6 1      32 280
10  34  16  25 -10  40   0 0.00  0.0    0 14.1 25 320   M    M   4        32 330
11  31  14  23 -13  42   0 0.00  0.0    0  8.7 18 290   M    M   1        24 290
12  31  15  23 -13  42   0 0.00  0.0    0  4.6 13 300   M    M   2        18 350
13  26  20  23 -13  42   0 0.14  2.0    0 12.6 20  40   M    M  10 1      26  40
14  24  13  19 -18  46   0 0.03  0.6    2 12.4 25 330   M    M   3 1      33 350
15  31  13  22 -15  43   0 0.00  0.0    1 13.8 25 320   M    M   2        35 330
16  42  19  31  -7  34   0 0.00  0.0    0  9.0 18 290   M    M   1        27 280
17  33  19  26 -12  39   0 0.22  2.1    0  5.4 14 220   M    M   7 1      20 200
18  40  33  37  -1  28   0 0.01  0.0    0 10.3 18 280   M    M  10 12     26 300
19  39  29  34  -5  31   0 0.00  0.0    0  4.2 10  10   M    M   9        13  20
20  51  31  41   2  24   0 0.13  0.0    0  4.8 13 210   M    M   8 123    22 190
21  58  29  44   5  21   0 0.00  0.0    0 10.4 24 350   M    M   5 128    36 350
22  37  20  29 -11  36   0 0.00  0.0    0  8.3 22 360   M    M   0        29 340
23  50  18  34  -6  31   0 0.15  0.0    0  5.4 15 100   M    M   2 1      21 120
24  76  38  57  16   8   0 0.12  0.0    0 15.3 31 250   M    M   3 1      38 250
25  64  37  51  10  14   0 0.00  0.0    0 13.8 25  70   M    M   9 8      30  60
26  59  37  48   7  17   0 0.40  0.0    0  7.0 18  70   M    M  10 13     24  60
27  60  50  55  13  10   0    T  0.0    0  7.2 16 260   M    M   9        19 250
================================================================================
SM 1214  720       781   0  1.83     4.7 284.1          M      145
================================================================================
AV 45.0 26.7                              10.5 FASTST   M    M   5    MAX(MPH)
                                 MISC ---->  # 47 260               # 62  240
================================================================================
NOTES:
# LAST OF SEVERAL OCCURRENCES

COLUMN 17 PEAK WIND IN M.P.H.

PRELIMINARY LOCAL CLIMATOLOGICAL DATA (WS FORM: F-6) , PAGE 2

                                          STATION:  TOLEDO OH
                                          MONTH:    MARCH
                                          YEAR:     2017
                                          LATITUDE:   41 35 N
                                          LONGITUDE:  83 48 W

[TEMPERATURE DATA]      [PRECIPITATION DATA]       SYMBOLS USED IN COLUMN 16

AVERAGE MONTHLY: 35.8   TOTAL FOR MONTH:   1.83    1 = FOG OR MIST
DPTR FM NORMAL:  -1.0   DPTR FM NORMAL:   -0.28    2 = FOG REDUCING VISIBILITY
HIGHEST:    76 ON 24    GRTST 24HR  0.46 ON  1- 1      TO 1/4 MILE OR LESS
LOWEST:     13 ON 15,14                            3 = THUNDER
                        SNOW, ICE PELLETS, HAIL    4 = ICE PELLETS
                        TOTAL MONTH:   4.7 INCHES  5 = HAIL
                        GRTST 24HR   2.1 ON   M    6 = FREEZING RAIN OR DRIZZLE
                        GRTST DEPTH:   2 ON 14     7 = DUSTSTORM OR SANDSTORM:
                                                       VSBY 1/2 MILE OR LESS
                                                   8 = SMOKE OR HAZE
[NO. OF DAYS WITH]      [WEATHER - DAYS WITH]      9 = BLOWING SNOW
                                                   X = TORNADO
MAX 32 OR BELOW:   6    0.01 INCH OR MORE:  11
MAX 90 OR ABOVE:   0    0.10 INCH OR MORE:   8
MIN 32 OR BELOW:  19    0.50 INCH OR MORE:   0
MIN  0 OR BELOW:   0    1.00 INCH OR MORE:   0

[HDD (BASE 65) ]
TOTAL THIS MO.   781    CLEAR  (SCALE 0-3)  10
DPTR FM NORMAL    20    PTCLDY (SCALE 4-7)   8
TOTAL FM JUL 1  4626    CLOUDY (SCALE 8-10)  9
DPTR FM NORMAL  -711

[CDD (BASE 65) ]
TOTAL THIS MO.     0
DPTR FM NORMAL     0    [PRESSURE DATA]
TOTAL FM JAN 1     0    HIGHEST SLP M ON M
DPTR FM NORMAL     0    LOWEST  SLP 29.44 ON  1

[REMARKS]
