000
CXUS54 KFWD 290730
CF6TPL
PRELIMINARY LOCAL CLIMATOLOGICAL DATA (WS FORM: F-6)

                                          STATION:   TEMPLE
                                          MONTH:     MARCH
                                          YEAR:      2015
                                          LATITUDE:   31  8 N
                                          LONGITUDE:  97 25 W

  TEMPERATURE IN F:       :PCPN:    SNOW:  WIND      :SUNSHINE: SKY     :PK WND
================================================================================
1   2   3   4   5  6A  6B    7    8   9   10  11  12  13   14  15   16   17  18
                                     12Z  AVG MX 2MIN
DY MAX MIN AVG DEP HDD CDD  WTR  SNW DPTH SPD SPD DIR MIN PSBL S-S WX    SPD DR
================================================================================

 1  39  34  37 -17  28   0 0.02  0.0    0 11.7 15 350   M    M  10        21 340
 2  55  36  46  -9  19   0    M  0.0    0  8.9 15 340   M    M  10        20 350
 3  57  39  48  -7  17   0 0.00  0.0    0  4.8 13 170   M    M  10         M  M
 4  64  32  48  -7  17   0 0.23    M    0 12.6 27 350   M    M  10        39 340
 5  43  25  34 -22  31   0 0.07    M    M 16.7 24 360   M    M   3        32 360
 6  55  19  37 -19  28   0 0.00  0.0    0  3.6  8 100   M    M   0         M  M
 7  55  28  42 -14  23   0 0.00  0.0    0  4.3 10 150   M    M   7         M  M
 8  52  45  49  -7  16   0 0.02  0.0    0  7.3 13 110   M    M  10         M  M
 9  52  46  49  -8  16   0 0.70  0.0    0  7.4 13 350   M    M  10         M  M
10  57  48  53  -4  12   0 0.00  0.0    0  6.8 12 350   M    M  10         M  M
11  57  48  53  -4  12   0 0.00  0.0    0  6.5 14  20   M    M   9         M  M
12  70  48  59   1   6   0 0.00  0.0    0  9.1 16 360   M    M   7        20 360
13  73  54  64   6   1   0 0.00  0.0    0  8.6 15 320   M    M   6        22 320
14  73  50  62   4   3   0 0.00  0.0    0 10.2 25 340   M    M   4        30 340
15  68  45  57  -1   8   0 0.00  0.0    0  4.2 10  30   M    M   5        16 360
16  79  46  63   4   2   0 0.00  0.0    0  6.2 14 180   M    M   4        18 180
17  73  63  68   9   0   3 0.00  0.0    0  8.6 15 200   M    M   8        16 190
18  79  59  69  10   0   4 0.01  0.0    0  5.9 12 230   M    M   5         M  M
19  79  57  68   9   0   3 0.00  0.0    0  7.4 15 160   M    M   7        16 190
20  68  54  61   1   4   0 0.07  0.0    0 10.4 17 330   M    M   8        21 330
21  61  54  58  -2   7   0 0.13  0.0    0  8.9 13  40   M    M   9        18 350
22  72  54  63   3   2   0 0.00  0.0    0  4.7  9  10   M    M   7         M  M
23  75  46  61   1   4   0 0.00  0.0    0  5.8 10 170   M    M   5         M  M
24  79  57  68   8   0   3 0.00  0.0    0 14.2 22 160   M    M   0        29 180
25  81  57  69   8   0   4 0.00  0.0    0 17.1 29 150   M    M   1        36 150
26  66  46  56  -5   9   0 0.00  0.0    0 16.6 25 340   M    M   5        35 340
27  55  37  46 -15  19   0 0.00  0.0    0  6.4 20 320   M    M   0        23 320
28  84  45  65   4   0   0 0.00  0.0    0 12.4 24 170   M    M   0        30 170
================================================================================
SM 1821 1272       284  17  1.25     0.0 247.3          M      170
================================================================================
AV 65.0 45.4                               8.8 FASTST   M    M   6    MAX(MPH)
                                 MISC ---->    29   M                 39    M
================================================================================
NOTES:
# LAST OF SEVERAL OCCURRENCES

COLUMN 17 PEAK WIND IN M.P.H.

PRELIMINARY LOCAL CLIMATOLOGICAL DATA (WS FORM: F-6) , PAGE 2

                                          STATION:  TEMPLE
                                          MONTH:    MARCH
                                          YEAR:     2015
                                          LATITUDE:   31  8 N
                                          LONGITUDE:  97 25 W

[TEMPERATURE DATA]      [PRECIPITATION DATA]       SYMBOLS USED IN COLUMN 16

AVERAGE MONTHLY: 55.2   TOTAL FOR MONTH:   1.25    1 = FOG OR MIST
DPTR FM NORMAL:  -2.8   DPTR FM NORMAL:   -1.63    2 = FOG REDUCING VISIBILITY
HIGHEST:    84 ON 28    GRTST 24HR  0.70 ON  9- 9      TO 1/4 MILE OR LESS
LOWEST:     19 ON  6                               3 = THUNDER
                        SNOW, ICE PELLETS, HAIL    4 = ICE PELLETS
                        TOTAL MONTH:   0.0 INCH    5 = HAIL
                        GRTST 24HR     0.0         6 = FREEZING RAIN OR DRIZZLE
                        GRTST DEPTH:   0           7 = DUSTSTORM OR SANDSTORM:
                                                       VSBY 1/2 MILE OR LESS
                                                   8 = SMOKE OR HAZE
[NO. OF DAYS WITH]      [WEATHER - DAYS WITH]      9 = BLOWING SNOW
                                                   X = TORNADO
MAX 32 OR BELOW:   0    0.01 INCH OR MORE:   8
MAX 90 OR ABOVE:   0    0.10 INCH OR MORE:   3
MIN 32 OR BELOW:   4    0.50 INCH OR MORE:   1
MIN  0 OR BELOW:   0    1.00 INCH OR MORE:   0

[HDD (BASE 65) ]
TOTAL THIS MO.   284    CLEAR  (SCALE 0-3)   6
DPTR FM NORMAL    59    PTCLDY (SCALE 4-7)  13
TOTAL FM JUL 1  2150    CLOUDY (SCALE 8-10)  9
DPTR FM NORMAL   117

[CDD (BASE 65) ]
TOTAL THIS MO.    17
DPTR FM NORMAL   -16    [PRESSURE DATA]
TOTAL FM JAN 1    17    HIGHEST SLP M ON M
DPTR FM NORMAL   -25    LOWEST  SLP M ON M

[REMARKS]
