000
CXUS54 KFWD 220730
CF6TPL
PRELIMINARY LOCAL CLIMATOLOGICAL DATA (WS FORM: F-6)

                                          STATION:   TEMPLE
                                          MONTH:     JULY
                                          YEAR:      2017
                                          LATITUDE:   31  8 N
                                          LONGITUDE:  97 25 W

  TEMPERATURE IN F:       :PCPN:    SNOW:  WIND      :SUNSHINE: SKY     :PK WND
================================================================================
1   2   3   4   5  6A  6B    7    8   9   10  11  12  13   14  15   16   17  18
                                     12Z  AVG MX 2MIN
DY MAX MIN AVG DEP HDD CDD  WTR  SNW DPTH SPD SPD DIR MIN PSBL S-S WX    SPD DR
================================================================================

 1  96  70  83   2   0  18 0.30  0.0    0  9.4 15 160   M    M   3 13     21 180
 2  99  75  87   6   0  22 0.00  0.0    0 14.0 20 170   M    M   2 1      28 170
 3  97  75  86   5   0  21 0.00  0.0    0 14.3 18 160   M    M   0        25 160
 4  98  71  85   4   0  20 0.22  0.0    0 12.9 21 180   M    M   1 13     27 180
 5  97  75  86   4   0  21 0.00  0.0    0  9.9 22 170   M    M   1        28 170
 6  96  73  85   3   0  20 0.00  0.0    M  7.0 12 160   M    M   1         M  M
 7  98  72  85   3   0  20 0.00  0.0    0  6.8 12 180   M    M   0 3       M  M
 8  99  73  86   4   0  21 0.01  0.0    0  7.4 13 240   M    M   1 3       M  M
 9  97  73  85   3   0  20    T  0.0    0  8.3 16  80   M    M   1 3      22  80
10  99  71  85   3   0  20 0.00  0.0    0  9.9 15 140   M    M   0        20 180
11  99  74  87   5   0  22 0.00  0.0    0 12.8 18 160   M    M   0        23 160
12  97  74  86   4   0  21 0.00  0.0    0 12.3 17 170   M    M   1        21 160
13  98  74  86   4   0  21 0.00  0.0    0  8.7 15 130   M    M   1        22 130
14  98  75  87   5   0  22 0.00  0.0    0  5.9 10  70   M    M   2         M  M
15  99  73  86   3   0  21    T  0.0    0  5.9 12 360   M    M   1 3      16 360
16  97  69  83   0   0  18 0.00  0.0    0  5.4 17 110   M    M   1 1      17  30
17  96  72  84   1   0  19    T  0.0    0  5.6 17  70   M    M   1 138     M  M
18  98  74  86   3   0  21 0.00  0.0    0  9.3 16 140   M    M   1        23 140
19  99  75  87   4   0  22 0.00  0.0    0  8.8 14 190   M    M   1        20 170
20 101  75  88   5   0  23 0.00  0.0    0  9.4 13 150   M    M   0        21 130
21 101  75  88   5   0  23 0.00  0.0    0  9.8 16 160   M    M   1        22 160
================================================================================
SM 2059 1538         0 436  0.53     0.0 193.8          M       20
================================================================================
AV 98.1 73.2                               9.2 FASTST   M    M   1    MAX(MPH)
                                 MISC ---->    22   M                 28    M
================================================================================
NOTES:
# LAST OF SEVERAL OCCURRENCES

COLUMN 17 PEAK WIND IN M.P.H.

PRELIMINARY LOCAL CLIMATOLOGICAL DATA (WS FORM: F-6) , PAGE 2

                                          STATION:  TEMPLE
                                          MONTH:    JULY
                                          YEAR:     2017
                                          LATITUDE:   31  8 N
                                          LONGITUDE:  97 25 W

[TEMPERATURE DATA]      [PRECIPITATION DATA]       SYMBOLS USED IN COLUMN 16

AVERAGE MONTHLY: 85.6   TOTAL FOR MONTH:   0.53    1 = FOG OR MIST
DPTR FM NORMAL:   3.5   DPTR FM NORMAL:   -0.85    2 = FOG REDUCING VISIBILITY
HIGHEST:   101 ON 21,20 GRTST 24HR  0.30 ON  1- 1      TO 1/4 MILE OR LESS
LOWEST:     69 ON 16                               3 = THUNDER
                        SNOW, ICE PELLETS, HAIL    4 = ICE PELLETS
                        TOTAL MONTH:   0.0 INCH    5 = HAIL
                        GRTST 24HR     0.0         6 = FREEZING RAIN OR DRIZZLE
                        GRTST DEPTH:   0           7 = DUSTSTORM OR SANDSTORM:
                                                       VSBY 1/2 MILE OR LESS
                                                   8 = SMOKE OR HAZE
[NO. OF DAYS WITH]      [WEATHER - DAYS WITH]      9 = BLOWING SNOW
                                                   X = TORNADO
MAX 32 OR BELOW:   0    0.01 INCH OR MORE:   3
MAX 90 OR ABOVE:  21    0.10 INCH OR MORE:   2
MIN 32 OR BELOW:   0    0.50 INCH OR MORE:   0
MIN  0 OR BELOW:   0    1.00 INCH OR MORE:   0

[HDD (BASE 65) ]
TOTAL THIS MO.     0    CLEAR  (SCALE 0-3)  21
DPTR FM NORMAL     0    PTCLDY (SCALE 4-7)   0
TOTAL FM JUL 1     0    CLOUDY (SCALE 8-10)  0
DPTR FM NORMAL     0

[CDD (BASE 65) ]
TOTAL THIS MO.   436
DPTR FM NORMAL    75    [PRESSURE DATA]
TOTAL FM JAN 1  1529    HIGHEST SLP M ON M
DPTR FM NORMAL   332    LOWEST  SLP M ON M

[REMARKS]
