000
CXUS53 KOAX 201000
CF6TQE
PRELIMINARY LOCAL CLIMATOLOGICAL DATA (WS FORM: F-6)

                                          STATION:   TEKAMAH, NEBRASKA
                                          MONTH:     JANUARY
                                          YEAR:      2017
                                          LATITUDE:   41 46 N
                                          LONGITUDE:  96 11 W

  TEMPERATURE IN F:       :PCPN:    SNOW:  WIND      :SUNSHINE: SKY     :PK WND
================================================================================
1   2   3   4   5  6A  6B    7    8   9   10  11  12  13   14  15   16   17  18
                                     12Z  AVG MX 2MIN
DY MAX MIN AVG DEP HDD CDD  WTR  SNW DPTH SPD SPD DIR MIN PSBL S-S WX    SPD DR
================================================================================

 1  35  19  27   6  38   0    T    M    M  8.0 15 180   M    M   5        17 190
 2  36  29  33  12  32   0 0.01    M    M  9.1 29 320   M    M  10 18     35 310
 3  29   6  18  -3  47   0 0.00    M    M 21.4 35 320   M    M   4        40 330
 4  13   5   9 -12  56   0 0.03    M    M 10.8 22 330   M    M   5 8      25 330
 5  10   0   5 -16  60   0 0.00    M    M 10.6 20 320   M    M   3 8      25 300
 6  20  -3   9 -12  56   0 0.00    M    M  6.9 13 220   M    M   1        16 240
 7  21   3  12  -9  53   0 0.00    M    M  7.4 21 360   M    M   1        23 360
 8  30   2  16  -5  49   0 0.00    M    M 13.3 29 150   M    M   4        33 140
 9  34  12  23   2  42   0 0.00    M    M 11.3 22 180   M    M   4        26 160
10  34  22  28   7  37   0 0.06    M    M 13.9 43 300   M    M   4 16     51 300
11  28  10  19  -2  46   0 0.02    M    M 18.1 35 360   M    M   5 189    42 350
12  20   9  15  -7  50   0    T    M    M  9.8 21 340   M    M   6 18     23 340
13  21  11  16  -6  49   0 0.00    M    M  6.6 15  10   M    M   5        19  10
14  33  11  22   0  43   0 0.00    M    M  2.7  8 240   M    M   0        10 220
15  36  23  30   8  35   0 0.16    M    M  3.8 12 160   M    M   7 16     12 160
16  33  32  33  11  32   0 0.39    M    M  9.8 17 360   M    M  10 16     20 320
17  34  24  29   7  36   0 0.00    M    M  9.2 21 320   M    M   6 1      24 320
18  50  27  39  17  26   0 0.00    M    M 10.1 17 190   M    M   0 1      21 190
19  39  32  36  14  29   0 0.00    M    M  4.6 13 150   M    M   6 12     14 150
================================================================================
SM  556  274       816   0  0.67    M    187.4          M       86
================================================================================
AV 29.3 14.4                               9.9 FASTST   M    M   5    MAX(MPH)
                                 MISC ---->  # 43 300               # 51  300
================================================================================
NOTES:
# LAST OF SEVERAL OCCURRENCES

COLUMN 17 PEAK WIND IN M.P.H.

PRELIMINARY LOCAL CLIMATOLOGICAL DATA (WS FORM: F-6) , PAGE 2

                                          STATION:  TEKAMAH, NEBRASKA
                                          MONTH:    JANUARY
                                          YEAR:     2017
                                          LATITUDE:   41 46 N
                                          LONGITUDE:  96 11 W

[TEMPERATURE DATA]      [PRECIPITATION DATA]       SYMBOLS USED IN COLUMN 16

AVERAGE MONTHLY: 21.8   TOTAL FOR MONTH:   0.67    1 = FOG OR MIST
DPTR FM NORMAL:   0.4   DPTR FM NORMAL:    0.47    2 = FOG REDUCING VISIBILITY
HIGHEST:    50 ON 18    GRTST 24HR  0.51 ON 15-16      TO 1/4 MILE OR LESS
LOWEST:     -3 ON  6                               3 = THUNDER
                        SNOW, ICE PELLETS, HAIL    4 = ICE PELLETS
                        TOTAL MONTH:    M          5 = HAIL
                        GRTST 24HR    M  ON   M    6 = FREEZING RAIN OR DRIZZLE
                        GRTST DEPTH:  M  ON   M    7 = DUSTSTORM OR SANDSTORM:
                                                       VSBY 1/2 MILE OR LESS
                                                   8 = SMOKE OR HAZE
[NO. OF DAYS WITH]      [WEATHER - DAYS WITH]      9 = BLOWING SNOW
                                                   X = TORNADO
MAX 32 OR BELOW:   9    0.01 INCH OR MORE:   6
MAX 90 OR ABOVE:   0    0.10 INCH OR MORE:   2
MIN 32 OR BELOW:  19    0.50 INCH OR MORE:   0
MIN  0 OR BELOW:   2    1.00 INCH OR MORE:   0

[HDD (BASE 65) ]
TOTAL THIS MO.   816    CLEAR  (SCALE 0-3)   5
DPTR FM NORMAL   -12    PTCLDY (SCALE 4-7)  12
TOTAL FM JUL 1  2981    CLOUDY (SCALE 8-10)  2
DPTR FM NORMAL  -499

[CDD (BASE 65) ]
TOTAL THIS MO.     0
DPTR FM NORMAL     0    [PRESSURE DATA]
TOTAL FM JAN 1     0    HIGHEST SLP M ON M
DPTR FM NORMAL     0    LOWEST  SLP 29.38 ON 10

[REMARKS]
