000
CXUS53 KOAX 271000
CF6TQE
PRELIMINARY LOCAL CLIMATOLOGICAL DATA (WS FORM: F-6)

                                          STATION:   TEKAMAH, NEBRASKA
                                          MONTH:     MARCH
                                          YEAR:      2017
                                          LATITUDE:   41 46 N
                                          LONGITUDE:  96 11 W

  TEMPERATURE IN F:       :PCPN:    SNOW:  WIND      :SUNSHINE: SKY     :PK WND
================================================================================
1   2   3   4   5  6A  6B    7    8   9   10  11  12  13   14  15   16   17  18
                                     12Z  AVG MX 2MIN
DY MAX MIN AVG DEP HDD CDD  WTR  SNW DPTH SPD SPD DIR MIN PSBL S-S WX    SPD DR
================================================================================

 1  40  26  33   2  32   0    T    M    M 16.0 32 320   M    M   7        39 320
 2  41  22  32   0  33   0 0.00    M    M  6.9 23 340   M    M   2        27  10
 3  50  20  35   3  30   0 0.00    M    M 12.1 29 170   M    M   2        36 170
 4  71  24  48  16  17   0 0.00    M    M 11.4 25 180   M    M   0        31 180
 5  69  47  58  25   7   0 0.00    M    M 18.4 28 170   M    M   5        35 170
 6  79  37  58  25   7   0 0.07    M    M 26.1 43 300   M    M   6 3      54 290
 7  58  30  44  10  21   0 0.00    M    M 18.6 35 250   M    M   1        43 280
 8  54  25  40   6  25   0 0.00    M    M  8.2 18 310   M    M   1        23 280
 9  49  24  37   2  28   0 0.00    M    M 13.9 31  30   M    M   1        36  30
10  25  16  21 -14  44   0    T    M    M 11.7 25 360   M    M   7        30 360
11  28  20  24 -12  41   0 0.00    M    M  8.1 13 360   M    M  10        15  50
12  40  18  29  -7  36   0 0.08    M    M 14.4 33 160   M    M  10 168    38 140
13  30  20  25 -12  40   0 0.07    M    M 18.3 33 350   M    M  10 16     41 350
14  31  19  25 -12  40   0 0.00    M    M  5.8 12  70   M    M   6        15 110
15  41  16  29  -9  36   0 0.00    M    M 13.4 21 170   M    M   6        28 120
16  66  31  49  11  16   0 0.00    M    M 14.4 28 170   M    M   2        33 160
17  68  34  51  12  14   0 0.00    M    M 13.5 38 320   M    M   0        44 320
18  58  23  41   2  24   0 0.00    M    M  7.5 18 330   M    M   1        23 320
19  81  33  57  17   8   0 0.00    M    M 11.8 24 150   M    M   0        29 170
20  68  45  57  17   8   0 0.00    M    M 15.5 28  20   M    M   0        33 360
21  47  33  40   0  25   0 0.18    M    M 12.6 28  20   M    M   8 1      33  10
22  50  31  41   0  24   0    T    M    M 15.2 23 140   M    M   9 4      33 120
23  69  41  55  14  10   0    T    M    M 13.7 29 150   M    M   7 3      35 150
24  65  42  54  12  11   0 0.80    M    M 15.3 25 360   M    M  10 13     31  10
25  42  39  41  -1  24   0 0.22    M    M 14.5 25  10   M    M  10 1      32  10
26  50  39  45   2  20   0    T    M    M  7.5 13  10   M    M  10 18     14  10
================================================================================
SM 1370  755       621   0  1.42    M    344.8          M      131
================================================================================
AV 52.7 29.0                              13.3 FASTST   M    M   5    MAX(MPH)
                                 MISC ---->  # 43 300               # 54  290
================================================================================
NOTES:
# LAST OF SEVERAL OCCURRENCES

COLUMN 17 PEAK WIND IN M.P.H.

PRELIMINARY LOCAL CLIMATOLOGICAL DATA (WS FORM: F-6) , PAGE 2

                                          STATION:  TEKAMAH, NEBRASKA
                                          MONTH:    MARCH
                                          YEAR:     2017
                                          LATITUDE:   41 46 N
                                          LONGITUDE:  96 11 W

[TEMPERATURE DATA]      [PRECIPITATION DATA]       SYMBOLS USED IN COLUMN 16

AVERAGE MONTHLY: 40.9   TOTAL FOR MONTH:   1.42    1 = FOG OR MIST
DPTR FM NORMAL:   3.9   DPTR FM NORMAL:   -0.14    2 = FOG REDUCING VISIBILITY
HIGHEST:    81 ON 19    GRTST 24HR  0.80 ON 24-24      TO 1/4 MILE OR LESS
LOWEST:     16 ON 15,10                            3 = THUNDER
                        SNOW, ICE PELLETS, HAIL    4 = ICE PELLETS
                        TOTAL MONTH:    M          5 = HAIL
                        GRTST 24HR    M  ON   M    6 = FREEZING RAIN OR DRIZZLE
                        GRTST DEPTH:  M  ON   M    7 = DUSTSTORM OR SANDSTORM:
                                                       VSBY 1/2 MILE OR LESS
                                                   8 = SMOKE OR HAZE
[NO. OF DAYS WITH]      [WEATHER - DAYS WITH]      9 = BLOWING SNOW
                                                   X = TORNADO
MAX 32 OR BELOW:   4    0.01 INCH OR MORE:   6
MAX 90 OR ABOVE:   0    0.10 INCH OR MORE:   3
MIN 32 OR BELOW:  16    0.50 INCH OR MORE:   1
MIN  0 OR BELOW:   0    1.00 INCH OR MORE:   0

[HDD (BASE 65) ]
TOTAL THIS MO.   621    CLEAR  (SCALE 0-3)  11
DPTR FM NORMAL  -108    PTCLDY (SCALE 4-7)   8
TOTAL FM JUL 1  4804    CLOUDY (SCALE 8-10)  7
DPTR FM NORMAL  -989

[CDD (BASE 65) ]
TOTAL THIS MO.     0
DPTR FM NORMAL     0    [PRESSURE DATA]
TOTAL FM JAN 1     0    HIGHEST SLP M ON M
DPTR FM NORMAL     0    LOWEST  SLP 29.18 ON  6

[REMARKS]
