000
CXUS56 KPQR 231200
CF6TTD
PRELIMINARY LOCAL CLIMATOLOGICAL DATA (WS FORM: F-6)

                                          STATION:   TROUTDALE OR
                                          MONTH:     JANUARY
                                          YEAR:      2017
                                          LATITUDE:   45 33 N
                                          LONGITUDE: 122 25 W

  TEMPERATURE IN F:       :PCPN:    SNOW:  WIND      :SUNSHINE: SKY     :PK WND
================================================================================
1   2   3   4   5  6A  6B    7    8   9   10  11  12  13   14  15   16   17  18
                                     12Z  AVG MX 2MIN
DY MAX MIN AVG DEP HDD CDD  WTR  SNW DPTH SPD SPD DIR MIN PSBL S-S WX    SPD DR
================================================================================

 1  42  35  39   1  26   0 0.12    M    0  9.5 21 210   M    M   7 1      25 220
 2  36  30  33  -5  32   0 0.00  0.0    0 18.7 26  90   M    M   9        35  90
 3  34  28  31  -7  34   0 0.00  0.0    0 18.5 25  80   M    M   0        35  80
 4  33  21  27 -11  38   0 0.00  0.0    0 15.3 30  80   M    M   5        41  80
 5  32  22  27 -12  38   0 0.00  0.0    0 18.4 30  90   M    M   0        36  90
 6  31  20  26 -13  39   0 0.00  0.0    0 21.9 36  90   M    M   0        45  90
 7  28  23  26 -13  39   0    M    M    0 26.7 36  80   M    M   9 18     47  90
 8  32  27  30  -9  35   0 0.39    M    0 28.2 41  90   M    M  10 1268   51  90
 9  36  30  33  -6  32   0 0.35    M    0  9.8 23  80   M    M  10 126    29  80
10  36  31  34  -5  31   0 0.15    M    0 19.2 30 100   M    M  10 1      37 110
11  32  27  30  -9  35   0    T    M    0 21.5 29 100   M    M  10 18     37  90
12  31  25  28 -11  37   0 0.00  0.0    0 22.2 28  90   M    M   3        34  90
13  26  22  24 -16  41   0 0.00  0.0    0 25.6 37  90   M    M   0 89     46  90
14  26  20  23 -17  42   0 0.00  0.0    0 33.3 43  90   M    M   0 8      51  90
15  28  21  25 -15  40   0 0.00  0.0    0 25.9 40  90   M    M   0        55  90
16  27  22  25 -15  40   0 0.00  0.0    0 31.3 41  90   M    M   4        50  90
17  34  24  29 -11  36   0 0.30    M    0 30.7 40  90   M    M  10 126    52  90
18  49  33  41   1  24   0 0.57    M    0 21.2 36  80   M    M   9 16     46  80
19  53  35  44   4  21   0    T    M    0  8.1 24  90   M    M   9 1      28  90
20  42  39  41   1  24   0 0.10    M    0 21.0 30  90   M    M  10        36  90
21  43  38  41   1  24   0 0.28    M    0 15.8 25  90   M    M   8 1      30  90
22  46  39  43   3  22   0 0.07    M    0 17.1 29  90   M    M   6        37  90
================================================================================
SM  777  612       730   0  2.33     0.0 459.9          M      129
================================================================================
AV 35.3 27.8                              20.9 FASTST   M    M   6    MAX(MPH)
                                 MISC ---->  # 43  90               # 55   90
================================================================================
NOTES:
# LAST OF SEVERAL OCCURRENCES

COLUMN 17 PEAK WIND IN M.P.H.

PRELIMINARY LOCAL CLIMATOLOGICAL DATA (WS FORM: F-6) , PAGE 2

                                          STATION:  TROUTDALE OR
                                          MONTH:    JANUARY
                                          YEAR:     2017
                                          LATITUDE:   45 33 N
                                          LONGITUDE: 122 25 W

[TEMPERATURE DATA]      [PRECIPITATION DATA]       SYMBOLS USED IN COLUMN 16

AVERAGE MONTHLY: 31.6   TOTAL FOR MONTH:   2.33    1 = FOG OR MIST
DPTR FM NORMAL:  -7.7   DPTR FM NORMAL:   -2.28    2 = FOG REDUCING VISIBILITY
HIGHEST:    53 ON 19    GRTST 24HR  0.71 ON 17-18      TO 1/4 MILE OR LESS
LOWEST:     20 ON 14, 6                            3 = THUNDER
                        SNOW, ICE PELLETS, HAIL    4 = ICE PELLETS
                        TOTAL MONTH:   0.0 INCH    5 = HAIL
                        GRTST 24HR     0.0         6 = FREEZING RAIN OR DRIZZLE
                        GRTST DEPTH:   0           7 = DUSTSTORM OR SANDSTORM:
                                                       VSBY 1/2 MILE OR LESS
                                                   8 = SMOKE OR HAZE
[NO. OF DAYS WITH]      [WEATHER - DAYS WITH]      9 = BLOWING SNOW
                                                   X = TORNADO
MAX 32 OR BELOW:  10    0.01 INCH OR MORE:   9
MAX 90 OR ABOVE:   0    0.10 INCH OR MORE:   8
MIN 32 OR BELOW:  16    0.50 INCH OR MORE:   1
MIN  0 OR BELOW:   0    1.00 INCH OR MORE:   0

[HDD (BASE 65) ]
TOTAL THIS MO.   730    CLEAR  (SCALE 0-3)   6
DPTR FM NORMAL   164    PTCLDY (SCALE 4-7)   5
TOTAL FM JUL 1  2298    CLOUDY (SCALE 8-10) 11
DPTR FM NORMAL  -177

[CDD (BASE 65) ]
TOTAL THIS MO.     0
DPTR FM NORMAL     0    [PRESSURE DATA]
TOTAL FM JAN 1     0    HIGHEST SLP M ON M
DPTR FM NORMAL     0    LOWEST  SLP 29.09 ON 20

[REMARKS]
