000
CXUS56 KPQR 271330
CF6TTD
PRELIMINARY LOCAL CLIMATOLOGICAL DATA (WS FORM: F-6)

                                          STATION:   TROUTDALE OR
                                          MONTH:     JANUARY
                                          YEAR:      2015
                                          LATITUDE:   45 33 N
                                          LONGITUDE: 122 25 W

  TEMPERATURE IN F:       :PCPN:    SNOW:  WIND      :SUNSHINE: SKY     :PK WND
================================================================================
1   2   3   4   5  6A  6B    7    8   9   10  11  12  13   14  15   16   17  18
                                     12Z  AVG MX 2MIN
DY MAX MIN AVG DEP HDD CDD  WTR  SNW DPTH SPD SPD DIR MIN PSBL S-S WX    SPD DR
================================================================================

 1  36  27  32  -6  33   0 0.00  0.0    0 25.8 35  90   M    M   0        43  90
 2  42  30  36  -2  29   0    T    M    0  7.4 30  90   M    M   4        37  90
 3  41  37  39   1  26   0    T    M    0  3.9 15  80   M    M  10 18     19  80
 4  54  37  46   8  19   0 0.19    M    0 10.4 18 220   M    M  10 1      25 230
 5  58  40  49  10  16   0 0.04    M    0  7.7 18 220   M    M   7 12     27 210
 6  51  38  45   6  20   0 0.00  0.0    0  4.4 15  90   M    M   2 12     19  80
 7  55  36  46   7  19   0 0.00  0.0    0  8.7 28  90   M    M   2 12     36  90
 8  47  36  42   3  23   0 0.00  0.0    0 25.8 36  90   M    M   0 1      45  90
 9  49  42  46   7  19   0 0.00  0.0    0 20.4 33  90   M    M   0        42  90
10  45  42  44   5  21   0    T    M    0 11.4 24  90   M    M   9 18     31  90
11  45  41  43   4  22   0    T    M    0 16.9 23  80   M    M  10 1      29  90
12  48  42  45   6  20   0 0.00  0.0    0 17.9 24  90   M    M   9        30  90
13  49  42  46   6  19   0 0.00  0.0    0 15.9 26  80   M    M   0        35  90
14  47  40  44   4  21   0 0.00  0.0    0 20.9 26  90   M    M   0        34  80
15  44  40  42   2  23   0 0.28    M    0 22.0 33  90   M    M   7 1      44  90
16  56  40  48   8  17   0 0.17    M    0  5.4 20  80   M    M   5 1      26  80
17  60  42  51  11  14   0 1.64    M    0 15.9 30  90   M    M   8 1      38  90
18  60  47  54  14  11   0 0.36    M    0 11.0 32 250   M    M   7 1      49 240
19  53  37  45   5  20   0 0.01    M    0  1.4  8 330   M    M   6 12     10 220
20  48  36  42   2  23   0 0.00  0.0    0 10.0 23  90   M    M   3 12     35 100
21  46  40  43   3  22   0 0.00  0.0    0 21.3 28  90   M    M   1        35  80
22  45  41  43   3  22   0    T    M    0 17.0 26  90   M    M   9        33  90
23  46  43  45   4  20   0 0.03    M    0 15.0 29  90   M    M  10 1      37  90
24  63  44  54  13  11   0    T    M    0  1.2  9  80   M    M   7 12     11  70
25  58  42  50   9  15   0 0.00  0.0    0  3.3 18 100   M    M   5 12     24 100
26  56  39  48   7  17   0 0.00  0.0    0  9.2 22  90   M    M   0 12     29 120
================================================================================
SM 1302 1021       522   0  2.72     0.0 330.2          M      131
================================================================================
AV 50.1 39.3                              12.7 FASTST   M    M   5    MAX(MPH)
                                 MISC ---->  # 36  90               # 49  240
================================================================================
NOTES:
# LAST OF SEVERAL OCCURRENCES

COLUMN 17 PEAK WIND IN M.P.H.

PRELIMINARY LOCAL CLIMATOLOGICAL DATA (WS FORM: F-6) , PAGE 2

                                          STATION:  TROUTDALE OR
                                          MONTH:    JANUARY
                                          YEAR:     2015
                                          LATITUDE:   45 33 N
                                          LONGITUDE: 122 25 W

[TEMPERATURE DATA]      [PRECIPITATION DATA]       SYMBOLS USED IN COLUMN 16

AVERAGE MONTHLY: 44.7   TOTAL FOR MONTH:   2.72    1 = FOG OR MIST
DPTR FM NORMAL:   5.1   DPTR FM NORMAL:   -2.62    2 = FOG REDUCING VISIBILITY
HIGHEST:    63 ON 24    GRTST 24HR  1.65 ON 17-18      TO 1/4 MILE OR LESS
LOWEST:     27 ON  1                               3 = THUNDER
                        SNOW, ICE PELLETS, HAIL    4 = ICE PELLETS
                        TOTAL MONTH:   0.0 INCH    5 = HAIL
                        GRTST 24HR     0.0         6 = FREEZING RAIN OR DRIZZLE
                        GRTST DEPTH:   0           7 = DUSTSTORM OR SANDSTORM:
                                                       VSBY 1/2 MILE OR LESS
                                                   8 = SMOKE OR HAZE
[NO. OF DAYS WITH]      [WEATHER - DAYS WITH]      9 = BLOWING SNOW
                                                   X = TORNADO
MAX 32 OR BELOW:   0    0.01 INCH OR MORE:   8
MAX 90 OR ABOVE:   0    0.10 INCH OR MORE:   5
MIN 32 OR BELOW:   2    0.50 INCH OR MORE:   1
MIN  0 OR BELOW:   0    1.00 INCH OR MORE:   1

[HDD (BASE 65) ]
TOTAL THIS MO.   522    CLEAR  (SCALE 0-3)   9
DPTR FM NORMAL  -140    PTCLDY (SCALE 4-7)  10
TOTAL FM JUL 1  1926    CLOUDY (SCALE 8-10)  7
DPTR FM NORMAL  -645

[CDD (BASE 65) ]
TOTAL THIS MO.     0
DPTR FM NORMAL     0    [PRESSURE DATA]
TOTAL FM JAN 1     0    HIGHEST SLP M ON M
DPTR FM NORMAL     0    LOWEST  SLP 29.73 ON 17

[REMARKS]
