000
CXUS51 KPHI 300800
CF6TTN
PRELIMINARY LOCAL CLIMATOLOGICAL DATA (WS FORM: F-6)

                                          STATION:   TRENTON NJ
                                          MONTH:     SEPTEMBER
                                          YEAR:      2016
                                          LATITUDE:   40 16 N
                                          LONGITUDE:  74 49 W

  TEMPERATURE IN F:       :PCPN:    SNOW:  WIND      :SUNSHINE: SKY     :PK WND
================================================================================
1   2   3   4   5  6A  6B    7    8   9   10  11  12  13   14  15   16   17  18
                                     12Z  AVG MX 2MIN
DY MAX MIN AVG DEP HDD CDD  WTR  SNW DPTH SPD SPD DIR MIN PSBL S-S WX    SPD DR
================================================================================

 1  81  64  73   2   0   8 0.30    M    M  4.8 17  20   M    M   8 1      23  20
 2  82  61  72   1   0   7 0.00    M    M  6.6 13 350   M    M   1        16  10
 3  78  60  69  -2   0   4 0.00    M    M  9.5 21  70   M    M   1        27  40
 4  81  59  70   0   0   5 0.00    M    M  7.2 17  60   M    M   0        23  40
 5  85  59  72   2   0   7 0.00    M    M  7.2 15 350   M    M   0        19 350
 6  86  70  78   8   0  13    T    M    M 11.5 24 350   M    M   7        32 350
 7  88  70  79   9   0  14 0.00    M    M  6.8 17  20   M    M   4        22 350
 8  95  69  82  13   0  17 0.00    M    M  4.2 14 260   M    M   3        19 250
 9  95  77  86  17   0  21    T    M    M  4.6 12 270   M    M   4        16 250
10  97  73  85  16   0  20 0.10    M    M  7.0 18 210   M    M   2 18     22 200
11  85  64  75   7   0  10 0.00    M    M  9.3 22 340   M    M   4        28 360
12  81  55  68   0   0   3 0.00    M    M  4.9 15 140   M    M   0        18 140
13  85  55  70   2   0   5 0.00    M    M  6.1 15 230   M    M   2        19 210
14  93  62  78  11   0  13 0.01    M    M  5.9 17  20   M    M   2        23  10
15  77  56  67   0   0   2 0.00    M    M  7.1 15  40   M    M   2        19  70
16  77  52  65  -1   0   0 0.00    M    M  5.1 15 140   M    M   1        20 130
17  82  51  67   1   0   2 0.00    M    M  5.9 13 180   M    M   4        17 200
18  86  66  76  10   0  11    T    M    M  6.7 16 230   M    M   5 1      23 220
19  74  68  71   6   0   6 1.32    M    M  4.4 14  10   M    M   9 13     17 360
20  82  67  75  10   0  10 0.00    M    M  2.9  9  50   M    M   4 18     12  60
21  85  63  74  10   0   9 0.00    M    M  4.4 14  50   M    M   0        17  50
22  85  59  72   8   0   7 0.00    M    M  5.2 12 110   M    M   0        18 100
23  88  56  72   9   0   7 0.00    M    M  2.4 12 340   M    M   1        14 340
24  73  55  64   1   1   0    T    M    M  7.5 18  50   M    M   5 1      26  30
25  72  48  60  -2   5   0 0.00    M    M  4.6 14  20   M    M   0        17 350
26  73  46  60  -2   5   0 0.01    M    M  6.9 16 210   M    M   5        21 170
27  75  55  65   3   0   0 0.05    M    M  4.2 13 220   M    M   2 1      15 210
28  72  50  61   0   4   0    T    M    M 10.4 20  70   M    M   6        29  70
29  61  57  59  -2   6   0 0.33    M    M 14.2 23  70   M    M  10 1      32  70
================================================================================
SM 2374 1747        21 201  2.12    M    187.5          M       92
================================================================================
AV 81.9 60.2                               6.5 FASTST   M    M   3    MAX(MPH)
                                 MISC ---->  # 24 350               # 32  350
================================================================================
NOTES:
# LAST OF SEVERAL OCCURRENCES

COLUMN 17 PEAK WIND IN M.P.H.

PRELIMINARY LOCAL CLIMATOLOGICAL DATA (WS FORM: F-6) , PAGE 2

                                          STATION:  TRENTON NJ
                                          MONTH:    SEPTEMBER
                                          YEAR:     2016
                                          LATITUDE:   40 16 N
                                          LONGITUDE:  74 49 W

[TEMPERATURE DATA]      [PRECIPITATION DATA]       SYMBOLS USED IN COLUMN 16

AVERAGE MONTHLY: 71.1   TOTAL FOR MONTH:   2.12    1 = FOG OR MIST
DPTR FM NORMAL:   4.6   DPTR FM NORMAL:   -1.99    2 = FOG REDUCING VISIBILITY
HIGHEST:    97 ON 10    GRTST 24HR  1.32 ON 19-19      TO 1/4 MILE OR LESS
LOWEST:     46 ON 26                               3 = THUNDER
                        SNOW, ICE PELLETS, HAIL    4 = ICE PELLETS
                        TOTAL MONTH:    M          5 = HAIL
                        GRTST 24HR    M  ON   M    6 = FREEZING RAIN OR DRIZZLE
                        GRTST DEPTH:  M  ON   M    7 = DUSTSTORM OR SANDSTORM:
                                                       VSBY 1/2 MILE OR LESS
                                                   8 = SMOKE OR HAZE
[NO. OF DAYS WITH]      [WEATHER - DAYS WITH]      9 = BLOWING SNOW
                                                   X = TORNADO
MAX 32 OR BELOW:   0    0.01 INCH OR MORE:   7
MAX 90 OR ABOVE:   4    0.10 INCH OR MORE:   4
MIN 32 OR BELOW:   0    0.50 INCH OR MORE:   1
MIN  0 OR BELOW:   0    1.00 INCH OR MORE:   1

[HDD (BASE 65) ]
TOTAL THIS MO.    21    CLEAR  (SCALE 0-3)  16
DPTR FM NORMAL   -34    PTCLDY (SCALE 4-7)  11
TOTAL FM JUL 1    21    CLOUDY (SCALE 8-10)  2
DPTR FM NORMAL   -37

[CDD (BASE 65) ]
TOTAL THIS MO.   201
DPTR FM NORMAL   103    [PRESSURE DATA]
TOTAL FM JAN 1  1352    HIGHEST SLP M ON M
DPTR FM NORMAL   398    LOWEST  SLP 29.83 ON M

[REMARKS]
