000
CXUS51 KPHI 250800
CF6TTN
PRELIMINARY LOCAL CLIMATOLOGICAL DATA (WS FORM: F-6)

                                          STATION:   TRENTON NJ
                                          MONTH:     OCTOBER
                                          YEAR:      2014
                                          LATITUDE:   40 16 N
                                          LONGITUDE:  74 49 W

  TEMPERATURE IN F:       :PCPN:    SNOW:  WIND      :SUNSHINE: SKY     :PK WND
================================================================================
1   2   3   4   5  6A  6B    7    8   9   10  11  12  13   14  15   16   17  18
                                     12Z  AVG MX 2MIN
DY MAX MIN AVG DEP HDD CDD  WTR  SNW DPTH SPD SPD DIR MIN PSBL S-S WX    SPD DR
================================================================================

 1  69  60  65   5   0   0 0.00    M    M  6.8 13  50   M    M   9        18 100
 2  69  59  64   4   1   0 0.00    M    M  4.6 13  80   M    M  10        15  70
 3  71  55  63   4   2   0 0.05    M    M  5.9 15 150   M    M   6 1      19 130
 4  70  47  59   0   6   0 0.31    M    M 10.4 20 300   M    M   7 1      32 290
 5  60  39  50  -8  15   0 0.00    M    M  7.1 18 270   M    M   2        30 280
 6  71  38  55  -3  10   0 0.00    M    M  9.1 21 190   M    M   0        28 190
 7  70  59  65   7   0   0 0.29    M    M 10.6 20 170   M    M   6 1      29 170
 8  73  54  64   7   1   0    T    M    M  9.0 23 190   M    M   3 1      33 210
 9  71  45  58   1   7   0 0.00    M    M  6.7 22 270   M    M   0        30 260
10  61  45  53  -3  12   0    T    M    M  2.9  7 220   M    M   7        10 330
11  55  46  51  -5  14   0 0.48    M    M  5.9 12 360   M    M   8 1      16  30
12  63  42  53  -3  12   0 0.00    M    M  3.6 12  50   M    M   0        14  50
13  64  49  57   2   8   0 0.02    M    M  4.4 14 180   M    M  10 1      18 200
14  79  63  71  16   0   6 0.00    M    M 10.3 20 180   M    M   8        26 200
15  78  68  73  18   0   8 0.39    M    M 11.3 22 180   M    M  10 18     29 180
16  70  57  64  10   1   0 0.65    M    M  7.6 17 220   M    M   6 1      22 220
17  71  56  64  10   1   0 0.00    M    M  6.9 17 210   M    M   3 18     22 220
18  71  52  62   8   3   0 0.00    M    M  6.8 17 280   M    M   7 1      25 310
19  53  40  47  -6  18   0 0.00    M    M  8.6 24 350   M    M   4        32 350
20  61  33  47  -6  18   0 0.00    M    M  4.7 17 200   M    M   0        22 200
21  70  49  60   7   5   0 0.00    M    M  3.4 12  40   M    M   6        15  40
22  56  51  54   2  11   0 0.75    M    M 12.6 18 350   M    M   9 1      26 350
23  54  50  52   0  13   0 0.17    M    M 12.0 20 350   M    M  10 1      28 340
24  68  50  59   7   6   0 0.00    M    M  8.9 21 360   M    M   5        29 350
================================================================================
SM 1598 1207       164  14  3.11    M    180.1          M      136
================================================================================
AV 66.6 50.3                               7.5 FASTST   M    M   6    MAX(MPH)
                                 MISC ---->  # 24 350               # 33  210
================================================================================
NOTES:
# LAST OF SEVERAL OCCURRENCES

COLUMN 17 PEAK WIND IN M.P.H.

PRELIMINARY LOCAL CLIMATOLOGICAL DATA (WS FORM: F-6) , PAGE 2

                                          STATION:  TRENTON NJ
                                          MONTH:    OCTOBER
                                          YEAR:     2014
                                          LATITUDE:   40 16 N
                                          LONGITUDE:  74 49 W

[TEMPERATURE DATA]      [PRECIPITATION DATA]       SYMBOLS USED IN COLUMN 16

AVERAGE MONTHLY: 58.4   TOTAL FOR MONTH:   3.11    1 = FOG OR MIST
DPTR FM NORMAL:   2.8   DPTR FM NORMAL:   -0.19    2 = FOG REDUCING VISIBILITY
HIGHEST:    79 ON 14    GRTST 24HR  1.04 ON 15-16      TO 1/4 MILE OR LESS
LOWEST:     33 ON 20                               3 = THUNDER
                        SNOW, ICE PELLETS, HAIL    4 = ICE PELLETS
                        TOTAL MONTH:    M          5 = HAIL
                        GRTST 24HR    M  ON   M    6 = FREEZING RAIN OR DRIZZLE
                        GRTST DEPTH:  M  ON   M    7 = DUSTSTORM OR SANDSTORM:
                                                       VSBY 1/2 MILE OR LESS
                                                   8 = SMOKE OR HAZE
[NO. OF DAYS WITH]      [WEATHER - DAYS WITH]      9 = BLOWING SNOW
                                                   X = TORNADO
MAX 32 OR BELOW:   0    0.01 INCH OR MORE:   9
MAX 90 OR ABOVE:   0    0.10 INCH OR MORE:   7
MIN 32 OR BELOW:   0    0.50 INCH OR MORE:   2
MIN  0 OR BELOW:   0    1.00 INCH OR MORE:   0

[HDD (BASE 65) ]
TOTAL THIS MO.   164    CLEAR  (SCALE 0-3)   7
DPTR FM NORMAL   -69    PTCLDY (SCALE 4-7)  10
TOTAL FM JUL 1   212    CLOUDY (SCALE 8-10)  7
DPTR FM NORMAL   -86

[CDD (BASE 65) ]
TOTAL THIS MO.    14
DPTR FM NORMAL     7    [PRESSURE DATA]
TOTAL FM JAN 1   930    HIGHEST SLP M ON M
DPTR FM NORMAL   -32    LOWEST  SLP 29.54 ON  4

[REMARKS]
