000
CXUS54 KMEG 300653
CF6TUP
PRELIMINARY LOCAL CLIMATOLOGICAL DATA (WS FORM: F-6)

                                          STATION:   TUPELO
                                          MONTH:     JUNE
                                          YEAR:      2015
                                          LATITUDE:   34 16 N
                                          LONGITUDE:  88 46 W

  TEMPERATURE IN F:       :PCPN:    SNOW:  WIND      :SUNSHINE: SKY     :PK WND
================================================================================
1   2   3   4   5  6A  6B    7    8   9   10  11  12  13   14  15   16   17  18
                                     12Z  AVG MX 2MIN
DY MAX MIN AVG DEP HDD CDD  WTR  SNW DPTH SPD SPD DIR MIN PSBL S-S WX    SPD DR
================================================================================

 1  76  64  70  -5   0   5 0.00  0.0    0  5.3 16  30   M    M   8 1      19  40
 2  75  61  68  -7   0   3 0.00  0.0    0  4.5 10  30   M    M   7 18     12  30
 3  78  58  68  -7   0   3 0.00  0.0    0  5.7 15  40   M    M   4 1      17  30
 4  85  59  72  -4   0   7 0.00  0.0    0  4.0 13  30   M    M   1 1      15  30
 5  89  65  77   1   0  12 0.00  0.0    0  2.6 10  30   M    M   1 1      13  20
 6  90  71  81   5   0  16 0.00  0.0    0  3.2 10  40   M    M   1        13  30
 7  92  69  81   5   0  16 0.00  0.0    0  3.1 12 210   M    M   1 1      15 200
 8  89  69  79   2   0  14 0.46  0.0    0  6.6 22 270   M    M   2 3      31 280
 9  91  68  80   3   0  15 0.00  0.0    0  1.4 16 310   M    M   1 3      23 300
10  92  68  80   3   0  15 0.00  0.0    0  2.8 13 210   M    M   1        15 210
11  91  70  81   4   0  16 0.85  0.0    0  5.0 26 210   M    M   1 13     36 210
12  90  70  80   2   0  15 0.04  0.0    0  9.9 24 200   M    M   2 8      31 200
13  89  71  80   2   0  15 0.48  0.0    0  8.6 36 220   M    M   5 138    50 210
14  89  71  80   2   0  15 0.20  0.0    0  6.6 32 220   M    M   4 1      43 210
15  92  72  82   4   0  17 0.00  0.0    0  4.0 14 210   M    M   0        17 220
16  93  72  83   5   0  18 0.00  0.0    0  3.2 13 220   M    M   1        18 220
17  94  75  85   6   0  20 0.00  0.0    0  3.3 13 270   M    M   1 3      18 270
18  92  75  84   5   0  19 0.00  0.0    0  5.4 14 210   M    M   1        17 210
19  90  75  83   4   0  18 0.28  0.0    0 11.0 24 280   M    M   3 138    32 320
20  92  73  83   4   0  18 0.00  0.0    0  7.6 14 270   M    M   3        19 280
21  92  75  84   5   0  19 0.00  0.0    0  4.8 13 270   M    M   0 1      17 260
22  93  77  85   5   0  20 0.00  0.0    0  4.6 12 270   M    M   0        15 270
23  95  72  84   4   0  19 0.49  0.0    0  4.7 29  60   M    M   1 13     37  70
24  93  72  83   3   0  18 0.44  0.0    0  5.4 35  40   M    M   2 13     41  40
25  93  71  82   2   0  17 0.00  0.0    0  2.1  9 270   M    M   1        13 350
26  92  74  83   3   0  18 0.00  0.0    0  6.1 15 270   M    M   1        19 280
27  83  68  76  -4   0  11 0.11  0.0    0  5.6 16  30   M    M   6 1      21  10
28  86  64  75  -5   0  10 0.00  0.0    0  2.3  9 290   M    M   1        12 250
29  89  67  78  -3   0  13 0.00  0.0    0  5.6 14 270   M    M   2        19 290
================================================================================
SM 2585 2016         0 422  3.35     0.0 145.0          M       62
================================================================================
AV 89.1 69.5                               5.0 FASTST   M    M   2    MAX(MPH)
                                 MISC ---->  # 36 220               # 50  210
================================================================================
NOTES:
# LAST OF SEVERAL OCCURRENCES

COLUMN 17 PEAK WIND IN M.P.H.

PRELIMINARY LOCAL CLIMATOLOGICAL DATA (WS FORM: F-6) , PAGE 2

                                          STATION:  TUPELO
                                          MONTH:    JUNE
                                          YEAR:     2015
                                          LATITUDE:   34 16 N
                                          LONGITUDE:  88 46 W

[TEMPERATURE DATA]      [PRECIPITATION DATA]       SYMBOLS USED IN COLUMN 16

AVERAGE MONTHLY: 79.3   TOTAL FOR MONTH:   3.35    1 = FOG OR MIST
DPTR FM NORMAL:   1.3   DPTR FM NORMAL:   -1.02    2 = FOG REDUCING VISIBILITY
HIGHEST:    95 ON 23    GRTST 24HR  2.11 ON 31- 1      TO 1/4 MILE OR LESS
LOWEST:     58 ON  3                               3 = THUNDER
                        SNOW, ICE PELLETS, HAIL    4 = ICE PELLETS
                        TOTAL MONTH:   0.0 INCH    5 = HAIL
                        GRTST 24HR     0.0         6 = FREEZING RAIN OR DRIZZLE
                        GRTST DEPTH:   0           7 = DUSTSTORM OR SANDSTORM:
                                                       VSBY 1/2 MILE OR LESS
                                                   8 = SMOKE OR HAZE
[NO. OF DAYS WITH]      [WEATHER - DAYS WITH]      9 = BLOWING SNOW
                                                   X = TORNADO
MAX 32 OR BELOW:   0    0.01 INCH OR MORE:   9
MAX 90 OR ABOVE:  18    0.10 INCH OR MORE:   8
MIN 32 OR BELOW:   0    0.50 INCH OR MORE:   1
MIN  0 OR BELOW:   0    1.00 INCH OR MORE:   0

[HDD (BASE 65) ]
TOTAL THIS MO.     0    CLEAR  (SCALE 0-3)  22
DPTR FM NORMAL     0    PTCLDY (SCALE 4-7)   7
TOTAL FM JUL 1  3153    CLOUDY (SCALE 8-10)  0
DPTR FM NORMAL   197

[CDD (BASE 65) ]
TOTAL THIS MO.   422
DPTR FM NORMAL    44    [PRESSURE DATA]
TOTAL FM JAN 1   727    HIGHEST SLP M ON M
DPTR FM NORMAL    72    LOWEST  SLP 29.80 ON 10

[REMARKS]
