000
CXUS54 KMEG 290642
CF6TUP
PRELIMINARY LOCAL CLIMATOLOGICAL DATA (WS FORM: F-6)

                                          STATION:   TUPELO
                                          MONTH:     APRIL
                                          YEAR:      2016
                                          LATITUDE:   34 16 N
                                          LONGITUDE:  88 46 W

  TEMPERATURE IN F:       :PCPN:    SNOW:  WIND      :SUNSHINE: SKY     :PK WND
================================================================================
1   2   3   4   5  6A  6B    7    8   9   10  11  12  13   14  15   16   17  18
                                     12Z  AVG MX 2MIN
DY MAX MIN AVG DEP HDD CDD  WTR  SNW DPTH SPD SPD DIR MIN PSBL S-S WX    SPD DR
================================================================================

 1  66  53  60   2   5   0 0.00  0.0    0  8.2 20 340   M    M   3        25 300
 2  64  47  56  -2   9   0 0.00  0.0    0  7.5 18 300   M    M   1        25 320
 3  72  40  56  -3   9   0 0.00  0.0    0  4.2 13  50   M    M   0        16  30
 4  81  45  63   4   2   0 0.00  0.0    0  5.3 16 220   M    M   0        23 230
 5  71  46  59   0   6   0 0.00  0.0    0  7.0 20  10   M    M   0        23  10
 6  75  46  61   1   4   0 0.27  0.0    0  9.5 30 160   M    M   3 13     38 200
 7  76  47  62   2   3   0 0.00  0.0    0  9.1 26 350   M    M   2        33 340
 8  65  45  55  -5  10   0 0.00  0.0    0  7.9 21 310   M    M   0        31 290
 9  66  38  52  -8  13   0 0.00  0.0    0  5.8 20 360   M    M   0        25 360
10  80  48  64   3   1   0 0.01  0.0    0 12.9 28 160   M    M   4        37 160
11  65  59  62   1   3   0 2.19  0.0    0  8.6 23  90   M    M   6 13     31  90
12  67  49  58  -3   7   0 0.00  0.0    0  9.9 20 340   M    M   5 1      24 350
13  64  44  54  -7  11   0    T  0.0    0  4.8 12 340   M    M   4        13 350
14  67  55  61  -1   4   0 0.13  0.0    0  5.5 16 100   M    M  10 1      20 120
15  67  56  62   0   3   0 0.69  0.0    0  8.0 16  90   M    M   9 1      23 100
16  74  59  67   5   0   2 0.00  0.0    0  8.2 17  90   M    M   8        22 110
17  79  55  67   5   0   2 0.00  0.0    0  7.2 20 110   M    M   0        23 110
18  78  47  63   0   2   0 0.00  0.0    0  3.7 13 150   M    M   0        19 110
19  74  52  63   0   2   0 0.00  0.0    0  1.8  8  40   M    M   3         9  30
20  82  59  71   8   0   6 0.02  0.0    0  6.2 22 150   M    M   7        26 150
21  79  63  71   7   0   6 0.03  0.0    0  6.8 15 150   M    M   7 18     18 150
22  79  57  68   4   0   3 0.16  0.0    0  6.2 18 320   M    M   3 13     24 340
23  79  52  66   2   0   1 0.00  0.0    0  6.2 17 360   M    M   0        23 330
24  81  52  67   3   0   2 0.00  0.0    0  4.2 14 160   M    M   0        18 160
25  82  59  71   6   0   6 0.00  0.0    0  6.7 16 170   M    M   3        22 150
26  85  60  73   8   0   8 0.00  0.0    0  7.0 17 160   M    M   1        22 170
27  79  65  72   7   0   7 1.24  0.0    0  8.8 18 230   M    M   3 13     27 210
28  86  61  74   8   0   9 0.00  0.0    0  2.9 13 150   M    M   2 12     15 150
================================================================================
SM 2083 1459        94  52  4.74     0.0 190.1          M       84
================================================================================
AV 74.4 52.1                               6.8 FASTST   M    M   3    MAX(MPH)
                                 MISC ---->  # 30 160               # 38  200
================================================================================
NOTES:
# LAST OF SEVERAL OCCURRENCES

COLUMN 17 PEAK WIND IN M.P.H.

PRELIMINARY LOCAL CLIMATOLOGICAL DATA (WS FORM: F-6) , PAGE 2

                                          STATION:  TUPELO
                                          MONTH:    APRIL
                                          YEAR:     2016
                                          LATITUDE:   34 16 N
                                          LONGITUDE:  88 46 W

[TEMPERATURE DATA]      [PRECIPITATION DATA]       SYMBOLS USED IN COLUMN 16

AVERAGE MONTHLY: 63.2   TOTAL FOR MONTH:   4.74    1 = FOG OR MIST
DPTR FM NORMAL:   1.4   DPTR FM NORMAL:    0.31    2 = FOG REDUCING VISIBILITY
HIGHEST:    86 ON 28    GRTST 24HR  3.14 ON 31- 1      TO 1/4 MILE OR LESS
LOWEST:     38 ON  9                               3 = THUNDER
                        SNOW, ICE PELLETS, HAIL    4 = ICE PELLETS
                        TOTAL MONTH:   0.0 INCH    5 = HAIL
                        GRTST 24HR     0.0         6 = FREEZING RAIN OR DRIZZLE
                        GRTST DEPTH:   0           7 = DUSTSTORM OR SANDSTORM:
                                                       VSBY 1/2 MILE OR LESS
                                                   8 = SMOKE OR HAZE
[NO. OF DAYS WITH]      [WEATHER - DAYS WITH]      9 = BLOWING SNOW
                                                   X = TORNADO
MAX 32 OR BELOW:   0    0.01 INCH OR MORE:   9
MAX 90 OR ABOVE:   0    0.10 INCH OR MORE:   6
MIN 32 OR BELOW:   0    0.50 INCH OR MORE:   3
MIN  0 OR BELOW:   0    1.00 INCH OR MORE:   2

[HDD (BASE 65) ]
TOTAL THIS MO.    94    CLEAR  (SCALE 0-3)  16
DPTR FM NORMAL   -48    PTCLDY (SCALE 4-7)   9
TOTAL FM JUL 1  2261    CLOUDY (SCALE 8-10)  3
DPTR FM NORMAL  -667

[CDD (BASE 65) ]
TOTAL THIS MO.    52
DPTR FM NORMAL    -1    [PRESSURE DATA]
TOTAL FM JAN 1    81    HIGHEST SLP M ON M
DPTR FM NORMAL    12    LOWEST  SLP 29.62 ON 27

[REMARKS]
