000
CXUS55 KTWC 260855
CF6TUS
PRELIMINARY LOCAL CLIMATOLOGICAL DATA (WS FORM: F-6)

                                          STATION:   TUCSON AZ
                                          MONTH:     MAY
                                          YEAR:      2015
                                          LATITUDE:   32  7 N
                                          LONGITUDE: 110 56 W

  TEMPERATURE IN F:       :PCPN:    SNOW:  WIND      :SUNSHINE: SKY     :PK WND
================================================================================
1   2   3   4   5  6A  6B    7    8   9   10  11  12  13   14  15   16   17  18
                                     12Z  AVG MX 2MIN
DY MAX MIN AVG DEP HDD CDD  WTR  SNW DPTH SPD SPD DIR MIN PSBL S-S WX    SPD DR
================================================================================

 1  97  62  80   8   0  15 0.00  0.0    0  5.6 14 260   M    M   0        19 270
 2  93  66  80   8   0  15    T  0.0    0  6.3 26 240   M    M   0 38     38 250
 3  90  62  76   4   0  11    T  0.0    0  7.0 21 140   M    M   3        25 160
 4  83  59  71  -1   0   6 0.03  0.0    0  8.6 24 320   M    M   4 3      30 320
 5  82  57  70  -3   0   5 0.00  0.0    0  5.8 18 270   M    M   2        24 330
 6  88  60  74   1   0   9 0.00  0.0    0  9.0 24 210   M    M   0        31 180
 7  84  62  73   0   0   8 0.00  0.0    0 10.4 23 200   M    M   1        31 250
 8  79  58  69  -5   0   4 0.00  0.0    0 10.5 26 240   M    M   0        36 240
 9  74  51  63 -11   2   0 0.00  0.0    0  5.5 15 350   M    M   1        20 360
10  81  50  66  -8   0   1 0.00  0.0    0  5.2 16 330   M    M   0        21 320
11  92  54  73  -1   0   8 0.00  0.0    0  7.4 23 170   M    M   0        31  90
12  82  61  72  -3   0   7 0.00  0.0    0 10.4 24 170   M    M   0        32 220
13  90  56  73  -2   0   8 0.00  0.0    0  7.4 18 220   M    M   1 8      26 220
14  86  64  75   0   0  10 0.00  0.0    0 12.9 26 210   M    M   0        38 220
15  75  60  68  -8   0   3 0.00  0.0    0  8.2 25 220   M    M   4        31 210
16  75  53  64 -12   1   0 0.06  0.0    0  7.3 20 240   M    M   4        27 240
17  87  59  73  -3   0   8 0.00  0.0    0  6.2 15 250   M    M   0        20 220
18  91  59  75  -2   0  10 0.00  0.0    0 10.9 28 230   M    M   0        35 200
19  86  53  70  -7   0   5 0.00  0.0    0  5.1 14 340   M    M   0        19 280
20  92  58  75  -2   0  10 0.00  0.0    0  7.5 20 220   M    M   0        24 230
21  87  60  74  -4   0   9 0.00  0.0    0  8.8 26 200   M    M   0        34 220
22  83  54  69  -9   0   4 0.00  0.0    0 11.5 26 230   M    M   0        36 240
23  79  53  66 -12   0   1 0.00  0.0    0  6.0 16 320   M    M   0        21 300
24  83  57  70  -8   0   5 0.00  0.0    0  7.2 15 310   M    M   1        20 280
25  88  57  73  -6   0   8 0.00  0.0    0  6.3 15 350   M    M   M        20 330
================================================================================
SM 2127 1445         3 170  0.09     0.0 197.0          M       21
================================================================================
AV 85.1 57.8                               7.9 FASTST   M    M   1    MAX(MPH)
                                 MISC ---->  # 28 230               # 38  250
================================================================================
NOTES:
# LAST OF SEVERAL OCCURRENCES

COLUMN 17 PEAK WIND IN M.P.H.

PRELIMINARY LOCAL CLIMATOLOGICAL DATA (WS FORM: F-6) , PAGE 2

                                          STATION:  TUCSON AZ
                                          MONTH:    MAY
                                          YEAR:     2015
                                          LATITUDE:   32  7 N
                                          LONGITUDE: 110 56 W

[TEMPERATURE DATA]      [PRECIPITATION DATA]       SYMBOLS USED IN COLUMN 16

AVERAGE MONTHLY: 71.4   TOTAL FOR MONTH:   0.09    1 = FOG OR MIST
DPTR FM NORMAL:  -3.7   DPTR FM NORMAL:   -0.09    2 = FOG REDUCING VISIBILITY
HIGHEST:    97 ON  1    GRTST 24HR  0.06 ON 16-16      TO 1/4 MILE OR LESS
LOWEST:     50 ON 10                               3 = THUNDER
                        SNOW, ICE PELLETS, HAIL    4 = ICE PELLETS
                        TOTAL MONTH:   0.0 INCH    5 = HAIL
                        GRTST 24HR     0.0         6 = FREEZING RAIN OR DRIZZLE
                        GRTST DEPTH:   0           7 = DUSTSTORM OR SANDSTORM:
                                                       VSBY 1/2 MILE OR LESS
                                                   8 = SMOKE OR HAZE
[NO. OF DAYS WITH]      [WEATHER - DAYS WITH]      9 = BLOWING SNOW
                                                   X = TORNADO
MAX 32 OR BELOW:   0    0.01 INCH OR MORE:   2
MAX 90 OR ABOVE:   7    0.10 INCH OR MORE:   0
MIN 32 OR BELOW:   0    0.50 INCH OR MORE:   0
MIN  0 OR BELOW:   0    1.00 INCH OR MORE:   0

[HDD (BASE 65) ]
TOTAL THIS MO.     3    CLEAR  (SCALE 0-3)  21
DPTR FM NORMAL     0    PTCLDY (SCALE 4-7)   3
TOTAL FM JUL 1   905    CLOUDY (SCALE 8-10)  0
DPTR FM NORMAL  -604

[CDD (BASE 65) ]
TOTAL THIS MO.   170
DPTR FM NORMAL   -89    [PRESSURE DATA]
TOTAL FM JAN 1   413    HIGHEST SLP M ON M
DPTR FM NORMAL     0    LOWEST  SLP 29.63 ON  6

[REMARKS]
