000
CXUS55 KTWC 220855
CF6TUS
PRELIMINARY LOCAL CLIMATOLOGICAL DATA (WS FORM: F-6)

                                          STATION:   TUCSON AZ
                                          MONTH:     JULY
                                          YEAR:      2017
                                          LATITUDE:   32  7 N
                                          LONGITUDE: 110 56 W

  TEMPERATURE IN F:       :PCPN:    SNOW:  WIND      :SUNSHINE: SKY     :PK WND
================================================================================
1   2   3   4   5  6A  6B    7    8   9   10  11  12  13   14  15   16   17  18
                                     12Z  AVG MX 2MIN
DY MAX MIN AVG DEP HDD CDD  WTR  SNW DPTH SPD SPD DIR MIN PSBL S-S WX    SPD DR
================================================================================

 1 109  73  91   3   0  26 0.00  0.0    0  8.5 20 270   M    M   0        30 270
 2 105  80  93   5   0  28 0.00  0.0    0  8.5 22 200   M    M   0        29 200
 3 103  79  91   3   0  26 0.00  0.0    0 10.0 21 340   M    M   0        31 150
 4 106  82  94   6   0  29 0.00  0.0    0  7.8 18 340   M    M   0        24 320
 5 106  83  95   7   0  30 0.00  0.0    0  8.3 21 190   M    M   0        28 320
 6 109  84  97   9   0  32 0.00  0.0    0  7.7 21 270   M    M   0 3      26 270
 7 111  80  96   8   0  31 0.00  0.0    0 11.6 20  80   M    M   0        27 110
 8 109  86  98  10   0  33 0.00  0.0    0 10.2 24 170   M    M   0        30 130
 9 102  80  91   3   0  26 0.00  0.0    0  6.6 17 120   M    M   1        23 340
10 104  73  89   1   0  24 0.10  0.0    0  9.2 33 170   M    M   1 3      39 170
11  94  70  82  -6   0  17 0.59  0.0    0  6.3 20 130   M    M   5 13     22 130
12 100  76  88   0   0  23 0.00  0.0    0  8.5 31  60   M    M   3 3      43  60
13 102  74  88   0   0  23 0.33  0.0    0  8.2 44 140   M    M   1 3      51 140
14 101  75  88   1   0  23 0.02  0.0    0  5.5 26  10   M    M   1 3      35 360
15 103  70  87   0   0  22 1.45  0.0    0  7.4 31 120   M    M   1 13     42 130
16  96  71  84  -3   0  19 0.18  0.0    0  7.3 36 180   M    M   2 13     42 190
17  91  73  82  -5   0  17 0.03  0.0    0  4.6 17 250   M    M   2 3      23 240
18  95  75  85  -2   0  20 0.01  0.0    0  6.3 15 340   M    M   2 3      25 120
19  97  75  86  -1   0  21 0.00  0.0    0  7.7 26 360   M    M   1 3      36  30
20  95  75  85  -2   0  20 0.30  0.0    0  6.8 20 170   M    M   3 3      23 170
21  96  74  85  -2   0  20 0.44  0.0    0  5.8 23 160   M    M   2 13     30 230
================================================================================
SM 2134 1608         0 510  3.45     0.0 162.8          M       25
================================================================================
AV101.6 76.6                               7.8 FASTST   M    M   1    MAX(MPH)
                                 MISC ---->  # 44 140               # 51  140
================================================================================
NOTES:
# LAST OF SEVERAL OCCURRENCES

COLUMN 17 PEAK WIND IN M.P.H.

PRELIMINARY LOCAL CLIMATOLOGICAL DATA (WS FORM: F-6) , PAGE 2

                                          STATION:  TUCSON AZ
                                          MONTH:    JULY
                                          YEAR:     2017
                                          LATITUDE:   32  7 N
                                          LONGITUDE: 110 56 W

[TEMPERATURE DATA]      [PRECIPITATION DATA]       SYMBOLS USED IN COLUMN 16

AVERAGE MONTHLY: 89.1   TOTAL FOR MONTH:   3.45    1 = FOG OR MIST
DPTR FM NORMAL:   1.5   DPTR FM NORMAL:    2.13    2 = FOG REDUCING VISIBILITY
HIGHEST:   111 ON  7    GRTST 24HR  1.45 ON 15-15      TO 1/4 MILE OR LESS
LOWEST:     70 ON 15,11                            3 = THUNDER
                        SNOW, ICE PELLETS, HAIL    4 = ICE PELLETS
                        TOTAL MONTH:   0.0 INCH    5 = HAIL
                        GRTST 24HR     0.0         6 = FREEZING RAIN OR DRIZZLE
                        GRTST DEPTH:   0           7 = DUSTSTORM OR SANDSTORM:
                                                       VSBY 1/2 MILE OR LESS
                                                   8 = SMOKE OR HAZE
[NO. OF DAYS WITH]      [WEATHER - DAYS WITH]      9 = BLOWING SNOW
                                                   X = TORNADO
MAX 32 OR BELOW:   0    0.01 INCH OR MORE:  10
MAX 90 OR ABOVE:  21    0.10 INCH OR MORE:   7
MIN 32 OR BELOW:   0    0.50 INCH OR MORE:   2
MIN  0 OR BELOW:   0    1.00 INCH OR MORE:   1

[HDD (BASE 65) ]
TOTAL THIS MO.     0    CLEAR  (SCALE 0-3)  19
DPTR FM NORMAL     0    PTCLDY (SCALE 4-7)   2
TOTAL FM JUL 1     0    CLOUDY (SCALE 8-10)  0
DPTR FM NORMAL     0

[CDD (BASE 65) ]
TOTAL THIS MO.   510
DPTR FM NORMAL    36    [PRESSURE DATA]
TOTAL FM JAN 1  1993    HIGHEST SLP M ON M
DPTR FM NORMAL   423    LOWEST  SLP 27.25 ON  7

[REMARKS]
