000
CXUS53 KAPX 280631
CF6TVC
PRELIMINARY LOCAL CLIMATOLOGICAL DATA (WS FORM: F-6)

                                          STATION:   TRAVERSE CITY MI
                                          MONTH:     JULY
                                          YEAR:      2017
                                          LATITUDE:   44 44 N
                                          LONGITUDE:  85 34 W

  TEMPERATURE IN F:       :PCPN:    SNOW:  WIND      :SUNSHINE: SKY     :PK WND
================================================================================
1   2   3   4   5  6A  6B    7    8   9   10  11  12  13   14  15   16   17  18
                                     12Z  AVG MX 2MIN
DY MAX MIN AVG DEP HDD CDD  WTR  SNW DPTH SPD SPD DIR MIN PSBL S-S WX    SPD DR
================================================================================

 1  73  61  67  -1   0   2 0.00    M    M  4.9 15 280   M    M   7        21 310
 2  77  56  67  -1   0   2 0.04    M    M  6.6 22 260   M    M   5 3      30 270
 3  75  52  64  -4   1   0 0.00    M    M  3.5 12  50   M    M   3        15 350
 4  80  51  66  -2   0   1 0.00    M    M  3.2 13  50   M    M   1 18     17  50
 5  86  58  72   3   0   7 0.00    M    M  4.7 17 270   M    M   4        23 270
 6  87  65  76   7   0  11 0.09    M    M  5.6 32 300   M    M   4 3      41 300
 7  76  61  69   0   0   4 0.04    M    M  7.8 20 330   M    M   3        26 330
 8  78  55  67  -2   0   2 0.00  0.0    0  7.0 17 270   M    M   3        23 260
 9  82  63  73   4   0   8 0.36    M    M  5.8 17 290   M    M   7 18     23 290
10  81  61  71   2   0   6    T    M    M  3.3 12  40   M    M   5 13     19  20
11  85  61  73   4   0   8 0.00    M    M  3.0 12  20   M    M   4        15  20
12  83  64  74   5   0   9 0.11    M    M  3.0 12  50   M    M   6 13     16  40
13  73  64  69   0   0   4 0.29    M    M  6.7 14 290   M    M   9 13     15 290
14  70  58  64  -5   1   0 0.01    M    M  8.4 15 310   M    M   8 1      20 330
15  80  56  68  -1   0   3 0.00    M    M  6.2 18 270   M    M   5 1      24 230
16  71  57  64  -5   1   0 0.00    M    M  7.9 14 350   M    M   7        19 340
17  80  51  66  -3   0   1 0.00    M    M  3.4 15 330   M    M   1        19 330
18  88  58  73   4   0   8 0.01    M    M  5.2 30 280   M    M   3        35 280
19  82  64  73   4   0   8 0.00    M    M  4.6 10  40   M    M   5        16  30
20  86  63  75   6   0  10 0.00    M    M  6.1 21 280   M    M   5        26 270
21  87  62  75   6   0  10 0.00    M    M  2.8 12  40   M    M   6        18  30
22  80  69  75   6   0  10 0.01    M    M  3.8 10  20   M    M   8        15  30
23  82  63  73   4   0   8 0.02    M    M  8.6 21 300   M    M   7 3      26 290
24  75  56  66  -3   0   1 0.00    M    M  8.6 15  10   M    M   5        21  50
25  83  50  67  -2   0   2 0.01    M    M  2.8 14 270   M    M   5 3      20 270
26  74  64  69   0   0   4 0.41    M    M  5.0 21 290   M    M   9 13     27 270
27  79  66  73   4   0   8 0.00    M    M  7.0 16  10   M    M   4 1      22  10
================================================================================
SM 2153 1609         3 137  1.40     0.0 145.5          M      139
================================================================================
AV 79.7 59.6                               5.4 FASTST   M    M   5    MAX(MPH)
                                 MISC ---->  # 32 300               # 41  300
================================================================================
NOTES:
# LAST OF SEVERAL OCCURRENCES

COLUMN 17 PEAK WIND IN M.P.H.

PRELIMINARY LOCAL CLIMATOLOGICAL DATA (WS FORM: F-6) , PAGE 2

                                          STATION:  TRAVERSE CITY MI
                                          MONTH:    JULY
                                          YEAR:     2017
                                          LATITUDE:   44 44 N
                                          LONGITUDE:  85 34 W

[TEMPERATURE DATA]      [PRECIPITATION DATA]       SYMBOLS USED IN COLUMN 16

AVERAGE MONTHLY: 69.7   TOTAL FOR MONTH:   1.40    1 = FOG OR MIST
DPTR FM NORMAL:   0.8   DPTR FM NORMAL:   -1.20    2 = FOG REDUCING VISIBILITY
HIGHEST:    88 ON 18    GRTST 24HR  0.41 ON 26-26      TO 1/4 MILE OR LESS
LOWEST:     50 ON 25                               3 = THUNDER
                        SNOW, ICE PELLETS, HAIL    4 = ICE PELLETS
                        TOTAL MONTH:   0.0 INCH    5 = HAIL
                        GRTST 24HR     0.0         6 = FREEZING RAIN OR DRIZZLE
                        GRTST DEPTH:   0           7 = DUSTSTORM OR SANDSTORM:
                                                       VSBY 1/2 MILE OR LESS
                                                   8 = SMOKE OR HAZE
[NO. OF DAYS WITH]      [WEATHER - DAYS WITH]      9 = BLOWING SNOW
                                                   X = TORNADO
MAX 32 OR BELOW:   0    0.01 INCH OR MORE:  12
MAX 90 OR ABOVE:   0    0.10 INCH OR MORE:   4
MIN 32 OR BELOW:   0    0.50 INCH OR MORE:   0
MIN  0 OR BELOW:   0    1.00 INCH OR MORE:   0

[HDD (BASE 65) ]
TOTAL THIS MO.     3    CLEAR  (SCALE 0-3)   4
DPTR FM NORMAL   -25    PTCLDY (SCALE 4-7)  21
TOTAL FM JUL 1     3    CLOUDY (SCALE 8-10)  2
DPTR FM NORMAL   -25

[CDD (BASE 65) ]
TOTAL THIS MO.   137
DPTR FM NORMAL     2    [PRESSURE DATA]
TOTAL FM JAN 1   267    HIGHEST SLP M ON M
DPTR FM NORMAL    31    LOWEST  SLP 29.71 ON 23

[REMARKS]
