000
CXUS55 KBOI 261002
CF6TWF
PRELIMINARY LOCAL CLIMATOLOGICAL DATA (WS FORM: F-6)

                                          STATION:   TWIN FALLS ID
                                          MONTH:     NOVEMBER
                                          YEAR:      2014
                                          LATITUDE:   42 28 N
                                          LONGITUDE: 114 29 W

  TEMPERATURE IN F:       :PCPN:    SNOW:  WIND      :SUNSHINE: SKY     :PK WND
================================================================================
1   2   3   4   5  6A  6B    7    8   9   10  11  12  13   14  15   16   17  18
                                     12Z  AVG MX 2MIN
DY MAX MIN AVG DEP HDD CDD  WTR  SNW DPTH SPD SPD DIR MIN PSBL S-S WX    SPD DR
================================================================================

 1  67  41  54  10  11   0 0.05    M    M 16.1 43 150   M    M   5        53 150
 2  45  36  41  -3  24   0 0.09    M    M 20.4 29 260   M    M   6 1      35 250
 3  51  32  42  -1  23   0 0.00    M    M 12.4 20 280   M    M   1        24 280
 4  57  34  46   3  19   0 0.00    M    M  8.2 16 280   M    M   6        20 260
 5  63  38  51   9  14   0 0.00    M    M  6.0 12 190   M    M   3        15 200
 6  68  32  50   8  15   0 0.00    M    M  8.7 17 180   M    M   0        23 180
 7  60  34  47   5  18   0 0.00    M    M 12.6 25 240   M    M   1        30 240
 8  59  28  44   3  21   0 0.00    M    M  5.8 13 180   M    M   0 8      16 180
 9  72  40  56  15   9   0    T    M    M 12.2 31 260   M    M   2        40 260
10  47  28  38  -2  27   0 0.00    M    M 21.6 33 260   M    M   1 8      43 260
11  31  14  23 -17  42   0 0.00    M    M 15.2 26  80   M    M   4        33  80
12  29  11  20 -19  45   0 0.00    M    M 18.0 31  70   M    M   0        39  70
13  28  15  22 -17  43   0 0.10    M    M 11.0 21  50   M    M   9 168    25  50
14  49  27  38   0  27   0 0.33    M    M 10.4 23 220   M    M  10 1268   30 260
15  27  11  19 -19  46   0 0.00    M    M 10.9 22 220   M    M   5        27 220
16  28   8  18 -19  47   0 0.00    M    M  6.1 14 200   M    M   1        17 200
17  27   5  16 -21  49   0 0.00    M    M  2.9  9  80   M    M   0 18     12 100
18  31   6  19 -17  46   0 0.00    M    M  4.1 12  80   M    M   0 18     13  70
19  35  11  23 -13  42   0 0.00    M    M  1.8  8 150   M    M   1 18      8 160
20  48  20  34  -2  31   0 0.00    M    M  3.5 12 170   M    M   3 18     14 180
21  49  23  36   1  29   0    T    M    M  5.6 14 200   M    M   2 18     18 190
22  51  34  43   8  22   0 0.69    M    M 17.0 33 260   M    M   9 1      42 260
23  42  29  36   2  29   0 0.00    M    M 17.2 32 250   M    M   1        39 250
24  44  32  38   4  27   0 0.00    M    M 15.4 29 240   M    M   1        33 240
25  56  41  49  16  16   0 0.00    M    M 20.7 32 230   M    M  10        43 240
================================================================================
SM 1164  630       722   0  1.26    M    283.8          M       81
================================================================================
AV 46.6 25.2                              11.4 FASTST   M    M   3    MAX(MPH)
                                 MISC ---->  # 43 150               # 53  150
================================================================================
NOTES:
# LAST OF SEVERAL OCCURRENCES

COLUMN 17 PEAK WIND IN M.P.H.

PRELIMINARY LOCAL CLIMATOLOGICAL DATA (WS FORM: F-6) , PAGE 2

                                          STATION:  TWIN FALLS ID
                                          MONTH:    NOVEMBER
                                          YEAR:     2014
                                          LATITUDE:   42 28 N
                                          LONGITUDE: 114 29 W

[TEMPERATURE DATA]      [PRECIPITATION DATA]       SYMBOLS USED IN COLUMN 16

AVERAGE MONTHLY: 35.9   TOTAL FOR MONTH:   1.26    1 = FOG OR MIST
DPTR FM NORMAL:  -2.9   DPTR FM NORMAL:    0.32    2 = FOG REDUCING VISIBILITY
HIGHEST:    72 ON  9    GRTST 24HR  0.69 ON 22-22      TO 1/4 MILE OR LESS
LOWEST:      5 ON 17                               3 = THUNDER
                        SNOW, ICE PELLETS, HAIL    4 = ICE PELLETS
                        TOTAL MONTH:    M          5 = HAIL
                        GRTST 24HR    M  ON   M    6 = FREEZING RAIN OR DRIZZLE
                        GRTST DEPTH:  M  ON   M    7 = DUSTSTORM OR SANDSTORM:
                                                       VSBY 1/2 MILE OR LESS
                                                   8 = SMOKE OR HAZE
[NO. OF DAYS WITH]      [WEATHER - DAYS WITH]      9 = BLOWING SNOW
                                                   X = TORNADO
MAX 32 OR BELOW:   7    0.01 INCH OR MORE:   5
MAX 90 OR ABOVE:   0    0.10 INCH OR MORE:   3
MIN 32 OR BELOW:  17    0.50 INCH OR MORE:   1
MIN  0 OR BELOW:   0    1.00 INCH OR MORE:   0

[HDD (BASE 65) ]
TOTAL THIS MO.   722    CLEAR  (SCALE 0-3)  15
DPTR FM NORMAL    66    PTCLDY (SCALE 4-7)   6
TOTAL FM JUL 1  1103    CLOUDY (SCALE 8-10)  4
DPTR FM NORMAL  -172

[CDD (BASE 65) ]
TOTAL THIS MO.     0
DPTR FM NORMAL     0    [PRESSURE DATA]
TOTAL FM JAN 1   851    HIGHEST SLP M ON M
DPTR FM NORMAL   171    LOWEST  SLP 29.48 ON  1

[REMARKS]
