000
CXUS54 KSHV 291300
CF6TXK
PRELIMINARY LOCAL CLIMATOLOGICAL DATA (WS FORM: F-6)

                                          STATION:   TEXARKANA
                                          MONTH:     JUNE
                                          YEAR:      2015
                                          LATITUDE:   33 27 N
                                          LONGITUDE:  94  0 W

  TEMPERATURE IN F:       :PCPN:    SNOW:  WIND      :SUNSHINE: SKY     :PK WND
================================================================================
1   2   3   4   5  6A  6B    7    8   9   10  11  12  13   14  15   16   17  18
                                     12Z  AVG MX 2MIN
DY MAX MIN AVG DEP HDD CDD  WTR  SNW DPTH SPD SPD DIR MIN PSBL S-S WX    SPD DR
================================================================================

 1  80  66  73  -3   0   8    T  0.0    0  3.7 10  50   M    M   6 1      13  90
 2  84  64  74  -2   0   9 0.00  0.0    0  3.6 12 140   M    M   4        15 140
 3  86  65  76   0   0  11 0.00  0.0    0  3.9 12 140   M    M   1 1      14 140
 4  89  65  77   1   0  12 0.00  0.0    0  2.7  8 130   M    M   1 1      11 180
 5  90  67  79   3   0  14 0.00  0.0    0  2.1  8  30   M    M   0 1      12  70
 6  91  68  80   3   0  15 0.00  0.0    0  1.6  7 150   M    M   1 18     11 360
 7  93  70  82   5   0  17 0.00  0.0    0  3.8 10 240   M    M   1 18     14 150
 8  93  74  84   7   0  19 0.00  0.0    0  7.3 16 260   M    M   0 18     21 230
 9  95  75  85   8   0  20 0.00  0.0    0  4.9 14 270   M    M   2        17 260
10  94  69  82   4   0  17 0.00  0.0    0  4.1 13 170   M    M   2 1      18 160
11  92  74  83   5   0  18 0.00  0.0    0  8.2 14 160   M    M   2        19 190
12  92  73  83   5   0  18 0.00  0.0    0  7.8 17 150   M    M   2        22 140
13  87  74  81   3   0  16    T  0.0    0  9.7 18 150   M    M   7        24 170
14  90  73  82   4   0  17 0.03  0.0    0  7.0 21 180   M    M   3 138    28 160
15  92  73  83   5   0  18 0.09  0.0    0  6.2 17 130   M    M   4        29 140
16  89  73  81   2   0  16 0.67  0.0    0  5.2 28 160   M    M   3 13     35 180
17  86  72  79   0   0  14 0.58  0.0    0  9.5 29 160   M    M   6 13     40 140
18  86  71  79   0   0  14 1.42  0.0    0 13.6 31 260   M    M   7 13     44 260
19  92  74  83   4   0  18 0.15  0.0    0  9.7 24 270   M    M   6 13     29 270
20  90  74  82   3   0  17 0.01  0.0    0  8.9 17 230   M    M   1 1      22 220
21  88  72  80   0   0  15    T  0.0    0  5.8 16 290   M    M   1        21 330
22  92  72  82   2   0  17 0.00  0.0    0  8.1 14 220   M    M   1 1      17 230
23  94  75  85   5   0  20 0.00  0.0    0  5.6 12 240   M    M   0 8      20 250
24  95  75  85   5   0  20 0.00  0.0    0  5.3 12 140   M    M   0        16 140
25  95  75  85   5   0  20 0.00  0.0    0  7.0 20 150   M    M   1        23 180
26  93  71  82   2   0  17 0.20  0.0    0  8.4 25 320   M    M   1 13     36 330
27  88  70  79  -1   0  14 0.22  0.0    0  3.7 13 290   M    M   6 13     17 280
28  88  66  77  -4   0  12 0.00  0.0    0  3.1  8 180   M    M   1        11 140
================================================================================
SM 2524 1990         0 443  3.37     0.0 170.5          M       70
================================================================================
AV 90.1 71.1                               6.1 FASTST   M    M   3    MAX(MPH)
                                 MISC ---->  # 31 260               # 44  260
================================================================================
NOTES:
# LAST OF SEVERAL OCCURRENCES

COLUMN 17 PEAK WIND IN M.P.H.

PRELIMINARY LOCAL CLIMATOLOGICAL DATA (WS FORM: F-6) , PAGE 2

                                          STATION:  TEXARKANA
                                          MONTH:    JUNE
                                          YEAR:     2015
                                          LATITUDE:   33 27 N
                                          LONGITUDE:  94  0 W

[TEMPERATURE DATA]      [PRECIPITATION DATA]       SYMBOLS USED IN COLUMN 16

AVERAGE MONTHLY: 80.6   TOTAL FOR MONTH:   3.37    1 = FOG OR MIST
DPTR FM NORMAL:   2.3   DPTR FM NORMAL:   -0.79    2 = FOG REDUCING VISIBILITY
HIGHEST:    95 ON 25,24 GRTST 24HR  1.42 ON 17-18      TO 1/4 MILE OR LESS
LOWEST:     64 ON  2                               3 = THUNDER
                        SNOW, ICE PELLETS, HAIL    4 = ICE PELLETS
                        TOTAL MONTH:   0.0 INCH    5 = HAIL
                        GRTST 24HR     0.0         6 = FREEZING RAIN OR DRIZZLE
                        GRTST DEPTH:   0           7 = DUSTSTORM OR SANDSTORM:
                                                       VSBY 1/2 MILE OR LESS
                                                   8 = SMOKE OR HAZE
[NO. OF DAYS WITH]      [WEATHER - DAYS WITH]      9 = BLOWING SNOW
                                                   X = TORNADO
MAX 32 OR BELOW:   0    0.01 INCH OR MORE:   9
MAX 90 OR ABOVE:  17    0.10 INCH OR MORE:   6
MIN 32 OR BELOW:   0    0.50 INCH OR MORE:   3
MIN  0 OR BELOW:   0    1.00 INCH OR MORE:   1

[HDD (BASE 65) ]
TOTAL THIS MO.     0    CLEAR  (SCALE 0-3)  19
DPTR FM NORMAL     0    PTCLDY (SCALE 4-7)   9
TOTAL FM JUL 1  2811    CLOUDY (SCALE 8-10)  0
DPTR FM NORMAL   195

[CDD (BASE 65) ]
TOTAL THIS MO.   443
DPTR FM NORMAL    69    [PRESSURE DATA]
TOTAL FM JAN 1   767    HIGHEST SLP M ON M
DPTR FM NORMAL    73    LOWEST  SLP 29.76 ON 10

[REMARKS]
