000
CXUS54 KMRX 311000
CF6TYS
PRELIMINARY LOCAL CLIMATOLOGICAL DATA (WS FORM: F-6)

                                          STATION:   KNOXVILLE    ASOS
                                          MONTH:     JULY
                                          YEAR:      2015
                                          LATITUDE:   35 49 N
                                          LONGITUDE:  83 59 W

  TEMPERATURE IN F:       :PCPN:    SNOW:  WIND      :SUNSHINE: SKY     :PK WND
================================================================================
1   2   3   4   5  6A  6B    7    8   9   10  11  12  13   14  15   16   17  18
                                     12Z  AVG MX 2MIN
DY MAX MIN AVG DEP HDD CDD  WTR  SNW DPTH SPD SPD DIR MIN PSBL S-S WX    SPD DR
================================================================================

 1  79  67  73  -5   0   8    T  0.0    0 10.4 23 210   M    M   8 18     27 220
 2  79  67  73  -5   0   8 1.01  0.0    0  8.9 21 210   M    M   9 1      26 210
 3  78  68  73  -5   0   8 0.56  0.0    0 11.5 31 220   M    M  10 1      37 220
 4  78  68  73  -5   0   8 0.24  0.0    0  9.8 17 230   M    M   9 18     22 240
 5  77  68  73  -5   0   8 0.26  0.0    0  8.5 22 220   M    M  10 1      25 240
 6  84  67  76  -2   0  11 0.00  0.0    0  6.1 12 210   M    M   6        15 190
 7  88  70  79   1   0  14 0.00  0.0    0  9.8 20 220   M    M   6        24 220
 8  89  71  80   2   0  15 0.20  0.0    0  7.4 25 240   M    M   6 13     30 240
 9  91  73  82   4   0  17 0.00  0.0    0  9.3 20 230   M    M   3        24 230
10  91  71  81   3   0  16 0.00  0.0    0  7.2 16 240   M    M   2        21 280
11  88  72  80   2   0  15 0.70  0.0    0  4.6 22 190   M    M   7 138    26 190
12  85  68  77  -1   0  12 0.07  0.0    0  4.6 12 220   M    M   9 12     15 200
13  90  73  82   3   0  17    T  0.0    0  6.9 15 230   M    M   7        19 220
14  84  68  76  -3   0  11 1.55  0.0    0  9.8 31  40   M    M   M 13     41  40
15  86  69  78  -1   0  13 0.11  0.0    0  7.5 14  20   M    M   M 13     18  40
16  88  66  77  -2   0  12 0.00  0.0    0  3.7  9 360   M    M   M        12  10
17  90  68  79   0   0  14 0.00  0.0    0  4.6 14 220   M    M   1 1      18 230
18  89  73  81   2   0  16 0.18  0.0    0  3.7 22 330   M    M   6 138    26 340
19  91  72  82   3   0  17 0.25  0.0    0  4.7 30 310   M    M   7 3      51 320
20  91  71  81   2   0  16 0.57  0.0    0  6.4 23 300   M    M   6 13     32 310
21  89  72  81   2   0  16 0.14  0.0    0  7.2 17 250   M    M   8 13     20 240
22  89  70  80   1   0  15    T  0.0    0  4.4 13 230   M    M   7 1      14 220
23  76  71  74  -5   0   9 0.64  0.0    0  4.6 12  20   M    M   8 1      13  30
24  87  70  79   1   0  14 0.00  0.0    0  3.7 10  30   M    M   7 128    13  20
25  89  69  79   1   0  14 0.00  0.0    0  3.8 10 300   M    M   5 1      17 320
26  91  70  81   3   0  16 0.00  0.0    0  3.8 12 230   M    M   3 1      15 230
27  92  73  83   5   0  18    T  0.0    0  4.0 14 320   M    M   6        16 320
28  92  72  82   4   0  17 0.01  0.0    0  4.6 15 320   M    M   7 138    19 320
29  92  74  83   5   0  18    T  0.0    0  2.9  8  50   M    M   7 1      12 330
30  91  75  83   5   0  18 0.00  0.0    0  5.8 15 350   M    M   6 18     20 330
================================================================================
SM 2604 2106         0 411  6.49     0.0 190.2          M      176
================================================================================
AV 86.8 70.2                               6.3 FASTST   M    M   7    MAX(MPH)
                                 MISC ---->  # 31 220               # 51  320
================================================================================
NOTES:
# LAST OF SEVERAL OCCURRENCES

COLUMN 17 PEAK WIND IN M.P.H.

PRELIMINARY LOCAL CLIMATOLOGICAL DATA (WS FORM: F-6) , PAGE 2

                                          STATION:  KNOXVILLE    ASOS
                                          MONTH:    JULY
                                          YEAR:     2015
                                          LATITUDE:   35 49 N
                                          LONGITUDE:  83 59 W

[TEMPERATURE DATA]      [PRECIPITATION DATA]       SYMBOLS USED IN COLUMN 16

AVERAGE MONTHLY: 78.5   TOTAL FOR MONTH:   6.49    1 = FOG OR MIST
DPTR FM NORMAL:   0.1   DPTR FM NORMAL:    1.55    2 = FOG REDUCING VISIBILITY
HIGHEST:    92 ON 29,28 GRTST 24HR  1.66 ON 14-15      TO 1/4 MILE OR LESS
LOWEST:     66 ON 16                               3 = THUNDER
                        SNOW, ICE PELLETS, HAIL    4 = ICE PELLETS
                        TOTAL MONTH:   0.0 INCH    5 = HAIL
                        GRTST 24HR     0.0         6 = FREEZING RAIN OR DRIZZLE
                        GRTST DEPTH:   0           7 = DUSTSTORM OR SANDSTORM:
                                                       VSBY 1/2 MILE OR LESS
                                                   8 = SMOKE OR HAZE
[NO. OF DAYS WITH]      [WEATHER - DAYS WITH]      9 = BLOWING SNOW
                                                   X = TORNADO
MAX 32 OR BELOW:   0    0.01 INCH OR MORE:  15
MAX 90 OR ABOVE:  11    0.10 INCH OR MORE:  13
MIN 32 OR BELOW:   0    0.50 INCH OR MORE:   6
MIN  0 OR BELOW:   0    1.00 INCH OR MORE:   2

[HDD (BASE 65) ]
TOTAL THIS MO.     0    CLEAR  (SCALE 0-3)   3
DPTR FM NORMAL     0    PTCLDY (SCALE 4-7)  18
TOTAL FM JUL 1     0    CLOUDY (SCALE 8-10)  6
DPTR FM NORMAL     0

[CDD (BASE 65) ]
TOTAL THIS MO.   411
DPTR FM NORMAL     4    [PRESSURE DATA]
TOTAL FM JAN 1  1044    HIGHEST SLP M ON M
DPTR FM NORMAL   170    LOWEST  SLP 29.69 ON 14

[REMARKS]
