000
CXUS54 KMRX 291000
CF6TYS
PRELIMINARY LOCAL CLIMATOLOGICAL DATA (WS FORM: F-6)

                                          STATION:   KNOXVILLE    ASOS
                                          MONTH:     AUGUST
                                          YEAR:      2014
                                          LATITUDE:   35 49 N
                                          LONGITUDE:  83 59 W

  TEMPERATURE IN F:       :PCPN:    SNOW:  WIND      :SUNSHINE: SKY     :PK WND
================================================================================
1   2   3   4   5  6A  6B    7    8   9   10  11  12  13   14  15   16   17  18
                                     12Z  AVG MX 2MIN
DY MAX MIN AVG DEP HDD CDD  WTR  SNW DPTH SPD SPD DIR MIN PSBL S-S WX    SPD DR
================================================================================

 1  85  63  74  -4   0   9 0.00  0.0    0  3.5 12  60   M    M   M 1      15  50
 2  83  66  75  -3   0  10 0.24  0.0    0  3.7 21  30   M    M   M 13     24  40
 3  83  62  73  -5   0   8    T  0.0    0  4.7 14  40   M    M   M 12     18  20
 4  84  62  73  -5   0   8    T  0.0    0  5.8 13  40   M    M   2        17  40
 5  87  63  75  -3   0  10 0.00  0.0    0  3.1 12 280   M    M   3        15 250
 6  87  66  77  -1   0  12    T  0.0    0  5.0 15 250   M    M   6 1      18 240
 7  88  68  78   0   0  13    T  0.0    0  4.3 14  50   M    M   8 1      16  40
 8  81  70  76  -2   0  11 1.13  0.0    0  3.5 14 240   M    M   9 13     17 240
 9  86  69  78   0   0  13 0.02  0.0    0  3.7  9 250   M    M   9 18     11 250
10  85  72  79   1   0  14 0.33  0.0    0  3.8 26 290   M    M   8 13     32 300
11  87  69  78   0   0  13 0.12  0.0    0  6.9 17 240   M    M   M 13     22 240
12  84  68  76  -2   0  11 0.08  0.0    0  6.8 17 240   M    M   8 1      22 280
13  78  62  70  -8   0   5 0.00  0.0    0  5.0 15  10   M    M   3        18  10
14  82  58  70  -8   0   5 0.00  0.0    0  4.3 10 310   M    M   2        12 270
15  84  62  73  -5   0   8 0.00  0.0    0  2.6  8 360   M    M   5 1      11 340
16  83  61  72  -6   0   7 0.00  0.0    0  2.4  9 230   M    M   7 1      11 230
17  84  68  76  -2   0  11 0.11  0.0    0  3.3 15 240   M    M   8 1      19 240
18  83  70  77  -1   0  12 1.15  0.0    0  9.1 24 230   M    M   M 13     28 230
19  83  68  76  -2   0  11 0.01  0.0    0  4.4 14 260   M    M   M 13     16 260
20  86  68  77  -1   0  12 0.09  0.0    0  6.2 25 360   M    M   M 13     31 360
21  88  64  76  -2   0  11 0.00  0.0    0  3.2 12 230   M    M   M 12     22 210
22  90  71  81   3   0  16 0.00  0.0    0  5.5 15 240   M    M   M        17 240
23  91  72  82   4   0  17 0.03  0.0    0  2.9 15 270   M    M   M 13     18 260
24  90  71  81   4   0  16 0.00  0.0    0  5.1 14  30   M    M   7 12     18  50
25  85  67  76  -1   0  11 0.00  0.0    0  4.4 13  50   M    M   8        16  40
26  85  63  74  -3   0   9 0.00  0.0    0  3.0 10  60   M    M   M        12  50
27  88  63  76  -1   0  11 0.00  0.0    0  2.9 10  40   M    M   3 1      17  20
28  91  64  78   1   0  13 0.00  0.0    0  1.2 10  50   M    M   M        13  70
================================================================================
SM 2391 1850         0 307  3.31     0.0 120.3          M       96
================================================================================
AV 85.4 66.1                               4.3 FASTST   M    M   6    MAX(MPH)
                                 MISC ---->  # 26 290               # 32  300
================================================================================
NOTES:
# LAST OF SEVERAL OCCURRENCES

COLUMN 17 PEAK WIND IN M.P.H.

PRELIMINARY LOCAL CLIMATOLOGICAL DATA (WS FORM: F-6) , PAGE 2

                                          STATION:  KNOXVILLE    ASOS
                                          MONTH:    AUGUST
                                          YEAR:     2014
                                          LATITUDE:   35 49 N
                                          LONGITUDE:  83 59 W

[TEMPERATURE DATA]      [PRECIPITATION DATA]       SYMBOLS USED IN COLUMN 16

AVERAGE MONTHLY: 75.7   TOTAL FOR MONTH:   3.31    1 = FOG OR MIST
DPTR FM NORMAL:  -2.1   DPTR FM NORMAL:    0.30    2 = FOG REDUCING VISIBILITY
HIGHEST:    91 ON 28,23 GRTST 24HR  1.15 ON 18-18      TO 1/4 MILE OR LESS
LOWEST:     58 ON 14                               3 = THUNDER
                        SNOW, ICE PELLETS, HAIL    4 = ICE PELLETS
                        TOTAL MONTH:   0.0 INCH    5 = HAIL
                        GRTST 24HR     0.0         6 = FREEZING RAIN OR DRIZZLE
                        GRTST DEPTH:   0           7 = DUSTSTORM OR SANDSTORM:
                                                       VSBY 1/2 MILE OR LESS
                                                   8 = SMOKE OR HAZE
[NO. OF DAYS WITH]      [WEATHER - DAYS WITH]      9 = BLOWING SNOW
                                                   X = TORNADO
MAX 32 OR BELOW:   0    0.01 INCH OR MORE:  11
MAX 90 OR ABOVE:   4    0.10 INCH OR MORE:   6
MIN 32 OR BELOW:   0    0.50 INCH OR MORE:   2
MIN  0 OR BELOW:   0    1.00 INCH OR MORE:   2

[HDD (BASE 65) ]
TOTAL THIS MO.     0    CLEAR  (SCALE 0-3)   4
DPTR FM NORMAL     0    PTCLDY (SCALE 4-7)   9
TOTAL FM JUL 1     0    CLOUDY (SCALE 8-10)  3
DPTR FM NORMAL     0

[CDD (BASE 65) ]
TOTAL THIS MO.   307
DPTR FM NORMAL   -51    [PRESSURE DATA]
TOTAL FM JAN 1  1159    HIGHEST SLP M ON M
DPTR FM NORMAL   -83    LOWEST  SLP 29.83 ON 12

[REMARKS]
