000
CXUS54 KMRX 251000
CF6TYS
PRELIMINARY LOCAL CLIMATOLOGICAL DATA (WS FORM: F-6)

                                          STATION:   KNOXVILLE    ASOS
                                          MONTH:     SEPTEMBER
                                          YEAR:      2016
                                          LATITUDE:   35 49 N
                                          LONGITUDE:  83 59 W

  TEMPERATURE IN F:       :PCPN:    SNOW:  WIND      :SUNSHINE: SKY     :PK WND
================================================================================
1   2   3   4   5  6A  6B    7    8   9   10  11  12  13   14  15   16   17  18
                                     12Z  AVG MX 2MIN
DY MAX MIN AVG DEP HDD CDD  WTR  SNW DPTH SPD SPD DIR MIN PSBL S-S WX    SPD DR
================================================================================

 1  91  72  82   6   0  17    T  0.0    0  6.5 18 340   M    M   5 8      24 350
 2  85  68  77   1   0  12 0.00  0.0    0 12.1 22  50   M    M   7        30  20
 3  87  61  74  -1   0   9 0.00  0.0    0  5.2 13  50   M    M   3        16  50
 4  90  61  76   1   0  11 0.00  0.0    0  3.2 10 300   M    M   3        12 330
 5  91  64  78   3   0  13 0.00  0.0    0  2.0 10 350   M    M   3        12 360
 6  94  64  79   4   0  14 0.00  0.0    0  2.7  9  10   M    M   3        14 210
 7  95  65  80   6   0  15 0.00  0.0    0  2.5 10 270   M    M   2 8      13 270
 8  95  67  81   7   0  16 0.00  0.0    0  3.8 14 260   M    M   3        19 250
 9  94  70  82   8   0  17 0.00  0.0    0  4.4 13 250   M    M   5        20 260
10  93  67  80   7   0  15 0.35  0.0    0  6.8 28 260   M    M   5 138    37 240
11  86  68  77   4   0  12    T  0.0    0  5.3 14 360   M    M   7        17  10
12  91  58  75   2   0  10 0.00  0.0    0  2.1 12 240   M    M   3 8      14 240
13  92  69  81   9   0  16 0.00  0.0    0  3.2 12 110   M    M   5        15 110
14  94  69  82  10   0  17 0.00  0.0    0  3.1 15  10   M    M   4        20 340
15  94  65  80   8   0  15 0.00  0.0    0  5.0 13  20   M    M   4        20  60
16  93  65  79   8   0  14 0.00  0.0    0  4.3 17 150   M    M   3        20 150
17  91  67  79   8   0  14 0.00  0.0    0  4.5 18 190   M    M   4        22 190
18  81  68  75   5   0  10 0.56  0.0    0  5.2 15 330   M    M  10 1      19 320
19  87  68  78   8   0  13 0.00  0.0    0  3.8 13  40   M    M   7 1      20  20
20  88  65  77   7   0  12 0.00  0.0    0  7.4 17  50   M    M   2        20  60
21  90  64  77   8   0  12 0.00  0.0    0  5.4 14  40   M    M   2        19  10
22  91  64  78   9   0  13 0.00  0.0    0  4.6 15  30   M    M   2        18  10
23  90  65  78  10   0  13 0.00  0.0    0  2.4 13 350   M    M   2        16  10
24  92  63  78  10   0  13 0.00  0.0    0  3.2  9 120   M    M   2        19  40
================================================================================
SM 2175 1577         0 323  0.91     0.0 108.7          M       96
================================================================================
AV 90.6 65.7                               4.5 FASTST   M    M   4    MAX(MPH)
                                 MISC ---->  # 28 260               # 37  240
================================================================================
NOTES:
# LAST OF SEVERAL OCCURRENCES

COLUMN 17 PEAK WIND IN M.P.H.

PRELIMINARY LOCAL CLIMATOLOGICAL DATA (WS FORM: F-6) , PAGE 2

                                          STATION:  KNOXVILLE    ASOS
                                          MONTH:    SEPTEMBER
                                          YEAR:     2016
                                          LATITUDE:   35 49 N
                                          LONGITUDE:  83 59 W

[TEMPERATURE DATA]      [PRECIPITATION DATA]       SYMBOLS USED IN COLUMN 16

AVERAGE MONTHLY: 78.2   TOTAL FOR MONTH:   0.91    1 = FOG OR MIST
DPTR FM NORMAL:   5.9   DPTR FM NORMAL:   -1.67    2 = FOG REDUCING VISIBILITY
HIGHEST:    95 ON  8, 7 GRTST 24HR  0.56 ON 18-18      TO 1/4 MILE OR LESS
LOWEST:     58 ON 12                               3 = THUNDER
                        SNOW, ICE PELLETS, HAIL    4 = ICE PELLETS
                        TOTAL MONTH:   0.0 INCH    5 = HAIL
                        GRTST 24HR     0.0         6 = FREEZING RAIN OR DRIZZLE
                        GRTST DEPTH:   0           7 = DUSTSTORM OR SANDSTORM:
                                                       VSBY 1/2 MILE OR LESS
                                                   8 = SMOKE OR HAZE
[NO. OF DAYS WITH]      [WEATHER - DAYS WITH]      9 = BLOWING SNOW
                                                   X = TORNADO
MAX 32 OR BELOW:   0    0.01 INCH OR MORE:   2
MAX 90 OR ABOVE:  18    0.10 INCH OR MORE:   2
MIN 32 OR BELOW:   0    0.50 INCH OR MORE:   1
MIN  0 OR BELOW:   0    1.00 INCH OR MORE:   0

[HDD (BASE 65) ]
TOTAL THIS MO.     0    CLEAR  (SCALE 0-3)  11
DPTR FM NORMAL    -9    PTCLDY (SCALE 4-7)  12
TOTAL FM JUL 1     0    CLOUDY (SCALE 8-10)  1
DPTR FM NORMAL    -9

[CDD (BASE 65) ]
TOTAL THIS MO.   323
DPTR FM NORMAL   139    [PRESSURE DATA]
TOTAL FM JAN 1  1973    HIGHEST SLP M ON M
DPTR FM NORMAL   508    LOWEST  SLP 29.82 ON  1

[REMARKS]
