000
CXUS53 KLSX 261600
CF6UIN
PRELIMINARY LOCAL CLIMATOLOGICAL DATA (WS FORM: F-6)

                                          STATION:   QUINCY IL
                                          MONTH:     AUGUST
                                          YEAR:      2016
                                          LATITUDE:   39 57 N
                                          LONGITUDE:  91 12 W

  TEMPERATURE IN F:       :PCPN:    SNOW:  WIND      :SUNSHINE: SKY     :PK WND
================================================================================
1   2   3   4   5  6A  6B    7    8   9   10  11  12  13   14  15   16   17  18
                                     12Z  AVG MX 2MIN
DY MAX MIN AVG DEP HDD CDD  WTR  SNW DPTH SPD SPD DIR MIN PSBL S-S WX    SPD DR
================================================================================

 1  82  69  76   0   0  11 0.00  0.0    0  4.6 13 250   M    M   3        17 260
 2  82  70  76   0   0  11 0.30  0.0    0  5.8 14 330   M    M   5 13     17 320
 3  88  72  80   4   0  15 0.00  0.0    0  4.6  9 130   M    M   2        12  80
 4  90  71  81   5   0  16 0.07  0.0    0  7.2 30  40   M    M   2 123    38  40
 5  83  68  76   0   0  11 1.83  0.0    0  8.3 29  40   M    M   4 13     34  40
 6  81  63  72  -3   0   7 0.00  0.0    0  6.3 13  10   M    M   1        15  10
 7  81  62  72  -3   0   7 0.00  0.0    0  5.1 12  70   M    M   2        17 110
 8  82  68  75   0   0  10 0.00  0.0    0  4.9  9  70   M    M   5        11  70
 9  86  72  79   4   0  14 0.00  0.0    0  5.4 10 200   M    M   5        13 210
10  89  72  81   6   0  16 0.00  0.0    0  6.7 14 160   M    M   2 1      19 190
11  92  75  84   9   0  19 0.00  0.0    0  8.8 15 180   M    M   0 1      20 190
12  87  74  81   6   0  16 0.06  0.0    0  6.0 18 350   M    M   6 13     22 360
13  84  69  77   2   0  12 0.00  0.0    0  7.5 16 320   M    M   3        26 320
14  84  64  74  -1   0   9 0.00  0.0    0  4.5 13 160   M    M   2        17 160
15  76  65  71  -4   0   6 0.04  0.0    0  8.1 20  30   M    M   7 1      25  40
16  86  68  77   2   0  12    T  0.0    0  3.5 13 310   M    M   3 1      15 300
17  88  67  78   3   0  13 0.00  0.0    0  6.0 13 200   M    M   1 1      16 220
18  89  69  79   4   0  14 0.00  0.0    0  7.6 15 200   M    M   1        20 230
19  84  70  77   3   0  12 0.00  0.0    0  8.0 14 120   M    M   2        19 190
20  80  62  71  -3   0   6 0.25  0.0    0  9.7 29 240   M    M   5 13     37 230
21  77  57  67  -7   0   2 0.00  0.0    0  6.2 16 310   M    M   1        21 330
22  81  56  69  -5   0   4 0.00  0.0    0  6.1 14 200   M    M   0        18 180
23  79  60  70  -4   0   5 0.00  0.0    0 10.7 21 170   M    M   5        26 160
24  88  69  79   5   0  14 1.47  0.0    0  9.5 33 300   M    M   5 123    47 300
25  85  68  77   3   0  12 0.58  0.0    0  5.7 12  40   M    M   6 13     15  40
================================================================================
SM 2104 1680         0 274  4.60     0.0 166.8          M       78
================================================================================
AV 84.2 67.2                               6.7 FASTST   M    M   3    MAX(MPH)
                                 MISC ---->  # 33 300               # 47  300
================================================================================
NOTES:
# LAST OF SEVERAL OCCURRENCES

COLUMN 17 PEAK WIND IN M.P.H.

PRELIMINARY LOCAL CLIMATOLOGICAL DATA (WS FORM: F-6) , PAGE 2

                                          STATION:  QUINCY IL
                                          MONTH:    AUGUST
                                          YEAR:     2016
                                          LATITUDE:   39 57 N
                                          LONGITUDE:  91 12 W

[TEMPERATURE DATA]      [PRECIPITATION DATA]       SYMBOLS USED IN COLUMN 16

AVERAGE MONTHLY: 75.7   TOTAL FOR MONTH:   4.60    1 = FOG OR MIST
DPTR FM NORMAL:   0.8   DPTR FM NORMAL:    1.67    2 = FOG REDUCING VISIBILITY
HIGHEST:    92 ON 11    GRTST 24HR  1.90 ON  4- 5      TO 1/4 MILE OR LESS
LOWEST:     56 ON 22                               3 = THUNDER
                        SNOW, ICE PELLETS, HAIL    4 = ICE PELLETS
                        TOTAL MONTH:   0.0 INCH    5 = HAIL
                        GRTST 24HR     0.0         6 = FREEZING RAIN OR DRIZZLE
                        GRTST DEPTH:   0           7 = DUSTSTORM OR SANDSTORM:
                                                       VSBY 1/2 MILE OR LESS
                                                   8 = SMOKE OR HAZE
[NO. OF DAYS WITH]      [WEATHER - DAYS WITH]      9 = BLOWING SNOW
                                                   X = TORNADO
MAX 32 OR BELOW:   0    0.01 INCH OR MORE:   8
MAX 90 OR ABOVE:   2    0.10 INCH OR MORE:   5
MIN 32 OR BELOW:   0    0.50 INCH OR MORE:   3
MIN  0 OR BELOW:   0    1.00 INCH OR MORE:   2

[HDD (BASE 65) ]
TOTAL THIS MO.     0    CLEAR  (SCALE 0-3)  14
DPTR FM NORMAL     0    PTCLDY (SCALE 4-7)  11
TOTAL FM JUL 1     6    CLOUDY (SCALE 8-10)  0
DPTR FM NORMAL     6

[CDD (BASE 65) ]
TOTAL THIS MO.   274
DPTR FM NORMAL    25    [PRESSURE DATA]
TOTAL FM JAN 1  1109    HIGHEST SLP M ON M
DPTR FM NORMAL   204    LOWEST  SLP 29.69 ON 12

[REMARKS]
