134
CXUS56 KEKA 271230
CF6UKI
PRELIMINARY LOCAL CLIMATOLOGICAL DATA (WS FORM: F-6)

                                          STATION:   UKIAH CA
                                          MONTH:     APRIL
                                          YEAR:      2017
                                          LATITUDE:   39  7 N
                                          LONGITUDE: 123 12 W

  TEMPERATURE IN F:       :PCPN:    SNOW:  WIND      :SUNSHINE: SKY     :PK WND
================================================================================
1   2   3   4   5  6A  6B    7    8   9   10  11  12  13   14  15   16   17  18
                                     12Z  AVG MX 2MIN
DY MAX MIN AVG DEP HDD CDD  WTR  SNW DPTH SPD SPD DIR MIN PSBL S-S WX    SPD DR
================================================================================

 1  84  40  62  10   3   0 0.00  0.0    0  3.2 18 340   M    M   0        26 360
 2  82  47  65  12   0   0 0.00  0.0    0  4.2 18 270   M    M   0        25 270
 3  76  39  58   5   7   0 0.00  0.0    0  2.6  9  10   M    M   0        14 350
 4  76  49  63  10   2   0 0.00  0.0    0  1.9  9 340   M    M   1        13  90
 5  75  44  60   7   5   0 0.00  0.0    0  3.5 13 130   M    M   3        17 150
 6  57  45  51  -2  14   0 1.60    M    0  7.5 22 180   M    M  10 1      32 170
 7  58  41  50  -3  15   0 0.42    M    0  4.9 16 290   M    M  10 1      21 140
 8  56  39  48  -6  17   0 0.19    M    0  3.4 15 310   M    M   6 18     22 310
 9  62  36  49  -5  16   0 0.01    M    0  4.1 15 240   M    M   4        20 350
10  64  44  54   0  11   0 0.08    M    0  1.9  9 350   M    M   5 18     12 190
11  54  48  51  -3  14   0 0.17    M    0  6.8 17 150   M    M  10 1      26 150
12  58  48  53  -1  12   0 0.38    M    0  5.8 15 130   M    M  10 1      20 140
13  57  40  49  -5  16   0 0.19  0.0    0  4.4 18 310   M    M   7 1      25 270
14  62  35  49  -6  16   0 0.00  0.0    0  5.1 15 290   M    M   1 8      21 310
15  69  36  53  -2  12   0 0.00  0.0    0  1.8  8  20   M    M   0 8      11  30
16  54  45  50  -5  15   0 0.01  0.0    0  6.0 21 140   M    M   5 1      28 160
17  62  47  55  -1  10   0 0.13  0.0    0  5.3 14 140   M    M   8 1      19 130
18  68  46  57   1   8   0 0.04  0.0    0  3.2 18 250   M    M   5 1      25 240
19  65  41  53  -3  12   0 0.43  0.0    0  2.5 17 180   M    M   7 2      25 180
20  69  47  58   2   7   0    T    M    0  3.3 15 300   M    M   4        19 280
21  81  41  61   5   4   0 0.00  0.0    0  1.7 13 330   M    M   0 8      16 320
22  67  45  56  -1   9   0 0.01    M    0  4.8 14 330   M    M   4 8      18 260
23  67  42  55  -2  10   0 0.00  0.0    0  6.6 18 280   M    M   1        24 300
24  63  48  56  -1   9   0 0.05    M    0  6.6 16 340   M    M   9 1      21 330
25  64  47  56  -2   9   0    T    M    0  2.8 14 310   M    M   9        18 310
26  67  50  59   1   6   0 0.03  0.0    0  3.6 14 310   M    M   9 1      21 340
================================================================================
SM 1717 1130       259   0  3.74     0.0 107.5          M      128
================================================================================
AV 66.0 43.5                               4.1 FASTST   M    M   5    MAX(MPH)
                                 MISC ---->  # 22 180               # 32  170
================================================================================
NOTES:
# LAST OF SEVERAL OCCURRENCES

COLUMN 17 PEAK WIND IN M.P.H.

PRELIMINARY LOCAL CLIMATOLOGICAL DATA (WS FORM: F-6) , PAGE 2

                                          STATION:  UKIAH CA
                                          MONTH:    APRIL
                                          YEAR:     2017
                                          LATITUDE:   39  7 N
                                          LONGITUDE: 123 12 W

[TEMPERATURE DATA]      [PRECIPITATION DATA]       SYMBOLS USED IN COLUMN 16

AVERAGE MONTHLY: 54.8   TOTAL FOR MONTH:   3.74    1 = FOG OR MIST
DPTR FM NORMAL:  -0.1   DPTR FM NORMAL:    1.45    2 = FOG REDUCING VISIBILITY
HIGHEST:    84 ON  1    GRTST 24HR  1.60 ON  6- 6      TO 1/4 MILE OR LESS
LOWEST:     35 ON 14                               3 = THUNDER
                        SNOW, ICE PELLETS, HAIL    4 = ICE PELLETS
                        TOTAL MONTH:   0.0 INCH    5 = HAIL
                        GRTST 24HR     0.0         6 = FREEZING RAIN OR DRIZZLE
                        GRTST DEPTH:   0           7 = DUSTSTORM OR SANDSTORM:
                                                       VSBY 1/2 MILE OR LESS
                                                   8 = SMOKE OR HAZE
[NO. OF DAYS WITH]      [WEATHER - DAYS WITH]      9 = BLOWING SNOW
                                                   X = TORNADO
MAX 32 OR BELOW:   0    0.01 INCH OR MORE:  15
MAX 90 OR ABOVE:   0    0.10 INCH OR MORE:   8
MIN 32 OR BELOW:   0    0.50 INCH OR MORE:   1
MIN  0 OR BELOW:   0    1.00 INCH OR MORE:   1

[HDD (BASE 65) ]
TOTAL THIS MO.   259    CLEAR  (SCALE 0-3)   9
DPTR FM NORMAL   -12    PTCLDY (SCALE 4-7)  10
TOTAL FM JUL 1  2753    CLOUDY (SCALE 8-10)  7
DPTR FM NORMAL  -165

[CDD (BASE 65) ]
TOTAL THIS MO.     0
DPTR FM NORMAL    -4    [PRESSURE DATA]
TOTAL FM JAN 1     0    HIGHEST SLP M ON M
DPTR FM NORMAL    -4    LOWEST  SLP 29.28 ON  6

[REMARKS]
