152
CXUS54 KHGX 231415
CF6UTS
PRELIMINARY LOCAL CLIMATOLOGICAL DATA (WS FORM: F-6)

                                          STATION:   HUNTSVILLE_(ASOS)
                                          MONTH:     JULY
                                          YEAR:      2016
                                          LATITUDE:   30 45 N
                                          LONGITUDE:  95 35 W

  TEMPERATURE IN F:       :PCPN:    SNOW:  WIND      :SUNSHINE: SKY     :PK WND
================================================================================
1   2   3   4   5  6A  6B    7    8   9   10  11  12  13   14  15   16   17  18
                                     12Z  AVG MX 2MIN
DY MAX MIN AVG DEP HDD CDD  WTR  SNW DPTH SPD SPD DIR MIN PSBL S-S WX    SPD DR
================================================================================

 1  96  74  85   2   0  20 0.00  0.0    0  2.5  8 160   M    M   1 1      12 160
 2  95  77  86   3   0  21    T  0.0    0  6.3 13 190   M    M   2        20 200
 3  97  78  88   5   0  23 0.00  0.0    0 11.3 20 200   M    M   2        29 200
 4  97  81  89   6   0  24 0.00  0.0    0 10.3 17 180   M    M   3        26 200
 5  97  81  89   6   0  24 0.00  0.0    0 10.7 18 180   M    M   3        26 190
 6  97  78  88   4   0  23 0.00  0.0    0 11.2 20 190   M    M   3        27 170
 7  99  76  88   4   0  23 0.00  0.0    0 10.8 18 190   M    M   2        26 180
 8  97  77  87   3   0  22 0.00  0.0    0  7.6 14 180   M    M   3        20 180
 9  97  76  87   3   0  22 0.00  0.0    0  7.0 14 180   M    M   2        20 200
10  95  78  87   3   0  22 0.00  0.0    0  7.1 18 180   M    M   2        23 180
11  98  78  88   4   0  23 0.00  0.0    0 10.5 18 180   M    M   2        25 200
12  98  79  89   5   0  24 0.00  0.0    0  9.4 18 190   M    M   2        25 180
13  99  79  89   5   0  24 0.00  0.0    0 10.0 17 190   M    M   2        24 190
14  98  78  88   4   0  23 0.00  0.0    0  7.9 16 190   M    M   3        22 180
15  97  76  87   3   0  22 0.00  0.0    0  7.1 17 190   M    M   1 1      25 220
16  98  76  87   3   0  22 0.00  0.0    0  5.8 12 190   M    M   2        16 190
17  96  73  85   1   0  20 0.00  0.0    0  4.3 13 160   M    M   1 3      21 160
18  98  75  87   3   0  22 0.00  0.0    0  3.8  9 180   M    M   1        14 130
19  97  75  86   2   0  21 0.01  0.0    0  3.2 12 180   M    M   2 38     15 170
20  98  74  86   2   0  21 0.00  0.0    0  3.7 12 190   M    M   1        18 170
21  98  75  87   3   0  22 0.00  0.0    0  3.6 12 180   M    M   1        16 170
22  99  75  87   3   0  22    T  0.0    0  4.0 10 180   M    M   1 38     14 180
================================================================================
SM 2141 1689         0 490  0.01     0.0 158.1          M       42
================================================================================
AV 97.3 76.8                               7.2 FASTST   M    M   2    MAX(MPH)
                                 MISC ---->  # 20 200               # 29  200
================================================================================
NOTES:
# LAST OF SEVERAL OCCURRENCES

COLUMN 17 PEAK WIND IN M.P.H.

PRELIMINARY LOCAL CLIMATOLOGICAL DATA (WS FORM: F-6) , PAGE 2

                                          STATION:  HUNTSVILLE_(ASOS)
                                          MONTH:    JULY
                                          YEAR:     2016
                                          LATITUDE:   30 45 N
                                          LONGITUDE:  95 35 W

[TEMPERATURE DATA]      [PRECIPITATION DATA]       SYMBOLS USED IN COLUMN 16

AVERAGE MONTHLY: 87.0   TOTAL FOR MONTH:   0.01    1 = FOG OR MIST
DPTR FM NORMAL:   3.3   DPTR FM NORMAL:   -2.59    2 = FOG REDUCING VISIBILITY
HIGHEST:    99 ON 22,13 GRTST 24HR  0.01 ON 19-19      TO 1/4 MILE OR LESS
LOWEST:     73 ON 17                               3 = THUNDER
                        SNOW, ICE PELLETS, HAIL    4 = ICE PELLETS
                        TOTAL MONTH:   0.0 INCH    5 = HAIL
                        GRTST 24HR     0.0         6 = FREEZING RAIN OR DRIZZLE
                        GRTST DEPTH:   0           7 = DUSTSTORM OR SANDSTORM:
                                                       VSBY 1/2 MILE OR LESS
                                                   8 = SMOKE OR HAZE
[NO. OF DAYS WITH]      [WEATHER - DAYS WITH]      9 = BLOWING SNOW
                                                   X = TORNADO
MAX 32 OR BELOW:   0    0.01 INCH OR MORE:   1
MAX 90 OR ABOVE:  22    0.10 INCH OR MORE:   0
MIN 32 OR BELOW:   0    0.50 INCH OR MORE:   0
MIN  0 OR BELOW:   0    1.00 INCH OR MORE:   0

[HDD (BASE 65) ]
TOTAL THIS MO.     0    CLEAR  (SCALE 0-3)  21
DPTR FM NORMAL     0    PTCLDY (SCALE 4-7)   1
TOTAL FM JUL 1     0    CLOUDY (SCALE 8-10)  0
DPTR FM NORMAL     0

[CDD (BASE 65) ]
TOTAL THIS MO.   490
DPTR FM NORMAL    78    [PRESSURE DATA]
TOTAL FM JAN 1  1607    HIGHEST SLP M ON M
DPTR FM NORMAL   127    LOWEST  SLP 29.87 ON  3

[REMARKS]
