000
CXUS55 KGJT 301000
CF6VEL
PRELIMINARY LOCAL CLIMATOLOGICAL DATA (WS FORM: F-6)

                                          STATION:   VERNAL UT
                                          MONTH:     SEPTEMBER
                                          YEAR:      2014
                                          LATITUDE:   40 27 N
                                          LONGITUDE: 109 31 W

  TEMPERATURE IN F:       :PCPN:    SNOW:  WIND      :SUNSHINE: SKY     :PK WND
================================================================================
1   2   3   4   5  6A  6B    7    8   9   10  11  12  13   14  15   16   17  18
                                     12Z  AVG MX 2MIN
DY MAX MIN AVG DEP HDD CDD  WTR  SNW DPTH SPD SPD DIR MIN PSBL S-S WX    SPD DR
================================================================================

 1  78  47  63  -3   2   0 0.00    M    M  3.4 10  80   M    M   0        12  70
 2  83  50  67   1   0   2 0.00    M    M  4.0  9 230   M    M   0        12 260
 3  87  52  70   5   0   5 0.00    M    M  5.3 16 190   M    M   0        21 190
 4  83  53  68   3   0   3 0.01    M    M  5.5 24 290   M    M   2 38     39 290
 5  77  51  64   0   1   0 0.10    M    M  5.7 22  10   M    M   2 3      26  10
 6  79  49  64   0   1   0 0.00    M    M  3.1 20 300   M    M   0        24 310
 7  82  52  67   3   0   2 0.00    M    M  4.3 14 160   M    M   1 8      17 140
 8  76  59  68   5   0   3 0.04    M    M  6.1 22 340   M    M   6 3      34 340
 9  63  51  57  -6   8   0 0.52    M    M  5.0 15 100   M    M   7 13     17 100
10  73  46  60  -2   5   0 0.00    M    M  4.8 12 240   M    M   0        15 260
11  77  44  61  -1   4   0 0.00    M    M  8.9 23  70   M    M   0        33  60
12  62  34  48 -14  17   0 0.00    M    M  4.6 22  80   M    M   0        27  80
13  74  40  57  -4   8   0 0.00    M    M  4.2 10 300   M    M   0        12 260
14  80  47  64   3   1   0 0.00    M    M  5.1 20 350   M    M   0        24 360
15  83  50  67   7   0   2 0.00    M    M  3.8  9 320   M    M   0        12 320
16  84  50  67   7   0   2 0.00    M    M  4.1 13 350   M    M   1        15 330
17  83  50  67   7   0   2 0.00    M    M  3.6 14 320   M    M   0        19 330
18  84  50  67   8   0   2 0.00    M    M  3.4  9 260   M    M   0        13 310
19  81  57  69  10   0   4 0.00    M    M  4.4 21  30   M    M   1        28  30
20  83  53  68  10   0   3 0.00    M    M  3.4 10 330   M    M   0        15 330
21  71  52  62   4   3   0 0.36    M    M  6.2 21 230   M    M   4 13     29 260
22  73  49  61   3   4   0 0.07    M    M  3.5 13 220   M    M   6 123    17 220
23  77  53  65   8   0   0 0.00    M    M  4.0 10  90   M    M   4        13 130
24  81  50  66   9   0   1 0.00    M    M  3.1  8 300   M    M   0        11 300
25  82  50  66  10   0   1 0.00    M    M  3.0  9 200   M    M   0         9 200
26  83  51  67  11   0   2 0.00    M    M  3.5 10 220   M    M   0        13 240
27  72  50  61   5   4   0 0.48    M    M  6.2 47 200   M    M   4 138    65 180
28  62  46  54  -1  11   0 1.03    M    M  5.9 23 160   M    M   7 18     33 170
29  59  42  51  -4  14   0 0.05    M    M  4.0 14 220   M    M   5 1      19 210
================================================================================
SM 2232 1428        83  34  2.66    M    132.1          M       50
================================================================================
AV 77.0 49.2                               4.6 FASTST   M    M   2    MAX(MPH)
                                 MISC ---->  # 47 200               # 65  180
================================================================================
NOTES:
# LAST OF SEVERAL OCCURRENCES

COLUMN 17 PEAK WIND IN M.P.H.

PRELIMINARY LOCAL CLIMATOLOGICAL DATA (WS FORM: F-6) , PAGE 2

                                          STATION:  VERNAL UT
                                          MONTH:    SEPTEMBER
                                          YEAR:     2014
                                          LATITUDE:   40 27 N
                                          LONGITUDE: 109 31 W

[TEMPERATURE DATA]      [PRECIPITATION DATA]       SYMBOLS USED IN COLUMN 16

AVERAGE MONTHLY: 63.1   TOTAL FOR MONTH:   2.66    1 = FOG OR MIST
DPTR FM NORMAL:   2.7   DPTR FM NORMAL:    1.62    2 = FOG REDUCING VISIBILITY
HIGHEST:    87 ON  3    GRTST 24HR  1.09 ON 27-28      TO 1/4 MILE OR LESS
LOWEST:     34 ON 12                               3 = THUNDER
                        SNOW, ICE PELLETS, HAIL    4 = ICE PELLETS
                        TOTAL MONTH:    M          5 = HAIL
                        GRTST 24HR    M  ON   M    6 = FREEZING RAIN OR DRIZZLE
                        GRTST DEPTH:  M  ON   M    7 = DUSTSTORM OR SANDSTORM:
                                                       VSBY 1/2 MILE OR LESS
                                                   8 = SMOKE OR HAZE
[NO. OF DAYS WITH]      [WEATHER - DAYS WITH]      9 = BLOWING SNOW
                                                   X = TORNADO
MAX 32 OR BELOW:   0    0.01 INCH OR MORE:   9
MAX 90 OR ABOVE:   0    0.10 INCH OR MORE:   5
MIN 32 OR BELOW:   0    0.50 INCH OR MORE:   2
MIN  0 OR BELOW:   0    1.00 INCH OR MORE:   1

[HDD (BASE 65) ]
TOTAL THIS MO.    83    CLEAR  (SCALE 0-3)  21
DPTR FM NORMAL   -73    PTCLDY (SCALE 4-7)   8
TOTAL FM JUL 1   105    CLOUDY (SCALE 8-10)  0
DPTR FM NORMAL   -67

[CDD (BASE 65) ]
TOTAL THIS MO.    34
DPTR FM NORMAL    14    [PRESSURE DATA]
TOTAL FM JAN 1   621    HIGHEST SLP M ON M
DPTR FM NORMAL   112    LOWEST  SLP 29.61 ON 27

[REMARKS]
