000
CXUS55 KVEF 220940
CF6VGT
PRELIMINARY LOCAL CLIMATOLOGICAL DATA (WS FORM: F-6)

                                          STATION:   NORTH_LAS_VEGAS NV
                                          MONTH:     AUGUST
                                          YEAR:      2014
                                          LATITUDE:   36 12 N
                                          LONGITUDE: 115 12 W

  TEMPERATURE IN F:       :PCPN:    SNOW:  WIND      :SUNSHINE: SKY     :PK WND
================================================================================
1   2   3   4   5  6A  6B    7    8   9   10  11  12  13   14  15   16   17  18
                                     12Z  AVG MX 2MIN
DY MAX MIN AVG DEP HDD CDD  WTR  SNW DPTH SPD SPD DIR MIN PSBL S-S WX    SPD DR
================================================================================

 1 105  85  95   4   0  30 0.00  0.0    0  7.0 17 200   M    M   0        22 200
 2  97  84  91   0   0  26    T  0.0    0 10.2 23 160   M    M   0        16 140
 3  86  67  77 -14   0  12 0.28  0.0    0  7.2 24 140   M    M   6 1      29 140
 4  81  68  75 -16   0  10 0.35  0.0    0  4.4 18 220   M    M   5        23 210
 5  97  70  84  -7   0  19 0.00  0.0    0  4.1 15 220   M    M   0        21 230
 6  98  73  86  -5   0  21 0.00  0.0    0  5.9 14 130   M    M   0        22 180
 7 100  73  87  -4   0  22 0.00  0.0    0  6.0 15 140   M    M   0        21 200
 8 100  73  87  -4   0  22 0.00  0.0    0  5.0 17 150   M    M   0        23 140
 9 102  74  88  -2   0  23 0.00  0.0    0  5.3 20 170   M    M   0        25 140
10  99  80  90   0   0  25    T  0.0    0  6.6 17 110   M    M   1        23 100
11  98  77  88  -2   0  23    T  0.0    0 10.5 38 350   M    M   1 8      49 330
12  95  75  85  -5   0  20 0.06  0.0    0  4.4 22 180   M    M   1        25 180
13  95  77  86  -4   0  21 0.07  0.0    0  8.2 22 130   M    M   1        28 140
14 101  80  91   1   0  26 0.00  0.0    0 10.6 24 220   M    M   0        32 210
15 101  75  88  -2   0  23 0.00  0.0    0  5.5 21 170   M    M   0        28 170
16 104  73  89   0   0  24 0.00  0.0    0  4.8 20 210   M    M   0        28 220
17 107  77  92   3   0  27 0.00  0.0    0  4.8 16 220   M    M   0        22 200
18  99  78  89   0   0  24    T  0.0    0 10.5 26 160   M    M   0        32 150
19  91  77  84  -5   0  19    T  0.0    0 12.3 24 100   M    M   2        29  80
20  95  74  85  -4   0  20 0.00  0.0    0  7.0 23 160   M    M   1        30 210
21  93  72  83  -5   0  18 0.00  0.0    0  5.3 29 170   M    M   0        35 190
================================================================================
SM 2044 1582         0 455  0.76     0.0 145.6          M       18
================================================================================
AV 97.3 75.3                               6.9 FASTST   M    M   1    MAX(MPH)
                                 MISC ---->  # 38 350               # 49  330
================================================================================
NOTES:
# LAST OF SEVERAL OCCURRENCES

COLUMN 17 PEAK WIND IN M.P.H.

PRELIMINARY LOCAL CLIMATOLOGICAL DATA (WS FORM: F-6) , PAGE 2

                                          STATION:  NORTH_LAS_VEGAS NV
                                          MONTH:    AUGUST
                                          YEAR:     2014
                                          LATITUDE:   36 12 N
                                          LONGITUDE: 115 12 W

[TEMPERATURE DATA]      [PRECIPITATION DATA]       SYMBOLS USED IN COLUMN 16

AVERAGE MONTHLY: 86.3   TOTAL FOR MONTH:   0.76    1 = FOG OR MIST
DPTR FM NORMAL:  -3.7   DPTR FM NORMAL:    0.45    2 = FOG REDUCING VISIBILITY
HIGHEST:   107 ON 17    GRTST 24HR  0.35 ON  4- 4      TO 1/4 MILE OR LESS
LOWEST:     67 ON  3                               3 = THUNDER
                        SNOW, ICE PELLETS, HAIL    4 = ICE PELLETS
                        TOTAL MONTH:   0.0 INCH    5 = HAIL
                        GRTST 24HR     0.0         6 = FREEZING RAIN OR DRIZZLE
                        GRTST DEPTH:   0           7 = DUSTSTORM OR SANDSTORM:
                                                       VSBY 1/2 MILE OR LESS
                                                   8 = SMOKE OR HAZE
[NO. OF DAYS WITH]      [WEATHER - DAYS WITH]      9 = BLOWING SNOW
                                                   X = TORNADO
MAX 32 OR BELOW:   0    0.01 INCH OR MORE:   4
MAX 90 OR ABOVE:  19    0.10 INCH OR MORE:   2
MIN 32 OR BELOW:   0    0.50 INCH OR MORE:   0
MIN  0 OR BELOW:   0    1.00 INCH OR MORE:   0

[HDD (BASE 65) ]
TOTAL THIS MO.     0    CLEAR  (SCALE 0-3)  19
DPTR FM NORMAL     0    PTCLDY (SCALE 4-7)   2
TOTAL FM JUL 1     0    CLOUDY (SCALE 8-10)  0
DPTR FM NORMAL     0

[CDD (BASE 65) ]
TOTAL THIS MO.   455
DPTR FM NORMAL   -71    [PRESSURE DATA]
TOTAL FM JAN 1  2562    HIGHEST SLP M ON M
DPTR FM NORMAL   140    LOWEST  SLP 29.61 ON 19

[REMARKS]
