565
CXUS55 KLOX 261655
CF6VNY
PRELIMINARY LOCAL CLIMATOLOGICAL DATA (WS FORM: F-6)

                                          STATION:   VAN NUYS AIRPORT CA
                                          MONTH:     SEPTEMBER
                                          YEAR:      2016
                                          LATITUDE:   34 13 N
                                          LONGITUDE: 118 29 W

  TEMPERATURE IN F:       :PCPN:    SNOW:  WIND      :SUNSHINE: SKY     :PK WND
================================================================================
1   2   3   4   5  6A  6B    7    8   9   10  11  12  13   14  15   16   17  18
                                     12Z  AVG MX 2MIN
DY MAX MIN AVG DEP HDD CDD  WTR  SNW DPTH SPD SPD DIR MIN PSBL S-S WX    SPD DR
================================================================================

 1  93  65  79   1   0  14 0.00  0.0    0  4.7 15 140   M    M   0        18 150
 2  86  63  75  -2   0  10 0.00  0.0    0  6.4 14 140   M    M   3 18     19 130
 3  81  62  72  -5   0   7 0.00  0.0    0  6.5 15 130   M    M   4 1      19 160
 4  77  61  69  -8   0   4 0.00  0.0    0  5.0 16 150   M    M   5        22 170
 5  80  61  71  -6   0   6 0.00  0.0    0  3.9 15 160   M    M   4        19 170
 6  88  59  74  -3   0   9 0.00  0.0    0  3.7 12 120   M    M   0        16 150
 7  84  61  73  -4   0   8 0.00  0.0    0  5.9 15 160   M    M   1        20 130
 8  86  62  74  -3   0   9 0.00  0.0    0  4.9 13 140   M    M   3 8      16 130
 9  90  62  76   0   0  11 0.00  0.0    0  3.8 12 130   M    M   3 18     17 120
10  94  63  79   3   0  14 0.00  0.0    0  3.2 10 140   M    M   0 1      15 130
11  89  61  75  -1   0  10 0.00  0.0    0  5.6 15 140   M    M   0 1      20 130
12  76  60  68  -8   0   3 0.00  0.0    0  6.1 14 180   M    M   7 18     22 140
13  74  58  66 -10   0   1    T  0.0    0  7.2 20 160   M    M   7        24 180
14  79  54  67  -8   0   2 0.00  0.0    0  2.8 13 160   M    M   0        16 140
15  83  56  70  -5   0   5 0.00  0.0    0  3.6 15 170   M    M   0        21 170
16  87  58  73  -2   0   8 0.00  0.0    0  3.4 12 120   M    M   0        19 140
17  94  58  76   1   0  11 0.00  0.0    0  2.6 10 100   M    M   0        15 280
18 104  62  83   9   0  18 0.00  0.0    0  3.3 15 170   M    M   0        17 170
19 100  66  83   9   0  18    T  0.0    0  4.1 15  90   M    M   0        19 200
20  90  71  81   7   0  16 0.00  0.0    0  5.0 17 170   M    M   2        22 150
21  89  67  78   4   0  13 0.00  0.0    0  5.5 14 130   M    M   1        19 160
22  81  63  72  -1   0   7 0.00  0.0    0  6.9 31 340   M    M   3 18     42  10
23  88  58  73   0   0   8 0.00  0.0    0  7.9 23  10   M    M   0        32 360
24  97  59  78   5   0  13 0.00  0.0    0  3.5 16 160   M    M   0        20 170
25 100  63  82  10   0  17 0.00  0.0    0  8.8 26  10   M    M   0        32 360
================================================================================
SM 2190 1533         0 242    T      0.0 124.4          M       43
================================================================================
AV 87.6 61.3                               5.0 FASTST   M    M   2    MAX(MPH)
                                 MISC ---->  # 31 340               # 42   10
================================================================================
NOTES:
# LAST OF SEVERAL OCCURRENCES

COLUMN 17 PEAK WIND IN M.P.H.

PRELIMINARY LOCAL CLIMATOLOGICAL DATA (WS FORM: F-6) , PAGE 2

                                          STATION:  VAN NUYS AIRPORT CA
                                          MONTH:    SEPTEMBER
                                          YEAR:     2016
                                          LATITUDE:   34 13 N
                                          LONGITUDE: 118 29 W

[TEMPERATURE DATA]      [PRECIPITATION DATA]       SYMBOLS USED IN COLUMN 16

AVERAGE MONTHLY: 74.5   TOTAL FOR MONTH:      T    1 = FOG OR MIST
DPTR FM NORMAL:  -0.9   DPTR FM NORMAL:   -0.18    2 = FOG REDUCING VISIBILITY
HIGHEST:   104 ON 18    GRTST 24HR    T  ON 19-19      TO 1/4 MILE OR LESS
LOWEST:     54 ON 14                               3 = THUNDER
                        SNOW, ICE PELLETS, HAIL    4 = ICE PELLETS
                        TOTAL MONTH:   0.0 INCH    5 = HAIL
                        GRTST 24HR     0.0         6 = FREEZING RAIN OR DRIZZLE
                        GRTST DEPTH:   0           7 = DUSTSTORM OR SANDSTORM:
                                                       VSBY 1/2 MILE OR LESS
                                                   8 = SMOKE OR HAZE
[NO. OF DAYS WITH]      [WEATHER - DAYS WITH]      9 = BLOWING SNOW
                                                   X = TORNADO
MAX 32 OR BELOW:   0    0.01 INCH OR MORE:   0
MAX 90 OR ABOVE:   9    0.10 INCH OR MORE:   0
MIN 32 OR BELOW:   0    0.50 INCH OR MORE:   0
MIN  0 OR BELOW:   0    1.00 INCH OR MORE:   0

[HDD (BASE 65) ]
TOTAL THIS MO.     0    CLEAR  (SCALE 0-3)  19
DPTR FM NORMAL     0    PTCLDY (SCALE 4-7)   6
TOTAL FM JUL 1     0    CLOUDY (SCALE 8-10)  0
DPTR FM NORMAL     0

[CDD (BASE 65) ]
TOTAL THIS MO.   242
DPTR FM NORMAL   -19    [PRESSURE DATA]
TOTAL FM JAN 1  1726    HIGHEST SLP M ON M
DPTR FM NORMAL   365    LOWEST  SLP 29.72 ON  5

[REMARKS]
