000
CXUS55 KLOX 251655
CF6VNY
PRELIMINARY LOCAL CLIMATOLOGICAL DATA (WS FORM: F-6)

                                          STATION:   VAN NUYS AIRPORT CA
                                          MONTH:     MAY
                                          YEAR:      2016
                                          LATITUDE:   34 13 N
                                          LONGITUDE: 118 29 W

  TEMPERATURE IN F:       :PCPN:    SNOW:  WIND      :SUNSHINE: SKY     :PK WND
================================================================================
1   2   3   4   5  6A  6B    7    8   9   10  11  12  13   14  15   16   17  18
                                     12Z  AVG MX 2MIN
DY MAX MIN AVG DEP HDD CDD  WTR  SNW DPTH SPD SPD DIR MIN PSBL S-S WX    SPD DR
================================================================================

 1  75  54  65   1   0   0 0.00  0.0    0  5.2 16 180   M    M   2        20 180
 2  85  55  70   5   0   5 0.00  0.0    0  4.3 15 300   M    M   1        20 290
 3  88  58  73   8   0   8 0.00  0.0    0  4.5 16 160   M    M   0 8      21 150
 4  74  56  65   0   0   0 0.00  0.0    0  6.9 16 150   M    M   4 18     22 130
 5  66  57  62  -3   3   0 0.00  0.0    0  5.3 15 180   M    M   9        20 170
 6  68  55  62  -3   3   0 0.22  0.0    0  3.7 15 170   M    M   9 1      19 190
 7  67  54  61  -4   4   0 0.01  0.0    0  4.2 10 170   M    M   8 1      13 200
 8  70  53  62  -4   3   0 0.00  0.0    0  3.4 15 160   M    M   7        18 150
 9  71  53  62  -4   3   0 0.00  0.0    0  3.8 14 170   M    M   4 18     18 190
10  75  53  64  -2   1   0 0.00  0.0    0  3.1 13 150   M    M   3 8      17 170
11  84  56  70   4   0   5 0.00  0.0    0  3.7 12 150   M    M   4 18     14 120
12  89  56  73   7   0   8 0.00  0.0    0  4.8 14 140   M    M   0 18     20 110
13  87  57  72   6   0   7 0.00  0.0    0  5.6 16 150   M    M   2 18     19 150
14  77  59  68   2   0   3 0.00  0.0    0  6.1 16 170   M    M   6 18     20 180
15  73  58  66   0   0   1 0.00  0.0    0  6.0 15 160   M    M   8        19 160
16  75  57  66  -1   0   1 0.00  0.0    0  6.1 14 160   M    M   5        19 180
17  78  59  69   2   0   4 0.00  0.0    0  4.9 15 160   M    M   5        18 150
18  81  56  69   2   0   4 0.00  0.0    0  5.6 14 130   M    M   3 18     18 150
19  76  59  68   1   0   3 0.00  0.0    0  5.8 15 160   M    M   8 8      17 160
20  69  56  63  -4   2   0 0.00  0.0    0  8.7 17 170   M    M   7        22 160
21  69  53  61  -6   4   0 0.00  0.0    0  5.4 15 170   M    M   5        21 180
22  75  50  63  -4   2   0 0.00  0.0    0  4.8 17 150   M    M   1        22 160
23  73  53  63  -4   2   0 0.00  0.0    0  6.4 16 160   M    M   3        23 170
24  71  56  64  -4   1   0 0.00  0.0    0  5.6 15 150   M    M   7        20 150
================================================================================
SM 1816 1333        28  49  0.23     0.0 124.0          M      111
================================================================================
AV 75.7 55.5                               5.2 FASTST   M    M   5    MAX(MPH)
                                 MISC ---->    17   M               # 23  170
================================================================================
NOTES:
# LAST OF SEVERAL OCCURRENCES

COLUMN 17 PEAK WIND IN M.P.H.

PRELIMINARY LOCAL CLIMATOLOGICAL DATA (WS FORM: F-6) , PAGE 2

                                          STATION:  VAN NUYS AIRPORT CA
                                          MONTH:    MAY
                                          YEAR:     2016
                                          LATITUDE:   34 13 N
                                          LONGITUDE: 118 29 W

[TEMPERATURE DATA]      [PRECIPITATION DATA]       SYMBOLS USED IN COLUMN 16

AVERAGE MONTHLY: 65.6   TOTAL FOR MONTH:   0.23    1 = FOG OR MIST
DPTR FM NORMAL:  -0.5   DPTR FM NORMAL:   -0.09    2 = FOG REDUCING VISIBILITY
HIGHEST:    89 ON 12    GRTST 24HR  0.23 ON  6- 7      TO 1/4 MILE OR LESS
LOWEST:     50 ON 22                               3 = THUNDER
                        SNOW, ICE PELLETS, HAIL    4 = ICE PELLETS
                        TOTAL MONTH:   0.0 INCH    5 = HAIL
                        GRTST 24HR     0.0         6 = FREEZING RAIN OR DRIZZLE
                        GRTST DEPTH:   0           7 = DUSTSTORM OR SANDSTORM:
                                                       VSBY 1/2 MILE OR LESS
                                                   8 = SMOKE OR HAZE
[NO. OF DAYS WITH]      [WEATHER - DAYS WITH]      9 = BLOWING SNOW
                                                   X = TORNADO
MAX 32 OR BELOW:   0    0.01 INCH OR MORE:   2
MAX 90 OR ABOVE:   0    0.10 INCH OR MORE:   1
MIN 32 OR BELOW:   0    0.50 INCH OR MORE:   0
MIN  0 OR BELOW:   0    1.00 INCH OR MORE:   0

[HDD (BASE 65) ]
TOTAL THIS MO.    28    CLEAR  (SCALE 0-3)   8
DPTR FM NORMAL   -15    PTCLDY (SCALE 4-7)  14
TOTAL FM JUL 1   990    CLOUDY (SCALE 8-10)  2
DPTR FM NORMAL  -487

[CDD (BASE 65) ]
TOTAL THIS MO.    49
DPTR FM NORMAL   -17    [PRESSURE DATA]
TOTAL FM JAN 1   253    HIGHEST SLP M ON M
DPTR FM NORMAL   125    LOWEST  SLP 29.77 ON M

[REMARKS]
