000
CXUS52 KMLB 230627
CF6VRB
PRELIMINARY LOCAL CLIMATOLOGICAL DATA (WS FORM: F-6)

                                          STATION:   VERO BEACH
                                          MONTH:     AUGUST
                                          YEAR:      2017
                                          LATITUDE:   27 39 N
                                          LONGITUDE:  80 25 W

  TEMPERATURE IN F:       :PCPN:    SNOW:  WIND      :SUNSHINE: SKY     :PK WND
================================================================================
1   2   3   4   5  6A  6B    7    8   9   10  11  12  13   14  15   16   17  18
                                     12Z  AVG MX 2MIN
DY MAX MIN AVG DEP HDD CDD  WTR  SNW DPTH SPD SPD DIR MIN PSBL S-S WX    SPD DR
================================================================================

 1  92  76  84   2   0  19 0.03  0.0    0  9.7 20 250   M    M   6 3      27 210
 2  93  73  83   1   0  18 0.13  0.0    0  5.5 17 140   M    M   1 138    21 120
 3  92  73  83   1   0  18 0.11  0.0    0  5.7 28 190   M    M   1 3      40 190
 4  92  74  83   1   0  18 0.00  0.0    0  8.8 20 120   M    M   3 18     23 140
 5  93  79  86   4   0  21 0.00  0.0    0  8.7 20 130   M    M   1        24 130
 6  92  74  83   1   0  18 0.00  0.0    0  9.0 23 140   M    M   1        31 100
 7  92  80  86   4   0  21 0.00  0.0    0 11.6 21 120   M    M   3        25 140
 8  92  80  86   4   0  21 0.00  0.0    0 11.7 22 120   M    M   1        27 130
 9  91  74  83   1   0  18 0.07  0.0    0  5.8 15  70   M    M   1        20 100
10  92  77  85   3   0  20 0.95  0.0    0  6.7 16 240   M    M   4 1      22  40
11  92  75  84   2   0  19 3.11  0.0    0  7.2 17 100   M    M   6 138    22  80
12  91  74  83   1   0  18 0.00  0.0    0  6.4 18 150   M    M   2 13     22 130
13  92  74  83   1   0  18 0.06  0.0    0  6.3 20 270   M    M   2 138    25 270
14  94  73  84   2   0  19    T  0.0    0  5.1 15 210   M    M   2 3      21 190
15  92  76  84   2   0  19 1.55  0.0    0  7.0 16 140   M    M   3 13     19 130
16  92  77  85   3   0  20 0.00  0.0    0  4.5 18 200   M    M   2 3      24 190
17  92  75  84   2   0  19 0.00  0.0    0  4.3 16 150   M    M   1        20 130
18  92  74  83   1   0  18 0.00  0.0    0  5.9 17 280   M    M   2        21 280
19  93  72  83   1   0  18 0.00  0.0    0  6.4 15 100   M    M   0        18  90
20  85  78  82   0   0  17 0.18  0.0    0  4.6 14 130   M    M   3 13     18 140
21  90  78  84   2   0  19 0.03  0.0    0  7.9 16  70   M    M   2 13     20 100
22  91  80  86   4   0  21 0.01  0.0    0  9.1 16  70   M    M   2 1      21  30
================================================================================
SM 2017 1666         0 417  6.23     0.0 157.9          M       49
================================================================================
AV 91.7 75.7                               7.2 FASTST   M    M   2    MAX(MPH)
                                 MISC ---->  # 28 190               # 40  190
================================================================================
NOTES:
# LAST OF SEVERAL OCCURRENCES

COLUMN 17 PEAK WIND IN M.P.H.

PRELIMINARY LOCAL CLIMATOLOGICAL DATA (WS FORM: F-6) , PAGE 2

                                          STATION:  VERO BEACH
                                          MONTH:    AUGUST
                                          YEAR:     2017
                                          LATITUDE:   27 39 N
                                          LONGITUDE:  80 25 W

[TEMPERATURE DATA]      [PRECIPITATION DATA]       SYMBOLS USED IN COLUMN 16

AVERAGE MONTHLY: 83.7   TOTAL FOR MONTH:   6.23    1 = FOG OR MIST
DPTR FM NORMAL:   1.7   DPTR FM NORMAL:    1.37    2 = FOG REDUCING VISIBILITY
HIGHEST:    94 ON 14    GRTST 24HR  3.11 ON 11-11      TO 1/4 MILE OR LESS
LOWEST:     72 ON 19                               3 = THUNDER
                        SNOW, ICE PELLETS, HAIL    4 = ICE PELLETS
                        TOTAL MONTH:   0.0 INCH    5 = HAIL
                        GRTST 24HR     0.0         6 = FREEZING RAIN OR DRIZZLE
                        GRTST DEPTH:   0           7 = DUSTSTORM OR SANDSTORM:
                                                       VSBY 1/2 MILE OR LESS
                                                   8 = SMOKE OR HAZE
[NO. OF DAYS WITH]      [WEATHER - DAYS WITH]      9 = BLOWING SNOW
                                                   X = TORNADO
MAX 32 OR BELOW:   0    0.01 INCH OR MORE:  11
MAX 90 OR ABOVE:  21    0.10 INCH OR MORE:   6
MIN 32 OR BELOW:   0    0.50 INCH OR MORE:   3
MIN  0 OR BELOW:   0    1.00 INCH OR MORE:   2

[HDD (BASE 65) ]
TOTAL THIS MO.     0    CLEAR  (SCALE 0-3)  19
DPTR FM NORMAL     0    PTCLDY (SCALE 4-7)   3
TOTAL FM JUL 1     0    CLOUDY (SCALE 8-10)  0
DPTR FM NORMAL     0

[CDD (BASE 65) ]
TOTAL THIS MO.   417
DPTR FM NORMAL    43    [PRESSURE DATA]
TOTAL FM JAN 1  2547    HIGHEST SLP 29.20 ON 14
DPTR FM NORMAL   393    LOWEST  SLP 29.91 ON 14

[REMARKS]
