000
CXUS55 KLBF 011036
CF6VTN
PRELIMINARY LOCAL CLIMATOLOGICAL DATA (WS FORM: F-6)

                                          STATION:   VALENTINE NE
                                          MONTH:     MAY
                                          YEAR:      2015
                                          LATITUDE:   42 52 N
                                          LONGITUDE: 100 33 W

  TEMPERATURE IN F:       :PCPN:    SNOW:  WIND      :SUNSHINE: SKY     :PK WND
================================================================================
1   2   3   4   5  6A  6B    7    8   9   10  11  12  13   14  15   16   17  18
                                     12Z  AVG MX 2MIN
DY MAX MIN AVG DEP HDD CDD  WTR  SNW DPTH SPD SPD DIR MIN PSBL S-S WX    SPD DR
================================================================================

 1  74  45  60   7   5   0 0.08  0.0    0  4.9 10 170   M    M   1 1      15 320
 2  85  47  66  13   0   1 0.00  0.0    0  5.6 23 160   M    M   0        29 170
 3  74  42  58   5   7   0    T  0.0    0 14.8 29  40   M    M   0        40  40
 4  68  46  57   3   8   0    T  0.0    0 10.4 22  80   M    M   6        27  80
 5  63  43  53  -1  12   0 0.29  0.0    0  7.6 20 160   M    M   9 1      24 160
 6  66  57  62   8   3   0 0.61  0.0    0  9.2 26 130   M    M  10 13     34 160
 7  58  47  53  -2  12   0 0.28  0.0    0 12.4 23 330   M    M  10 1      32 320
 8  63  39  51  -4  14   0    T  0.0    0  8.3 17  40   M    M   4        21  40
 9  50  36  43 -12  22   0 1.08  0.0    0 16.8 30  40   M    M   9 1      36  30
10  40  34  37 -19  28   0 0.79  0.0    0 18.5 30 320   M    M  10 1      38 310
11  52  36  44 -12  21   0 0.00  0.0    0 18.3 32 330   M    M   7        40 320
12  75  29  52  -4  13   0 0.00  0.0    0 16.2 33 170   M    M   1        44 180
13  79  51  65   8   0   0 0.01  0.0    0 20.1 36 190   M    M   3        47 190
14  71  53  62   5   3   0 0.08  0.0    0 11.0 21 160   M    M   8        26 170
15  69  54  62   5   3   0 0.65  0.0    0 14.5 31 110   M    M   9 13     39 120
16  78  55  67   9   0   2 0.56  0.0    0 11.5 24 150   M    M   4 13     30 150
17  64  43  54  -4  11   0 0.11  0.0    0 17.0 30 300   M    M   9        41 320
18  60  40  50  -8  15   0 0.00  0.0    0 13.8 25 320   M    M   6        33 310
19  46  34  40 -19  25   0 0.50  0.0    0  7.3 13  30   M    M   8 1      18  50
20  53  34  44 -15  21   0 0.17  0.0    0  4.6  9 230   M    M   8 1      11  40
21  66  33  50  -9  15   0 0.00  0.0    0  8.3 15 170   M    M   0        19 170
22  62  44  53  -7  12   0    T  0.0    0 11.4 30 170   M    M   6        36 160
23  60  48  54  -6  11   0 0.23  0.0    0  9.5 20 120   M    M  10 12     23 110
24  68  54  61   1   4   0 0.18  0.0    0  9.8 18  60   M    M  10 1      21  60
25  62  54  58  -2   7   0 1.45  0.0    0  6.2 17 110   M    M  10 13     21 110
26  75  51  63   2   2   0 0.00  0.0    0  7.1 17  20   M    M   4        22  20
27  79  45  62   1   3   0    T  0.0    0 10.8 25 200   M    M   3        31 190
28  77  55  66   5   0   1 0.01  0.0    0  9.1 28 170   M    M   3 3      33 170
29  64  43  54  -8  11   0 0.02  0.0    0 13.2 25 360   M    M   7 1      31 360
30  63  34  49 -13  16   0 0.00  0.0    0  7.7 14  90   M    M   1        20 100
31  74  46  60  -2   5   0 0.02  0.0    0 12.3 23 150   M    M   4        27 160
================================================================================
SM 2038 1372       309   4  7.12     0.0 348.2          M      180
================================================================================
AV 65.7 44.3                              11.2 FASTST   M    M   6    MAX(MPH)
                                 MISC ---->  # 36 190               # 47  190
================================================================================
NOTES:
# LAST OF SEVERAL OCCURRENCES

COLUMN 17 PEAK WIND IN M.P.H.

PRELIMINARY LOCAL CLIMATOLOGICAL DATA (WS FORM: F-6) , PAGE 2

                                          STATION:  VALENTINE NE
                                          MONTH:    MAY
                                          YEAR:     2015
                                          LATITUDE:   42 52 N
                                          LONGITUDE: 100 33 W

[TEMPERATURE DATA]      [PRECIPITATION DATA]       SYMBOLS USED IN COLUMN 16

AVERAGE MONTHLY: 55.0   TOTAL FOR MONTH:   7.12    1 = FOG OR MIST
DPTR FM NORMAL:  -2.6   DPTR FM NORMAL:    3.99    2 = FOG REDUCING VISIBILITY
HIGHEST:    85 ON  2    GRTST 24HR  1.76 ON  9-10      TO 1/4 MILE OR LESS
LOWEST:     29 ON 12                               3 = THUNDER
                        SNOW, ICE PELLETS, HAIL    4 = ICE PELLETS
                        TOTAL MONTH:   0.0 INCH    5 = HAIL
                        GRTST 24HR     0.0         6 = FREEZING RAIN OR DRIZZLE
                        GRTST DEPTH:   0           7 = DUSTSTORM OR SANDSTORM:
                                                       VSBY 1/2 MILE OR LESS
                                                   8 = SMOKE OR HAZE
[NO. OF DAYS WITH]      [WEATHER - DAYS WITH]      9 = BLOWING SNOW
                                                   X = TORNADO
MAX 32 OR BELOW:   0    0.01 INCH OR MORE:  19
MAX 90 OR ABOVE:   0    0.10 INCH OR MORE:  13
MIN 32 OR BELOW:   1    0.50 INCH OR MORE:   7
MIN  0 OR BELOW:   0    1.00 INCH OR MORE:   2

[HDD (BASE 65) ]
TOTAL THIS MO.   309    CLEAR  (SCALE 0-3)   8
DPTR FM NORMAL    50    PTCLDY (SCALE 4-7)  13
TOTAL FM JUL 1  6570    CLOUDY (SCALE 8-10) 10
DPTR FM NORMAL  -372

[CDD (BASE 65) ]
TOTAL THIS MO.     4
DPTR FM NORMAL   -26    [PRESSURE DATA]
TOTAL FM JAN 1     6    HIGHEST SLP 30.44 ON 19
DPTR FM NORMAL   -28    LOWEST  SLP 29.51 ON 16

[REMARKS]
#FINAL-05-15#
