000
CXUS55 KRIW 280945
CF6WRL
PRELIMINARY LOCAL CLIMATOLOGICAL DATA (WS FORM: F-6)

                                          STATION:   WORLAND WY
                                          MONTH:     MAY
                                          YEAR:      2017
                                          LATITUDE:   43 58 N
                                          LONGITUDE: 107 57 W

  TEMPERATURE IN F:       :PCPN:    SNOW:  WIND      :SUNSHINE: SKY     :PK WND
================================================================================
1   2   3   4   5  6A  6B    7    8   9   10  11  12  13   14  15   16   17  18
                                     12Z  AVG MX 2MIN
DY MAX MIN AVG DEP HDD CDD  WTR  SNW DPTH SPD SPD DIR MIN PSBL S-S WX    SPD DR
================================================================================

 1  57  43  50   0  15   0 0.02    M    M  8.0 23 320   M    M  10        29 320
 2  59  39  49  -2  16   0 0.00    M    M  8.5 18 340   M    M   8        27 350
 3  62  40  51   0  14   0 0.00    M    M  6.8 16 320   M    M   3        21 320
 4  75  35  55   3  10   0 0.00    M    M  4.1 14 170   M    M   0        14 160
 5  82  39  61   9   4   0 0.00    M    M  6.2 16 140   M    M   0        19 130
 6  86  43  65  13   0   0 0.00    M    M  8.2 20 230   M    M   0        24 220
 7  78  49  64  11   1   0 0.00  0.0    M  6.4 32 250   M    M   0        40 240
 8  59  47  53   0  12   0 0.00  0.0    M  6.3 17 310   M    M   7        21 330
 9  69  40  55   2  10   0 0.01    M    M  7.1 32 310   M    M   6 3      39 300
10  70  37  54   0  11   0 0.00  0.0    M  4.9 14 130   M    M   0        16 120
11  80  41  61   7   4   0 0.00  0.0    M  5.3 13 130   M    M   0        15 190
12  84  42  63   9   2   0 0.00  0.0    M  9.6 24 190   M    M   0        30 190
13  75  46  61   7   4   0    T    M    M 10.2 25 320   M    M   2        35 330
14  71  33  52  -3  13   0 0.00  0.0    M  6.5 20 180   M    M   2        26 190
15  75  39  57   2   8   0    T    M    M  8.1 25 340   M    M   2 3      32 350
16  63  45  54  -2  11   0 0.17    M    M  8.6 17 160   M    M   5 1      24 160
17  62  41  52  -4  13   0 0.35    M    M  8.7 25 270   M    M   7 13     33 260
18  47  39  43 -13  22   0 0.18    M    M  8.0 22 300   M    M  10 1      27 270
19  56  38  47  -9  18   0 0.01    M    M  6.1 13 170   M    M   7        19  90
20  66  33  50  -7  15   0 0.00    M    M  6.3 20 290   M    M   2        25 330
21  67  43  55  -2  10   0 0.00    M    M  8.3 23 340   M    M   3        29 330
22  60  38  49  -8  16   0 0.10    M    M  8.9 28 310   M    M   7 18     37 340
23  71  35  53  -5  12   0 0.00    M    M  5.0 14 130   M    M   1        16 120
24  85  41  63   5   2   0 0.00  0.0    M 12.3 37 230   M    M   0        48 220
25  62  49  56  -2   9   0 0.00  0.0    M 12.8 26 350   M    M   2        36 350
26  58  41  50  -8  15   0 0.02    M    M  5.2 15 180   M    M   9        18 190
27  70  35  53  -6  12   0 0.00  0.0    M  6.3 14 330   M    M   1        19 300
================================================================================
SM 1849 1091       279   0  0.86     0.0 202.7          M       94
================================================================================
AV 68.5 40.4                               7.5 FASTST   M    M   3    MAX(MPH)
                                 MISC ---->  # 37 230               # 48  220
================================================================================
NOTES:
# LAST OF SEVERAL OCCURRENCES

COLUMN 17 PEAK WIND IN M.P.H.

PRELIMINARY LOCAL CLIMATOLOGICAL DATA (WS FORM: F-6) , PAGE 2

                                          STATION:  WORLAND WY
                                          MONTH:    MAY
                                          YEAR:     2017
                                          LATITUDE:   43 58 N
                                          LONGITUDE: 107 57 W

[TEMPERATURE DATA]      [PRECIPITATION DATA]       SYMBOLS USED IN COLUMN 16

AVERAGE MONTHLY: 54.4   TOTAL FOR MONTH:   0.86    1 = FOG OR MIST
DPTR FM NORMAL:  -0.3   DPTR FM NORMAL:   -0.36    2 = FOG REDUCING VISIBILITY
HIGHEST:    86 ON  6    GRTST 24HR  0.35 ON 17-17      TO 1/4 MILE OR LESS
LOWEST:     33 ON 20,14                            3 = THUNDER
                        SNOW, ICE PELLETS, HAIL    4 = ICE PELLETS
                        TOTAL MONTH:   0.0 INCH    5 = HAIL
                        GRTST 24HR     0.0         6 = FREEZING RAIN OR DRIZZLE
                        GRTST DEPTH:  M  ON   M    7 = DUSTSTORM OR SANDSTORM:
                                                       VSBY 1/2 MILE OR LESS
                                                   8 = SMOKE OR HAZE
[NO. OF DAYS WITH]      [WEATHER - DAYS WITH]      9 = BLOWING SNOW
                                                   X = TORNADO
MAX 32 OR BELOW:   0    0.01 INCH OR MORE:   8
MAX 90 OR ABOVE:   0    0.10 INCH OR MORE:   4
MIN 32 OR BELOW:   0    0.50 INCH OR MORE:   0
MIN  0 OR BELOW:   0    1.00 INCH OR MORE:   0

[HDD (BASE 65) ]
TOTAL THIS MO.   279    CLEAR  (SCALE 0-3)  17
DPTR FM NORMAL    -4    PTCLDY (SCALE 4-7)   7
TOTAL FM JUL 1  7393    CLOUDY (SCALE 8-10)  3
DPTR FM NORMAL  -357

[CDD (BASE 65) ]
TOTAL THIS MO.     0
DPTR FM NORMAL    -1    [PRESSURE DATA]
TOTAL FM JAN 1     0    HIGHEST SLP M ON M
DPTR FM NORMAL    -2    LOWEST  SLP 29.41 ON 24

[REMARKS]
