000
CXUS54 KFWD 210730
CF6XBP
PRELIMINARY LOCAL CLIMATOLOGICAL DATA (WS FORM: F-6)

                                          STATION:   BRIDGEPORT
                                          MONTH:     FEBRUARY
                                          YEAR:      2017
                                          LATITUDE:   33 10 N
                                          LONGITUDE:  96 30 W

  TEMPERATURE IN F:       :PCPN:    SNOW:  WIND      :SUNSHINE: SKY     :PK WND
================================================================================
1   2   3   4   5  6A  6B    7    8   9   10  11  12  13   14  15   16   17  18
                                     12Z  AVG MX 2MIN
DY MAX MIN AVG DEP HDD CDD  WTR  SNW DPTH SPD SPD DIR MIN PSBL S-S WX    SPD DR
================================================================================

 1  71  48  60  16   5   0 0.00  0.0    0  7.2 12 210   M    M   0        18 210
 2  48  36  42  -2  23   0 0.00  0.0    0  9.9 15 340   M    M   7        20 340
 3  51  37  44   0  21   0 0.00  0.0    0  5.8 13  40   M    M   8        18  40
 4  56  43  50   6  15   0 0.00  0.0    0  6.5 13 190   M    M  10        18 190
 5  79  49  64  20   1   0 0.00  0.0    0  5.6 12 190   M    M   5 1       M  M
 6  83  61  72  28   0   7 0.00  0.0    0 10.3 18 210   M    M   0        30 210
 7  76  50  63  19   2   0 0.00  0.0    0  6.5 13 280   M    M   0        16 220
 8  60  39  50   6  15   0 0.00  0.0    0 10.8 20 350   M    M   0        29 360
 9  60  31  46   2  19   0 0.00  0.0    0  6.2 10 330   M    M   0         M  M
10  79  49  64  19   1   0 0.00  0.0    0 11.1 17 190   M    M   0        25 190
11  91  53  72  27   0   7 0.00  0.0    0  9.6 13 190   M    M   0        21 230
12  72  56  64  19   1   0 0.00  0.0    0 12.9 20  10   M    M   3        30  20
13  63  46  55  10  10   0 0.01  0.0    0  8.7 13  10   M    M  10 3      20  10
14  46  40  43  -2  22   0 0.77  0.0    0 10.9 20 340   M    M  10 3      25 330
15  56  36  46   0  19   0 0.00  0.0    0  7.0 12 340   M    M   1         M  M
16  68  32  50   4  15   0 0.00  0.0    0  6.5 13 190   M    M   0        18 190
17  72  42  57  11   8   0 0.00  0.0    0  9.2 18 200   M    M   3        18 210
18  75  49  62  16   3   0 0.00  0.0    0  3.4 13 160   M    M   2 1      21 160
19  73  52  63  17   2   0 0.21  0.0    0  5.9 13 140   M    M   7 138    25 270
20  69  47  58  11   7   0 0.22  0.0    0  5.7 13 210   M    M   4        20 280
================================================================================
SM 1348  896       189  14  1.21     0.0 159.7          M       70
================================================================================
AV 67.4 44.8                               8.0 FASTST   M    M   4    MAX(MPH)
                                 MISC ---->    20   M                 30    M
================================================================================
NOTES:
# LAST OF SEVERAL OCCURRENCES

COLUMN 17 PEAK WIND IN M.P.H.

PRELIMINARY LOCAL CLIMATOLOGICAL DATA (WS FORM: F-6) , PAGE 2

                                          STATION:  BRIDGEPORT
                                          MONTH:    FEBRUARY
                                          YEAR:     2017
                                          LATITUDE:   33 10 N
                                          LONGITUDE:  96 30 W

[TEMPERATURE DATA]      [PRECIPITATION DATA]       SYMBOLS USED IN COLUMN 16

AVERAGE MONTHLY: 56.1   TOTAL FOR MONTH:   1.21    1 = FOG OR MIST
DPTR FM NORMAL:  11.2   DPTR FM NORMAL:   -0.36    2 = FOG REDUCING VISIBILITY
HIGHEST:    91 ON 11    GRTST 24HR  0.77 ON 14-14      TO 1/4 MILE OR LESS
LOWEST:     31 ON  9                               3 = THUNDER
                        SNOW, ICE PELLETS, HAIL    4 = ICE PELLETS
                        TOTAL MONTH:   0.0 INCH    5 = HAIL
                        GRTST 24HR     0.0         6 = FREEZING RAIN OR DRIZZLE
                        GRTST DEPTH:   0           7 = DUSTSTORM OR SANDSTORM:
                                                       VSBY 1/2 MILE OR LESS
                                                   8 = SMOKE OR HAZE
[NO. OF DAYS WITH]      [WEATHER - DAYS WITH]      9 = BLOWING SNOW
                                                   X = TORNADO
MAX 32 OR BELOW:   0    0.01 INCH OR MORE:   4
MAX 90 OR ABOVE:   1    0.10 INCH OR MORE:   3
MIN 32 OR BELOW:   2    0.50 INCH OR MORE:   1
MIN  0 OR BELOW:   0    1.00 INCH OR MORE:   0

[HDD (BASE 65) ]
TOTAL THIS MO.   189    CLEAR  (SCALE 0-3)  12
DPTR FM NORMAL  -214    PTCLDY (SCALE 4-7)   5
TOTAL FM JUL 1  1511    CLOUDY (SCALE 8-10)  3
DPTR FM NORMAL  -771

[CDD (BASE 65) ]
TOTAL THIS MO.    14
DPTR FM NORMAL    14    [PRESSURE DATA]
TOTAL FM JAN 1    14    HIGHEST SLP M ON M
DPTR FM NORMAL    14    LOWEST  SLP M ON M

[REMARKS]
