000
CXUS54 KTSA 160850
CF6XNA
PRELIMINARY LOCAL CLIMATOLOGICAL DATA (WS FORM: F-6)
STATION: HIGHFILL ARKANSAS
MONTH: APRIL
YEAR: 2024
LATITUDE: 36 16 N
LONGITUDE: 94 19 W
TEMPERATURE IN F: :PCPN: SNOW: WIND :SUNSHINE: SKY :PK WND
================================================================================
1 2 3 4 5 6A 6B 7 8 9 10 11 12 13 14 15 16 17 18
12Z AVG MX 2MIN
DY MAX MIN AVG DEP HDD CDD WTR SNW DPTH SPD SPD DIR MIN PSBL S-S WX SPD DR
================================================================================
1 77 59 68 14 0 3 0.78 0.0 M 11.5 31 290 M M 7 13 48 290
2 60 39 50 -4 15 0 0.09 0.0 M 10.2 20 300 M M 8 13 29 320
3 56 39 48 -7 17 0 T 0.0 M 12.8 24 300 M M 2 46 340
4 63 36 50 -5 15 0 0.00 0.0 M 8.4 18 300 M M 0 28 310
5 73 32 53 -2 12 0 0.00 0.0 M 4.0 12 80 M M 0 21 80
6 76 51 64 8 1 0 0.00 0.0 M 16.7 33 160 M M 2 44 150
7 72 46 59 3 6 0 0.01 0.0 M 11.6 23 230 M M 2 33 220
8 79 41 60 4 5 0 0.00 0.0 M 6.8 23 180 M M 0 32 220
9 73 53 63 7 2 0 0.05 0.0 M 9.3 18 40 M M 7 3 25 30
10 61 50 56 -1 9 0 0.41 0.0 M 11.1 23 360 M M 9 1 32 360
11 65 48 57 0 8 0 0.00 0.0 M 13.2 26 310 M M 1 39 280
12 72 38 55 -2 10 0 0.00 0.0 M 4.9 16 310 M M 0 8 22 270
13 81 50 66 8 0 1 0.00 0.0 M 11.7 24 190 M M 0 35 220
14 81 62 72 14 0 7 0.00 0.0 M 11.7 21 190 M M 0 30 190
15 80 57 69 11 0 4 0.01 0.0 M 9.3 22 170 M M 3 12 28 170
================================================================================
SM 1069 701 100 15 1.35 0.0 153.2 M 41
================================================================================
AV 71.3 46.7 10.2 FASTST M M 3 MAX(MPH)
MISC ----> 33 160 48 290
================================================================================
NOTES:
# LAST OF SEVERAL OCCURRENCES
COLUMN 17 PEAK WIND IN M.P.H.
PRELIMINARY LOCAL CLIMATOLOGICAL DATA (WS FORM: F-6) , PAGE 2
STATION: HIGHFILL ARKANSAS
MONTH: APRIL
YEAR: 2024
LATITUDE: 36 16 N
LONGITUDE: 94 19 W
[TEMPERATURE DATA] [PRECIPITATION DATA] SYMBOLS USED IN COLUMN 16
AVERAGE MONTHLY: 59.0 TOTAL FOR MONTH: 1.35 1 = FOG OR MIST
DPTR FM NORMAL: 2.9 DPTR FM NORMAL: -0.70 2 = FOG REDUCING VISIBILITY
HIGHEST: 81 ON 14,13 GRTST 24HR 0.87 ON 1- 2 TO 1/4 MILE OR LESS
LOWEST: 32 ON 5 3 = THUNDER
SNOW, ICE PELLETS, HAIL 4 = ICE PELLETS
TOTAL MONTH: 0.0 INCH 5 = HAIL
GRTST 24HR 0.0 6 = FREEZING RAIN OR DRIZZLE
GRTST DEPTH: M ON M 7 = DUSTSTORM OR SANDSTORM:
VSBY 1/2 MILE OR LESS
8 = SMOKE OR HAZE
[NO. OF DAYS WITH] [WEATHER - DAYS WITH] 9 = BLOWING SNOW
X = TORNADO
MAX 32 OR BELOW: 0 0.01 INCH OR MORE: 6
MAX 90 OR ABOVE: 0 0.10 INCH OR MORE: 2
MIN 32 OR BELOW: 1 0.50 INCH OR MORE: 1
MIN 0 OR BELOW: 0 1.00 INCH OR MORE: 0
[HDD (BASE 65) ]
TOTAL THIS MO. 100 CLEAR (SCALE 0-3) 11
DPTR FM NORMAL -45 PTCLDY (SCALE 4-7) 3
TOTAL FM JUL 1 3204 CLOUDY (SCALE 8-10) 1
DPTR FM NORMAL -488
[CDD (BASE 65) ]
TOTAL THIS MO. 15
DPTR FM NORMAL 0 [PRESSURE DATA]
TOTAL FM JAN 1 24 HIGHEST SLP M ON M
DPTR FM NORMAL 2 LOWEST SLP 29.51 ON 1
[REMARKS]