000
CXUS56 KPDT 300532
CF6YKM
PRELIMINARY LOCAL CLIMATOLOGICAL DATA (WS FORM: F-6)

                                          STATION:   YAKIMA WA
                                          MONTH:     MARCH
                                          YEAR:      2015
                                          LATITUDE:   46 34 N
                                          LONGITUDE: 120 32 W

  TEMPERATURE IN F:       :PCPN:    SNOW:  WIND      :SUNSHINE: SKY     :PK WND
================================================================================
1   2   3   4   5  6A  6B    7    8   9   10  11  12  13   14  15   16   17  18
                                     12Z  AVG MX 2MIN
DY MAX MIN AVG DEP HDD CDD  WTR  SNW DPTH SPD SPD DIR MIN PSBL S-S WX    SPD DR
================================================================================

 1  54  23  39   0  26   0 0.00  0.0    0  5.0 12 160   M    M   1        14 160
 2  51  33  42   2  23   0    T  0.0    0  4.8 14 320   M    M   8        18  20
 3  50  26  38  -2  27   0 0.00  0.0    0  3.7  9 140   M    M   4        14 180
 4  55  21  38  -2  27   0 0.00  0.0    0  4.0 10 280   M    M   0        11 120
 5  58  24  41   1  24   0 0.00  0.0    0  2.6 12 140   M    M   0 8      18 150
 6  65  30  48   7  17   0 0.00  0.0    0  2.9  8 290   M    M   0        11 170
 7  69  33  51  10  14   0 0.00  0.0    0  5.8 13 270   M    M   0        15 310
 8  68  31  50   9  15   0 0.00  0.0    0  5.7 10 140   M    M   0        13  90
 9  74  31  53  11  12   0 0.00  0.0    0  3.5 10 270   M    M   0        12 270
10  69  31  50   8  15   0 0.00  0.0    0  4.5 13 250   M    M   0        14 290
11  68  45  57  15   8   0 0.01  0.0    0  7.1 21 220   M    M   8        25 210
12  71  35  53  11  12   0 0.00  0.0    0  4.5 12 270   M    M   0        13 150
13  68  37  53  10  12   0 0.00  0.0    0  4.4 10 270   M    M   0        11 280
14  72  51  62  19   3   0    T  0.0    0 12.7 30 190   M    M   7        36 180
15  63  45  54  11  11   0 0.27  0.0    0  8.2 29 230   M    M   7 1      39 210
16  62  32  47   4  18   0 0.00  0.0    0  5.9 17 260   M    M   3        24 270
17  62  45  54  10  11   0    T  0.0    0  4.4 15 310   M    M   5        17 310
18  66  33  50   6  15   0 0.00  0.0    0  5.0 12 190   M    M   0        15 150
19  65  34  50   6  15   0 0.00  0.0    0  4.5 10 250   M    M   0        13 150
20  63  37  50   6  15   0 0.00  0.0    0  5.3 23 220   M    M   2        31 220
21  65  36  51   7  14   0 0.00  0.0    0  9.8 24 230   M    M   4        34 290
22  59  33  46   1  19   0    T  0.0    0  4.6 10 170   M    M   5        16 290
23  60  33  47   2  18   0 0.12  0.0    0  7.4 24 200   M    M   5        32 210
24  61  37  49   4  16   0 0.29  0.0    0  9.3 24 270   M    M   4 1      28 270
25  62  44  53   8  12   0 0.04  0.0    0  4.1 17 200   M    M   6        23 200
26  74  39  57  11   8   0 0.00  0.0    0  4.6 10 270   M    M   0        12 270
27  80  42  61  15   4   0 0.00  0.0    0  8.0 30 300   M    M   1        45 290
28  67  43  55   9  10   0 0.00  0.0    0 11.5 32 320   M    M   1        42 320
================================================================================
SM 1801  984       421   0  0.73     0.0 163.8          M       71
================================================================================
AV 64.3 35.1                               5.9 FASTST   M    M   3    MAX(MPH)
                                 MISC ---->  # 32 320               # 45  290
================================================================================
NOTES:
# LAST OF SEVERAL OCCURRENCES

COLUMN 17 PEAK WIND IN M.P.H.

PRELIMINARY LOCAL CLIMATOLOGICAL DATA (WS FORM: F-6) , PAGE 2

                                          STATION:  YAKIMA WA
                                          MONTH:    MARCH
                                          YEAR:     2015
                                          LATITUDE:   46 34 N
                                          LONGITUDE: 120 32 W

[TEMPERATURE DATA]      [PRECIPITATION DATA]       SYMBOLS USED IN COLUMN 16

AVERAGE MONTHLY: 49.7   TOTAL FOR MONTH:   0.73    1 = FOG OR MIST
DPTR FM NORMAL:   6.9   DPTR FM NORMAL:    0.16    2 = FOG REDUCING VISIBILITY
HIGHEST:    80 ON 27    GRTST 24HR  0.29 ON 24-24      TO 1/4 MILE OR LESS
LOWEST:     21 ON  4                               3 = THUNDER
                        SNOW, ICE PELLETS, HAIL    4 = ICE PELLETS
                        TOTAL MONTH:   0.0 INCH    5 = HAIL
                        GRTST 24HR     0.0         6 = FREEZING RAIN OR DRIZZLE
                        GRTST DEPTH:   0           7 = DUSTSTORM OR SANDSTORM:
                                                       VSBY 1/2 MILE OR LESS
                                                   8 = SMOKE OR HAZE
[NO. OF DAYS WITH]      [WEATHER - DAYS WITH]      9 = BLOWING SNOW
                                                   X = TORNADO
MAX 32 OR BELOW:   0    0.01 INCH OR MORE:   5
MAX 90 OR ABOVE:   0    0.10 INCH OR MORE:   3
MIN 32 OR BELOW:   9    0.50 INCH OR MORE:   0
MIN  0 OR BELOW:   0    1.00 INCH OR MORE:   0

[HDD (BASE 65) ]
TOTAL THIS MO.   421    CLEAR  (SCALE 0-3)  16
DPTR FM NORMAL  -198    PTCLDY (SCALE 4-7)  12
TOTAL FM JUL 1  4003    CLOUDY (SCALE 8-10)  0
DPTR FM NORMAL -1143

[CDD (BASE 65) ]
TOTAL THIS MO.     0
DPTR FM NORMAL     0    [PRESSURE DATA]
TOTAL FM JAN 1     0    HIGHEST SLP 30.35 ON  4
DPTR FM NORMAL     0    LOWEST  SLP 29.70 ON 15

[REMARKS]
