000
CXUS51 KPBZ 230904
CF6ZZV
PRELIMINARY LOCAL CLIMATOLOGICAL DATA (WS FORM: F-6)

                                          STATION:   ZANESVILLE OH
                                          MONTH:     FEBRUARY
                                          YEAR:      2017
                                          LATITUDE:   39 56 N
                                          LONGITUDE:  81 54 W

  TEMPERATURE IN F:       :PCPN:    SNOW:  WIND      :SUNSHINE: SKY     :PK WND
================================================================================
1   2   3   4   5  6A  6B    7    8   9   10  11  12  13   14  15   16   17  18
                                     12Z  AVG MX 2MIN
DY MAX MIN AVG DEP HDD CDD  WTR  SNW DPTH SPD SPD DIR MIN PSBL S-S WX    SPD DR
================================================================================

 1  39  34  37   7  28   0 0.06    M    M  7.8 13 260   M    M   8 1      18 260
 2  35  23  29  -1  36   0 0.00  0.0    0  8.2 17 300   M    M   2        24 250
 3  27  20  24  -6  41   0 0.00  0.0    0  7.0 16 300   M    M   5        22 290
 4  33  11  22  -8  43   0 0.00  0.0    0  6.1 16 200   M    M   0        18 200
 5  49  26  38   8  27   0 0.00  0.0    0  8.7 22 260   M    M   6        30 270
 6  58  22  40  10  25   0 0.07    M    M  5.3 14 200   M    M   2 1      18 200
 7  63  52  58  28   7   0 0.73    M    M 11.9 22 200   M    M  10 1      29 200
 8  58  30  44  14  21   0 0.13    M    0  8.7 20 270   M    M  10 1      28 280
 9  30  18  24  -7  41   0    T    M    M 13.4 28 290   M    M  10 18     37 290
10  34  15  25  -6  40   0 0.00  0.0    0  7.3 17 170   M    M   4        21 180
11  61  33  47  16  18   0 0.00  0.0    0  5.4 15 280   M    M   2        20 260
12  61  35  48  17  17   0 0.24    M    0 12.7 37 310   M    M   8 1      49 320
13  44  26  35   4  30   0 0.00  0.0    0  8.2 26 310   M    M   3        35 330
14  52  26  39   7  26   0 0.00  0.0    0  8.0 20 240   M    M   2        26 240
15  43  28  36   4  29   0    T    M    0 11.4 21 290   M    M   8        28 320
16  37  26  32   0  33   0    T    M    0  7.8 18 320   M    M   5        26 330
17  62  30  46  14  19   0 0.00  0.0    0  5.3 13 230   M    M   3        18 250
18  69  36  53  20  12   0 0.00  0.0    0  7.3 17 220   M    M   3        26 230
19  57  38  48  15  17   0 0.00  0.0    0  6.3 13 240   M    M   5 128    19 220
20  61  34  48  15  17   0 0.00  0.0    0  2.2  8  20   M    M   6 128     9  90
21  68  40  54  21  11   0    T    M    0  3.9 14 200   M    M   3        18 200
22  60  52  56  22   9   0 0.03    M    M  5.0 13 210   M    M  10 1      16 210
================================================================================
SM 1101  655       547   0  1.26     0.0 167.9          M      115
================================================================================
AV 50.1 29.8                               7.6 FASTST   M    M   5    MAX(MPH)
                                 MISC ---->  # 37 310               # 49  320
================================================================================
NOTES:
# LAST OF SEVERAL OCCURRENCES

COLUMN 17 PEAK WIND IN M.P.H.

PRELIMINARY LOCAL CLIMATOLOGICAL DATA (WS FORM: F-6) , PAGE 2

                                          STATION:  ZANESVILLE OH
                                          MONTH:    FEBRUARY
                                          YEAR:     2017
                                          LATITUDE:   39 56 N
                                          LONGITUDE:  81 54 W

[TEMPERATURE DATA]      [PRECIPITATION DATA]       SYMBOLS USED IN COLUMN 16

AVERAGE MONTHLY: 39.9   TOTAL FOR MONTH:   1.26    1 = FOG OR MIST
DPTR FM NORMAL:   8.6   DPTR FM NORMAL:   -0.42    2 = FOG REDUCING VISIBILITY
HIGHEST:    69 ON 18    GRTST 24HR  0.79 ON  6- 7      TO 1/4 MILE OR LESS
LOWEST:     11 ON  4                               3 = THUNDER
                        SNOW, ICE PELLETS, HAIL    4 = ICE PELLETS
                        TOTAL MONTH:   0.0 INCH    5 = HAIL
                        GRTST 24HR     0.0         6 = FREEZING RAIN OR DRIZZLE
                        GRTST DEPTH:   0           7 = DUSTSTORM OR SANDSTORM:
                                                       VSBY 1/2 MILE OR LESS
                                                   8 = SMOKE OR HAZE
[NO. OF DAYS WITH]      [WEATHER - DAYS WITH]      9 = BLOWING SNOW
                                                   X = TORNADO
MAX 32 OR BELOW:   2    0.01 INCH OR MORE:   6
MAX 90 OR ABOVE:   0    0.10 INCH OR MORE:   3
MIN 32 OR BELOW:  13    0.50 INCH OR MORE:   1
MIN  0 OR BELOW:   0    1.00 INCH OR MORE:   0

[HDD (BASE 65) ]
TOTAL THIS MO.   547    CLEAR  (SCALE 0-3)   9
DPTR FM NORMAL  -193    PTCLDY (SCALE 4-7)   9
TOTAL FM JUL 1  3254    CLOUDY (SCALE 8-10)  4
DPTR FM NORMAL  -753

[CDD (BASE 65) ]
TOTAL THIS MO.     0
DPTR FM NORMAL     0    [PRESSURE DATA]
TOTAL FM JAN 1     0    HIGHEST SLP M ON M
DPTR FM NORMAL     0    LOWEST  SLP 29.49 ON  7

[REMARKS]
