000
CXUS51 KPBZ 180901
CF6ZZV
PRELIMINARY LOCAL CLIMATOLOGICAL DATA (WS FORM: F-6)

                                          STATION:   ZANESVILLE OH
                                          MONTH:     SEPTEMBER
                                          YEAR:      2014
                                          LATITUDE:   39 56 N
                                          LONGITUDE:  81 54 W

  TEMPERATURE IN F:       :PCPN:    SNOW:  WIND      :SUNSHINE: SKY     :PK WND
================================================================================
1   2   3   4   5  6A  6B    7    8   9   10  11  12  13   14  15   16   17  18
                                     12Z  AVG MX 2MIN
DY MAX MIN AVG DEP HDD CDD  WTR  SNW DPTH SPD SPD DIR MIN PSBL S-S WX    SPD DR
================================================================================

 1  83  70  77   7   0  12 0.06    M    M  5.8 16 200   M    M   6 3      25 200
 2  81  64  73   4   0   8 0.38    M    M  5.3 17 260   M    M   3 13     23 250
 3  83  61  72   3   0   7 0.00    M    M  1.2  8 170   M    M   5 12     12 190
 4  86  59  73   4   0   8 0.00    M    M  2.3  9 230   M    M   0 1      13 230
 5  87  68  78  10   0  13 0.00    M    M  5.7 13 170   M    M   5 1      17 200
 6  80  58  69   1   0   4    T    M    M  4.9 20 340   M    M   4 1      25 290
 7  76  50  63  -5   2   0 0.00    M    M  3.2 14  70   M    M   2 12     19  50
 8  76  54  65  -2   0   0 0.00    M    M  4.7 12 110   M    M   7        19  80
 9  82  61  72   5   0   7 0.00    M    M  2.8  8 190   M    M   4        14 120
10  83  64  74   7   0   9 0.03    M    M 10.2 22 200   M    M   4 1      30 180
11  76  58  67   1   0   2 0.25    M    M  8.6 18 200   M    M   9 1      27 200
12  62  56  59  -7   6   0 0.00    M    M  4.8 13  70   M    M  10        18  70
13  65  47  56 -10   9   0 0.00    M    M  4.9 17 300   M    M   7        23 310
14  67  41  54 -11  11   0 0.00    M    M  2.0  9 350   M    M   2 1      12 350
15  70  41  56  -9   9   0 0.00    M    M  3.1 13 200   M    M   2 1      16 170
16  68  48  58  -6   7   0    T    M    M  4.1 12 320   M    M   5 1      14 310
17  72  46  59  -5   6   0 0.00    M    M  1.7  9 280   M    M   3 18     14 330
================================================================================
SM 1297  946        50  70  0.72    M     75.3          M       78
================================================================================
AV 76.3 55.6                               4.4 FASTST   M    M   5    MAX(MPH)
                                 MISC ---->  # 22 200               # 30  180
================================================================================
NOTES:
# LAST OF SEVERAL OCCURRENCES

COLUMN 17 PEAK WIND IN M.P.H.

PRELIMINARY LOCAL CLIMATOLOGICAL DATA (WS FORM: F-6) , PAGE 2

                                          STATION:  ZANESVILLE OH
                                          MONTH:    SEPTEMBER
                                          YEAR:     2014
                                          LATITUDE:   39 56 N
                                          LONGITUDE:  81 54 W

[TEMPERATURE DATA]      [PRECIPITATION DATA]       SYMBOLS USED IN COLUMN 16

AVERAGE MONTHLY: 66.0   TOTAL FOR MONTH:   0.72    1 = FOG OR MIST
DPTR FM NORMAL:  -1.0   DPTR FM NORMAL:   -0.98    2 = FOG REDUCING VISIBILITY
HIGHEST:    87 ON  5    GRTST 24HR  0.43 ON  1- 2      TO 1/4 MILE OR LESS
LOWEST:     41 ON 15,14                            3 = THUNDER
                        SNOW, ICE PELLETS, HAIL    4 = ICE PELLETS
                        TOTAL MONTH:    M          5 = HAIL
                        GRTST 24HR    M  ON   M    6 = FREEZING RAIN OR DRIZZLE
                        GRTST DEPTH:  M  ON   M    7 = DUSTSTORM OR SANDSTORM:
                                                       VSBY 1/2 MILE OR LESS
                                                   8 = SMOKE OR HAZE
[NO. OF DAYS WITH]      [WEATHER - DAYS WITH]      9 = BLOWING SNOW
                                                   X = TORNADO
MAX 32 OR BELOW:   0    0.01 INCH OR MORE:   4
MAX 90 OR ABOVE:   0    0.10 INCH OR MORE:   2
MIN 32 OR BELOW:   0    0.50 INCH OR MORE:   0
MIN  0 OR BELOW:   0    1.00 INCH OR MORE:   0

[HDD (BASE 65) ]
TOTAL THIS MO.    50    CLEAR  (SCALE 0-3)   4
DPTR FM NORMAL    21    PTCLDY (SCALE 4-7)  11
TOTAL FM JUL 1    71    CLOUDY (SCALE 8-10)  2
DPTR FM NORMAL    31

[CDD (BASE 65) ]
TOTAL THIS MO.    70
DPTR FM NORMAL     9    [PRESSURE DATA]
TOTAL FM JAN 1   711    HIGHEST SLP  0.00 ON 17
DPTR FM NORMAL   -27    LOWEST  SLP  0.00 ON 17

[REMARKS]
