273
CXUS55 KCYS 121740 CCA
CLACDR

CLIMATE REPORT
NATIONAL WEATHER SERVICE CHEYENNE WY
1029 AM MST THU JAN 12 2017

...................................

...THE CHADRON NE AIRPORT CLIMATE SUMMARY FOR THE YEAR OF 2016...

CLIMATE NORMAL PERIOD 1981 TO 2010
CLIMATE RECORD PERIOD 1895 TO 2017

WEATHER         OBSERVED          NORMAL  DEPART  LAST YEAR`S
                 VALUE   DATE(S)  VALUE   FROM    VALUE
                                          NORMAL
.............................................................
TEMPERATURE (F)
RECORD
 HIGH             112   07/15/2006
 LOW              -44   02/07/1895
HIGHEST           108   07/20        MM      MM      105
LOWEST            -26   12/18        MM      MM      -17
AVG. MAXIMUM     65.8              62.7     3.1     63.7
AVG. MINIMUM     34.5              32.0     2.5     34.3
MEAN             50.1              47.4     2.7     49.0
DAYS MAX >= 90     55              43.1               48
DAYS MAX <= 32     27              33.0               40
DAYS MIN <= 32    171             183.6              171
DAYS MIN <= 0      13              20.8               18

PRECIPITATION (INCHES)
RECORD
 MAXIMUM        20.51   2009
 MINIMUM         6.38   2002
TOTALS          14.78             18.05   -3.27    20.37
DAYS >= .01        86              79.2               95
DAYS >= .10        36              43.0               49
DAYS >= .50        10              10.5               15
DAYS >= 1.00        1               2.7                2
GREATEST
 24 HR. TOTAL    1.50   06/27 TO 06/28

DEGREE_DAYS
HEATING TOTAL    6227              7146    -919     6420
 SINCE 7/1       2584              2942    -358     2650
COOLING TOTAL     883               712     171      718
 SINCE 1/1        883               712     171      718
..............................................................

WIND (MPH)
AVERAGE WIND SPEED              9.3
HIGHEST WIND SPEED/DIRECTION    62/350    DATE  06/28
HIGHEST GUST SPEED/DIRECTION    83/360    DATE  06/28

SKY COVER
POSSIBLE SUNSHINE (PERCENT)   MM
AVERAGE SKY COVER           0.20
NUMBER OF DAYS FAIR          252
NUMBER OF DAYS PC             82
NUMBER OF DAYS CLOUDY         31

AVERAGE RH (PERCENT)     59

WEATHER CONDITIONS. NUMBER OF DAYS WITH
THUNDERSTORM              0     MIXED PRECIP               0
HEAVY RAIN               14     RAIN                      28
LIGHT RAIN               94     FREEZING RAIN              0
LT FREEZING RAIN          1     HAIL                       0
HEAVY SNOW                3     SNOW                       9
LIGHT SNOW               38     SLEET                      0
FOG                      81     FOG W/VIS <= 1/4 MILE     13
HAZE                     55

-  INDICATES NEGATIVE NUMBERS.
R  INDICATES RECORD WAS SET OR TIED.
MM INDICATES DATA IS MISSING.
T  INDICATES TRACE AMOUNT.

$$
