000
CXUS53 KBIS 011408
CLAISN

CLIMATE REPORT NATIONAL WEATHER SERVICE BISMARCK ND

804 AM CST FRI JAN 1 2016

...................................

...THE WILLISTON CLIMATE SUMMARY FOR THE YEAR OF 2015...

CLIMATE NORMAL PERIOD 1981 TO 2010
CLIMATE RECORD PERIOD 1894 TO 2015

WEATHER         OBSERVED          NORMAL  DEPART  LAST YEAR`S
                 VALUE   DATE(S)  VALUE   FROM    VALUE
                                          NORMAL
.............................................................
TEMPERATURE (F)
RECORD
 HIGH             110   07/05/1936
 LOW              -50   12/23/1983
                        02/16/1936
HIGHEST           104   08/14        MM      MM
LOWEST            -21   01/12        MM      MM
AVG. MAXIMUM     57.8
AVG. MINIMUM     31.4
MEAN             44.6
DAYS MAX >= 90     33
DAYS MAX <= 32     63
DAYS MIN <= 32    180
DAYS MIN <= 0      39

PRECIPITATION (INCHES)
RECORD
 MAXIMUM        22.04   1896
 MINIMUM         6.13   1934
TOTALS          12.04             14.37   -2.33    10.69
DAYS >= .01        87
DAYS >= .10        32
DAYS >= .50         4
DAYS >= 1.00        2
GREATEST
 24 HR. TOTAL    2.02   MM

SNOWFALL (INCHES)
RECORDS
 TOTAL           75.6   2010
 24 HR TOTAL     14.4   MM
TOTALS            0.0              45.3   -45.3
SINCE 7/1         0.0
DAYS >= TRACE       0
GREATEST
 24 HR TOTAL      0.0   MM

DEGREE_DAYS
HEATING TOTAL    7802              8996   -1194
 SINCE 7/1       2984              3747    -763
..............................................................

WIND (MPH)
AVERAGE WIND SPEED              8.6
HIGHEST WIND SPEED/DIRECTION    52/280    DATE  07/28
HIGHEST GUST SPEED/DIRECTION    64/280    DATE  10/11



-  INDICATES NEGATIVE NUMBERS.
R  INDICATES RECORD WAS SET OR TIED.
MM INDICATES DATA IS MISSING.
T  INDICATES TRACE AMOUNT.

$$
