741
CXUS51 KOKX 012216
CLAJFK

NYCCLMJFK 000
TTAA00 KOKX 012202


CLIMATE REPORT
NATIONAL WEATHER SERVICE NEW YORK NY
517 PM EST FRI JAN 1 2016

...................................

...THE KENNEDY NY CLIMATE SUMMARY FOR THE YEAR OF 2015...

CLIMATE NORMAL PERIOD 1981 TO 2010
CLIMATE RECORD PERIOD 1949 TO 2015

WEATHER         OBSERVED          NORMAL  DEPART  LAST YEAR`S
                 VALUE   DATE(S)  VALUE   FROM    VALUE  DATE(S)
                                          NORMAL
................................................................
TEMPERATURE (F)
RECORD
 HIGH             104   07/03/1966
 LOW               -2   01/21/1985
                        02/08/1963
HIGHEST            95   07/29        MM      MM       92  09/02
                        07/20
LOWEST              3   02/20        MM      MM        3  01/04
AVG. MAXIMUM     63.5              61.6     1.9     61.2
AVG. MINIMUM     48.4              47.3     1.1     46.6
MEAN             56.0              54.5     1.5     53.9
DAYS MAX >= 90     12               8.8     3.2        2
DAYS MAX <= 32     23              14.2     8.8       23
DAYS MIN <= 32     75              71.9     3.1       86
DAYS MIN <= 0       0               0.0     0.0        0

PRECIPITATION (INCHES)
RECORD
 MAXIMUM        59.12   1983
 MINIMUM           MM   MM
TOTALS          38.31             42.77   -4.46    50.75
DAILY AVG.       0.10              0.12   -0.02     0.14
DAYS >= .01       110             119.4    -9.4      122
DAYS >= .10        63              73.7   -10.7       75
DAYS >= .50        27              28.8    -1.8       31
DAYS >= 1.00       12              11.2     0.8       16
GREATEST
 24 HR. TOTAL    2.48   MM                       12/31 TO 12/31
                                                          12/31 TO 12/31
                                                          12/31 TO 12/31
 STORM TOTAL       MM                                 MM
 (MM/DD(HH))            MM                    12/31(00) TO 12/31(00)
                                                 12/31(00) TO 12/31(00)1
                                                 12/31(00) TO 12/31(00)1

SNOWFALL (INCHES)
RECORDS
 TOTAL           61.9   2003
 24 HR TOTAL     15.0   MM
 SNOW DEPTH        28   02/18/2003
TOTALS           43.9              23.8    20.1     39.1
 LIQUID EQUIV    4.39              2.40    1.99     3.91
SINCE 7/1         0.1               4.9    -4.8      0.4
 LIQUID 7/1      0.01              0.50   -0.49     0.04
SNOWDEPTH AVG.      1                MM      MM        1
DAYS >= TRACE      38              13.6    24.4       39
DAYS >= 1.0        12               5.4     6.6       11
GREATEST
 SNOW DEPTH        10   01/28                         10  02/18
                                                          02/16
                                                          02/17
 24 HR TOTAL      5.8   MM                       12/31 TO 12/31
                                                          12/31 TO 12/31
                                                          12/31 TO 12/31
 STORM TOTAL       MM                                 MM
 (MM/DD(HH))            MM                    12/31(00) TO 12/31(00)
                                                 12/31(00) TO 12/31(00)1
                                                 12/31(00) TO 12/31(00)1

DEGREE_DAYS
HEATING TOTAL    4530              4840    -310     4963
 SINCE 7/1         MM              1669      MM       MM
COOLING TOTAL    1387              1004     383     1050
 SINCE 1/1       1387              1005     382     1050
..................................................

WIND (MPH)
AVERAGE WIND SPEED              10.9
RESULTANT WIND SPEED/DIRECTION   3/272
HIGHEST WIND SPEED/DIRECTION    43/300    DATE  03/17
HIGHEST GUST SPEED/DIRECTION    53/320    DATE  03/17

SKY COVER
POSSIBLE SUNSHINE (PERCENT)   MM
AVERAGE SKY COVER           0.60
NUMBER OF DAYS FAIR           52
NUMBER OF DAYS PC            185
NUMBER OF DAYS CLOUDY        128

AVERAGE RH (PERCENT)     62

WEATHER CONDITIONS. NUMBER OF DAYS WITH
THUNDERSTORM              0     MIXED PRECIP               1
HEAVY RAIN               25     RAIN                      47
LIGHT RAIN              116     FREEZING RAIN              0
LT FREEZING RAIN          5     HAIL                       0
HEAVY SNOW                0     SNOW                      11
LIGHT SNOW               34     SLEET                      6
FOG                     111     FOG W/VIS <= 1/4 MILE     31
HAZE                     42

-  INDICATES NEGATIVE NUMBERS.
R  INDICATES RECORD WAS SET OR TIED.
MM INDICATES DATA IS MISSING.
T  INDICATES TRACE AMOUNT.

$$
