000
CXUS53 KEAX 010818
CLAMCI

STLCLMWA1 000
TTAA00 KEAX 010800


CLIMATE REPORT
NATIONAL WEATHER SERVICE KANSAS CITY/PLEASANT HILL MO
159 AM CST WED JAN 1 2014

...................................

...THE KANSAS CITY INTERNATIONAL MO CLIMATE SUMMARY FOR THE YEAR OF 2013...

CLIMATE NORMAL PERIOD 1981 TO 2010
CLIMATE RECORD PERIOD 1888 TO 2013

WEATHER         OBSERVED          NORMAL  DEPART  LAST YEAR`S
                 VALUE   DATE(S)  VALUE   FROM    VALUE
                                          NORMAL
.............................................................
TEMPERATURE (F)
RECORD
 HIGH             113   08/14/1936
 LOW              -23   12/23/1989
                        12/22/1989
HIGHEST           100   09/08        99       1
LOWEST             -2   12/24         0      -2
AVG. MAXIMUM     63.1              64.7    -1.6
AVG. MINIMUM     43.0              44.6    -1.6
MEAN             53.1              54.6    -1.5
DAYS MAX >= 90     33              30.2     2.8
DAYS MAX <= 32     31              27.0     4.0
DAYS MIN <= 32    122             108.2    13.8       86
DAYS MIN <= 0       2               5.2    -3.2

PRECIPITATION (INCHES)
RECORD
 MAXIMUM        60.25   1961
 MINIMUM        20.93   1953
TOTALS          34.48             38.86   -4.38
DAILY AVG.       0.09              0.11   -0.02
DAYS >= .01        98             104.8    -6.8
DAYS >= .10        62              64.1    -2.1
DAYS >= .50        23              25.6    -2.6
DAYS >= 1.00        6              10.0    -4.0
GREATEST
 24 HR. TOTAL    2.58   MM

SNOWFALL (INCHES)
RECORDS
 TOTAL           63.0   1960
 24 HR TOTAL     20.0   03/23/1912 TO 03/23/1912
TOTALS           33.7              18.8    14.9
DAYS >= TRACE      41              14.6    26.4
DAYS >= 1.0        10               5.9     4.1
GREATEST
 SNOW DEPTH        10   02/28
                        02/27
 24 HR TOTAL      9.2   MM

DEGREE_DAYS
HEATING TOTAL    5561              5133     428
COOLING TOTAL    1345              1360     -15
..............................................................

WIND (MPH)
AVERAGE WIND SPEED              9.9
HIGHEST WIND SPEED/DIRECTION    38/270    DATE  11/17
HIGHEST GUST SPEED/DIRECTION    49/230    DATE  02/10

SKY COVER
POSSIBLE SUNSHINE (PERCENT)   MM
AVERAGE SKY COVER           0.50
NUMBER OF DAYS FAIR           91
NUMBER OF DAYS PC            179
NUMBER OF DAYS CLOUDY         95

AVERAGE RH (PERCENT)     65

WEATHER CONDITIONS. NUMBER OF DAYS WITH
THUNDERSTORM              0     MIXED PRECIP               2
HEAVY RAIN               29     RAIN                      40
LIGHT RAIN              115     FREEZING RAIN              0
LT FREEZING RAIN          7     HAIL                       1
HEAVY SNOW                2     SNOW                       8
LIGHT SNOW               36     SLEET                      7
FOG                     144     FOG W/VIS <= 1/4 MILE     18
HAZE                     96

-  INDICATES NEGATIVE NUMBERS.
R  INDICATES RECORD WAS SET OR TIED.
MM INDICATES DATA IS MISSING.
T  INDICATES TRACE AMOUNT.

$$
