000
CDUS41 KBTV 020528
CLI1V4


CLIMATE REPORT
NATIONAL WEATHER SERVICE BURLINGTON VT
127 AM EDT WED SEP 2 2015


...................................

...THE ST. JOHNSBURY VT CLIMATE SUMMARY FOR SEPTEMBER 1 2015...

CLIMATE NORMAL PERIOD 1981 TO 2010
CLIMATE RECORD PERIOD 1894 TO 2015


WEATHER ITEM   OBSERVED TIME   RECORD YEAR NORMAL DEPARTURE LAST
                VALUE   (LST)  VALUE       VALUE  FROM      YEAR
                                                  NORMAL
..................................................................
TEMPERATURE (F)
 YESTERDAY
  MAXIMUM         81    419 PM  92    1953  76      5       84
  MINIMUM         57    549 AM  34    1904  54      3       62
  AVERAGE         69                        65      4       73

PRECIPITATION (IN)
  YESTERDAY        0.01          0.66 1918   0.10  -0.09     0.01
  MONTH TO DATE    0.01                      0.10  -0.09     0.01
  SINCE SEP 1      0.01                      0.10  -0.09     0.01
  SINCE JAN 1     28.50                     25.86   2.64    27.45

DEGREE DAYS
 HEATING
  YESTERDAY        0                         2     -2        0
  MONTH TO DATE    0                         2     -2        0
  SINCE SEP 1      0                         2     -2        0
  SINCE JUL 1     36                        52    -16       57

 COOLING
  YESTERDAY        4                         3      1        8
  MONTH TO DATE    4                         3      1        8
  SINCE SEP 1      4                         3      1        8
  SINCE JAN 1    362                       401    -39      227
..................................................................


WIND (MPH)
  HIGHEST WIND SPEED    MM   HIGHEST WIND DIRECTION    MM
  HIGHEST GUST SPEED    MM   HIGHEST GUST DIRECTION    MM
  AVERAGE WIND SPEED    MM


SKY COVER
  AVERAGE SKY COVER 0.0


WEATHER CONDITIONS
 THE FOLLOWING WEATHER WAS RECORDED YESTERDAY.
  NO SIGNIFICANT WEATHER WAS OBSERVED.


RELATIVE HUMIDITY (PERCENT)
 HIGHEST    93           200 AM
 LOWEST     42           300 PM
 AVERAGE    68

..........................................................


THE ST. JOHNSBURY VT CLIMATE NORMALS FOR TODAY
                         NORMAL    RECORD    YEAR
 MAXIMUM TEMPERATURE (F)   76        92      1953
 MINIMUM TEMPERATURE (F)   54        36      1896


SUNRISE AND SUNSET
SEPTEMBER  2 2015.....SUNRISE   612 AM EDT   SUNSET   723 PM EDT
SEPTEMBER  3 2015.....SUNRISE   613 AM EDT   SUNSET   721 PM EDT


-  INDICATES NEGATIVE NUMBERS.
R  INDICATES RECORD WAS SET OR TIED.
MM INDICATES DATA IS MISSING.
T  INDICATES TRACE AMOUNT.




$$
