000
CDUS41 KBTV 210549
CLI1V4


CLIMATE REPORT
NATIONAL WEATHER SERVICE BURLINGTON VT
147 AM EDT THU SEP 21 2017


...................................

...THE ST. JOHNSBURY VT CLIMATE SUMMARY FOR SEPTEMBER 20 2017...

CLIMATE NORMAL PERIOD 1981 TO 2010
CLIMATE RECORD PERIOD 1894 TO 2017


WEATHER ITEM   OBSERVED TIME   RECORD YEAR NORMAL DEPARTURE LAST
                VALUE   (LST)  VALUE       VALUE  FROM      YEAR
                                                  NORMAL
..................................................................
TEMPERATURE (F)
 YESTERDAY
  MAXIMUM         80        MM  88    1946  69     11       82
  MINIMUM         55        MM  28    1979  48      7       61
  AVERAGE         68                        58     10       72

PRECIPITATION (IN)
  YESTERDAY        0.00          1.43 1989   0.12  -0.12     0.00
  MONTH TO DATE    2.89                      2.12   0.77     1.14
  SINCE SEP 1      2.89                      2.12   0.77     1.14
  SINCE JAN 1     32.43                     27.88   4.55    29.08

DEGREE DAYS
 HEATING
  YESTERDAY        0                         7     -7        0
  MONTH TO DATE   89                        90     -1       51
  SINCE SEP 1     89                        90     -1       51
  SINCE JUL 1    180                       140     40       78

 COOLING
  YESTERDAY        3                         1      2        7
  MONTH TO DATE   28                        31     -3       48
  SINCE SEP 1     28                        31     -3       48
  SINCE JAN 1    290                       429   -139      456
..................................................................


WIND (MPH)
  HIGHEST WIND SPEED    MM   HIGHEST WIND DIRECTION    MM
  HIGHEST GUST SPEED    MM   HIGHEST GUST DIRECTION    MM
  AVERAGE WIND SPEED    MM


SKY COVER
  AVERAGE SKY COVER 0.0


WEATHER CONDITIONS
 THE FOLLOWING WEATHER WAS RECORDED YESTERDAY.
  NO SIGNIFICANT WEATHER WAS OBSERVED.


RELATIVE HUMIDITY (PERCENT)
 HIGHEST   100          1200 AM
 LOWEST     58           100 PM
 AVERAGE    79

..........................................................


THE ST. JOHNSBURY VT CLIMATE NORMALS FOR TODAY
                         NORMAL    RECORD    YEAR
 MAXIMUM TEMPERATURE (F)   69        87      1965
 MINIMUM TEMPERATURE (F)   47        26      1929


SUNRISE AND SUNSET
SEPTEMBER 21 2017.....SUNRISE   634 AM EDT   SUNSET   647 PM EDT
SEPTEMBER 22 2017.....SUNRISE   635 AM EDT   SUNSET   645 PM EDT


-  INDICATES NEGATIVE NUMBERS.
R  INDICATES RECORD WAS SET OR TIED.
MM INDICATES DATA IS MISSING.
T  INDICATES TRACE AMOUNT.




$$
