000
CDUS41 KBTV 280541
CLI1V4


CLIMATE REPORT
NATIONAL WEATHER SERVICE BURLINGTON VT
140 AM EDT THU MAY 28 2015


...................................

...THE ST. JOHNSBURY VT CLIMATE SUMMARY FOR MAY 27 2015...

CLIMATE NORMAL PERIOD 1981 TO 2010
CLIMATE RECORD PERIOD 1894 TO 2015


WEATHER ITEM   OBSERVED TIME   RECORD YEAR NORMAL DEPARTURE LAST
                VALUE   (LST)  VALUE       VALUE  FROM      YEAR
                                                  NORMAL
..................................................................
TEMPERATURE (F)
 YESTERDAY
  MAXIMUM         80   1000 AM  89    1914  72      8       66
  MINIMUM         62        MM  27    1969  48     14       49
  AVERAGE         71                        60     11       58

PRECIPITATION (IN)
  YESTERDAY        0.01          2.02 1956   0.11  -0.10     0.88
  MONTH TO DATE    1.71                      2.89  -1.18     4.27
  SINCE MAR 1      5.50                      8.26  -2.76    10.22
  SINCE JAN 1     10.06                     12.94  -2.88    15.35

DEGREE DAYS
 HEATING
  YESTERDAY        0                         6     -6        7
  MONTH TO DATE  178                       263    -85      255
  SINCE MAR 1   2155                      1958    197     2352
  SINCE JUL 1   8220                      7682    538     8384

 COOLING
  YESTERDAY        6                         1      5        0
  MONTH TO DATE   27                        10     17        4
  SINCE MAR 1     27                        11     16        4
  SINCE JAN 1     27                        11     16        4
..................................................................


WIND (MPH)
  HIGHEST WIND SPEED    MM   HIGHEST WIND DIRECTION    MM
  HIGHEST GUST SPEED    MM   HIGHEST GUST DIRECTION    MM
  AVERAGE WIND SPEED    MM


SKY COVER
  AVERAGE SKY COVER 0.0


WEATHER CONDITIONS
 THE FOLLOWING WEATHER WAS RECORDED YESTERDAY.
  NO SIGNIFICANT WEATHER WAS OBSERVED.


RELATIVE HUMIDITY (PERCENT)
 HIGHEST    93           500 AM
 LOWEST     58          1000 AM
 AVERAGE    76

..........................................................


THE ST. JOHNSBURY VT CLIMATE NORMALS FOR TODAY
                         NORMAL    RECORD    YEAR
 MAXIMUM TEMPERATURE (F)   72        93      1978
 MINIMUM TEMPERATURE (F)   48        30      1994


SUNRISE AND SUNSET
MAY 28 2015...........SUNRISE   509 AM EDT   SUNSET   822 PM EDT
MAY 29 2015...........SUNRISE   509 AM EDT   SUNSET   823 PM EDT


-  INDICATES NEGATIVE NUMBERS.
R  INDICATES RECORD WAS SET OR TIED.
MM INDICATES DATA IS MISSING.
T  INDICATES TRACE AMOUNT.




$$
