000
CDUS41 KBTV 230535
CLI1V4


CLIMATE REPORT
NATIONAL WEATHER SERVICE BURLINGTON VT
1234 AM EST TUE JAN 23 2018


...................................

...THE ST. JOHNSBURY VT CLIMATE SUMMARY FOR JANUARY 22 2018...

CLIMATE NORMAL PERIOD 1981 TO 2010
CLIMATE RECORD PERIOD 1894 TO 2018


WEATHER ITEM   OBSERVED TIME   RECORD YEAR NORMAL DEPARTURE LAST
                VALUE   (LST)  VALUE       VALUE  FROM      YEAR
                                                  NORMAL
..................................................................
TEMPERATURE (F)
 YESTERDAY
  MAXIMUM         34        MM  53    1910  27      7       40
  MINIMUM         29        MM -28    1984   6     23       33
  AVERAGE         32                        16     16       37

PRECIPITATION (IN)
  YESTERDAY        0.17          0.79 1958   0.08   0.09     0.00
  MONTH TO DATE    2.77                      1.77   1.00     0.94
  SINCE DEC 1      5.70                      4.85   0.85     4.51
  SINCE JAN 1      2.77                      1.77   1.00     0.94

DEGREE DAYS
 HEATING
  YESTERDAY       33                        49    -16       28
  MONTH TO DATE 1086                      1061     25      895
  SINCE DEC 1   2568                      2358    210     2156
  SINCE JUL 1   4041                      4014     27     3616

 COOLING
  YESTERDAY        0                         0      0        0
  MONTH TO DATE    0                         0      0        0
  SINCE DEC 1      0                         0      0        0
  SINCE JAN 1      0                         0      0        0
..................................................................


WIND (MPH)
  HIGHEST WIND SPEED    MM   HIGHEST WIND DIRECTION    MM
  HIGHEST GUST SPEED    MM   HIGHEST GUST DIRECTION    MM
  AVERAGE WIND SPEED    MM


SKY COVER
  AVERAGE SKY COVER 0.0


WEATHER CONDITIONS
 THE FOLLOWING WEATHER WAS RECORDED YESTERDAY.
  NO SIGNIFICANT WEATHER WAS OBSERVED.


RELATIVE HUMIDITY (PERCENT)
 HIGHEST   100           700 PM
 LOWEST     75          1100 AM
 AVERAGE    88

..........................................................


THE ST. JOHNSBURY VT CLIMATE NORMALS FOR TODAY
                         NORMAL    RECORD    YEAR
 MAXIMUM TEMPERATURE (F)   27        55      1906
 MINIMUM TEMPERATURE (F)    6       -25      2000


SUNRISE AND SUNSET
JANUARY 23 2018.......SUNRISE   715 AM EST   SUNSET   445 PM EST
JANUARY 24 2018.......SUNRISE   714 AM EST   SUNSET   446 PM EST


-  INDICATES NEGATIVE NUMBERS.
R  INDICATES RECORD WAS SET OR TIED.
MM INDICATES DATA IS MISSING.
T  INDICATES TRACE AMOUNT.




$$
