000
CDUS41 KBTV 260611
CLI1V4


CLIMATE REPORT
NATIONAL WEATHER SERVICE BURLINGTON VT
111 AM EST FRI DEC 26 2014


...................................

...THE ST. JOHNSBURY VT CLIMATE SUMMARY FOR DECEMBER 25 2014...

CLIMATE NORMAL PERIOD 1981 TO 2010
CLIMATE RECORD PERIOD 1894 TO 2014


WEATHER ITEM   OBSERVED TIME   RECORD YEAR NORMAL DEPARTURE LAST
                VALUE   (LST)  VALUE       VALUE  FROM      YEAR
                                                  NORMAL
..................................................................
TEMPERATURE (F)
 YESTERDAY
  MAXIMUM         48    758 AM  54    1964  29     19       14
  MINIMUM         35    347 AM -22    1980  11     24        0
  AVERAGE         42                        20     22        7

PRECIPITATION (IN)
  YESTERDAY        0.02          1.28 1979   0.10  -0.08     0.00
  MONTH TO DATE    3.84                      2.54   1.30     2.94
  SINCE DEC 1      3.84                      2.54   1.30     2.94
  SINCE JAN 1     40.27                     38.96   1.31    36.74

DEGREE DAYS
 HEATING
  YESTERDAY       23                        45    -22       58
  MONTH TO DATE  917                      1021   -104     1081
  SINCE DEC 1    917                      1021   -104     1081
  SINCE JUL 1   2569                      2677   -108     2880

 COOLING
  YESTERDAY        0                         0      0        0
  MONTH TO DATE    0                         0      0        0
  SINCE DEC 1      0                         0      0        0
  SINCE JAN 1    252                       433   -181      407
..................................................................


WIND (MPH)
  HIGHEST WIND SPEED    MM   HIGHEST WIND DIRECTION    MM
  HIGHEST GUST SPEED    MM   HIGHEST GUST DIRECTION    MM
  AVERAGE WIND SPEED    MM


SKY COVER
  AVERAGE SKY COVER 0.0


WEATHER CONDITIONS
 THE FOLLOWING WEATHER WAS RECORDED YESTERDAY.
  NO SIGNIFICANT WEATHER WAS OBSERVED.


RELATIVE HUMIDITY (PERCENT)
 HIGHEST   100          1200 AM
 LOWEST     53           100 PM
 AVERAGE    77

..........................................................


THE ST. JOHNSBURY VT CLIMATE NORMALS FOR TODAY
                         NORMAL    RECORD    YEAR
 MAXIMUM TEMPERATURE (F)   29        54      1964
 MINIMUM TEMPERATURE (F)   10       -32      1914


SUNRISE AND SUNSET
DECEMBER 26 2014......SUNRISE   723 AM EST   SUNSET   414 PM EST
DECEMBER 27 2014......SUNRISE   723 AM EST   SUNSET   415 PM EST


-  INDICATES NEGATIVE NUMBERS.
R  INDICATES RECORD WAS SET OR TIED.
MM INDICATES DATA IS MISSING.
T  INDICATES TRACE AMOUNT.




$$
