000
CDUS41 KBTV 070521
CLI1V4


CLIMATE REPORT
NATIONAL WEATHER SERVICE BURLINGTON VT
120 AM EDT TUE JUL 7 2015


...................................

...THE ST. JOHNSBURY VT CLIMATE SUMMARY FOR JULY 6 2015...

CLIMATE NORMAL PERIOD 1981 TO 2010
CLIMATE RECORD PERIOD 1894 TO 2015


WEATHER ITEM   OBSERVED TIME   RECORD YEAR NORMAL DEPARTURE LAST
                VALUE   (LST)  VALUE       VALUE  FROM      YEAR
                                                  NORMAL
..................................................................
TEMPERATURE (F)
 YESTERDAY
  MAXIMUM         84        MM  97    1911  81      3       83
  MINIMUM         55        MM  40    1906  59     -4       59
  AVERAGE         70                        70      0       71

PRECIPITATION (IN)
  YESTERDAY        0.00          1.57 1999   0.13  -0.13     0.00
  MONTH TO DATE    0.62                      0.75  -0.13     1.10
  SINCE JUN 1      8.32                      4.76   3.56     4.37
  SINCE JAN 1     19.69                     18.17   1.52    20.07

DEGREE DAYS
 HEATING
  YESTERDAY        0                         1     -1        0
  MONTH TO DATE   11                         6      5        1
  SINCE JUN 1    120                        78     42       70
  SINCE JUL 1     11                         6      5        1

 COOLING
  YESTERDAY        5                         5      0        6
  MONTH TO DATE   10                        30    -20       47
  SINCE JUN 1     43                       120    -77       94
  SINCE JAN 1     81                       138    -57       98
..................................................................


WIND (MPH)
  HIGHEST WIND SPEED    MM   HIGHEST WIND DIRECTION    MM
  HIGHEST GUST SPEED    MM   HIGHEST GUST DIRECTION    MM
  AVERAGE WIND SPEED    MM


SKY COVER
  AVERAGE SKY COVER 0.0


WEATHER CONDITIONS
 THE FOLLOWING WEATHER WAS RECORDED YESTERDAY.
  NO SIGNIFICANT WEATHER WAS OBSERVED.


RELATIVE HUMIDITY (PERCENT)
 HIGHEST    93           100 AM
 LOWEST     37           300 PM
 AVERAGE    65

..........................................................


THE ST. JOHNSBURY VT CLIMATE NORMALS FOR TODAY
                         NORMAL    RECORD    YEAR
 MAXIMUM TEMPERATURE (F)   81        96      1921
 MINIMUM TEMPERATURE (F)   59        38      1965


SUNRISE AND SUNSET
JULY  7 2015..........SUNRISE   511 AM EDT   SUNSET   834 PM EDT
JULY  8 2015..........SUNRISE   512 AM EDT   SUNSET   834 PM EDT


-  INDICATES NEGATIVE NUMBERS.
R  INDICATES RECORD WAS SET OR TIED.
MM INDICATES DATA IS MISSING.
T  INDICATES TRACE AMOUNT.




$$
