000
CDUS43 KUNR 240831
CLI2WX


CLIMATE REPORT
NATIONAL WEATHER SERVICE RAPID CITY SD
130 AM MST SAT FEB 24 2018


...................................

...THE BUFFALO SD CLIMATE SUMMARY FOR FEBRUARY 23 2018...

CLIMATE NORMAL PERIOD 1981 TO 2010
CLIMATE RECORD PERIOD 9999 TO 9999


WEATHER ITEM   OBSERVED TIME   NORMAL DEPARTURE LAST
                VALUE   (LST)  VALUE  FROM      YEAR
                                      NORMAL
......................................................
TEMPERATURE (F)
 YESTERDAY
  MAXIMUM         10    408 PM  36    -26       31
  MINIMUM         -6    645 AM  15    -21       21
  AVERAGE          2            26    -24       26

PRECIPITATION (IN)
  YESTERDAY        0.00          0.01  -0.01     0.00
  MONTH TO DATE    1.13          0.23   0.90     0.06
  SINCE DEC 1      1.91          0.81   1.10     1.26
  SINCE JAN 1      1.37          0.52   0.85     0.09

DEGREE DAYS
 HEATING
  YESTERDAY       63            39     24       39
  MONTH TO DATE 1329           966    363      789
  SINCE DEC 1   4037          3707    330     3863
  SINCE JUL 1   5705          5605    100     5153

 COOLING
  YESTERDAY        0             0      0        0
  MONTH TO DATE    0             0      0        0
  SINCE DEC 1      0             0      0        0
  SINCE JAN 1      0             0      0        0
......................................................


WIND (MPH)
  HIGHEST WIND SPEED    16   HIGHEST WIND DIRECTION    NW (310)
  HIGHEST GUST SPEED    18   HIGHEST GUST DIRECTION    NW (320)
  AVERAGE WIND SPEED     6.2




RELATIVE HUMIDITY (PERCENT)
 HIGHEST    82           600 AM
 LOWEST     66           200 PM
 AVERAGE    74

..........................................................




SUNRISE AND SUNSET
FEBRUARY 24 2018......SUNRISE   641 AM MST   SUNSET   534 PM MST
FEBRUARY 25 2018......SUNRISE   640 AM MST   SUNSET   536 PM MST


-  INDICATES NEGATIVE NUMBERS.
R  INDICATES RECORD WAS SET OR TIED.
MM INDICATES DATA IS MISSING.
T  INDICATES TRACE AMOUNT.




$$
