880
CDUS43 KUNR 220831
CLI2WX


CLIMATE REPORT
NATIONAL WEATHER SERVICE RAPID CITY SD
131 AM MST WED NOV 22 2017


...................................

...THE BUFFALO SD CLIMATE SUMMARY FOR NOVEMBER 21 2017...

CLIMATE NORMAL PERIOD 1981 TO 2010
CLIMATE RECORD PERIOD 9999 TO 9999


WEATHER ITEM   OBSERVED TIME   NORMAL DEPARTURE LAST
                VALUE   (LST)  VALUE  FROM      YEAR
                                      NORMAL
......................................................
TEMPERATURE (F)
 YESTERDAY
  MAXIMUM         32    318 PM  39     -7       42
  MINIMUM         10    757 AM  18     -8       25
  AVERAGE         21            29     -8       34

PRECIPITATION (IN)
  YESTERDAY        0.00          0.01  -0.01     0.00
  MONTH TO DATE    0.13          0.30  -0.17     0.07
  SINCE SEP 1      2.95          2.08   0.87     2.28
  SINCE JAN 1     14.47         14.22   0.25     9.96

DEGREE DAYS
 HEATING
  YESTERDAY       44            36      8       31
  MONTH TO DATE  707           649     58      401
  SINCE SEP 1   1471          1498    -27      978
  SINCE JUL 1   1482          1550    -68     1008

 COOLING
  YESTERDAY        0             0      0        0
  MONTH TO DATE    0             0      0        0
  SINCE SEP 1     93            42     51       42
  SINCE JAN 1    743           513    230      734
......................................................


WIND (MPH)
  HIGHEST WIND SPEED    30   HIGHEST WIND DIRECTION    NW (320)
  HIGHEST GUST SPEED    35   HIGHEST GUST DIRECTION    NW (320)
  AVERAGE WIND SPEED    13.0




RELATIVE HUMIDITY (PERCENT)
 HIGHEST    75          1200 AM
 LOWEST     36           200 PM
 AVERAGE    56

..........................................................




SUNRISE AND SUNSET
NOVEMBER 22 2017......SUNRISE   703 AM MST   SUNSET   417 PM MST
NOVEMBER 23 2017......SUNRISE   705 AM MST   SUNSET   416 PM MST


-  INDICATES NEGATIVE NUMBERS.
R  INDICATES RECORD WAS SET OR TIED.
MM INDICATES DATA IS MISSING.
T  INDICATES TRACE AMOUNT.




$$
