000
CDUS43 KUNR 230833
CLI2WX


CLIMATE REPORT
NATIONAL WEATHER SERVICE RAPID CITY SD
232 AM MDT TUE SEP 23 2014


...................................

...THE BUFFALO SD CLIMATE SUMMARY FOR SEPTEMBER 22 2014...

CLIMATE NORMAL PERIOD 1981 TO 2010
CLIMATE RECORD PERIOD 9999 TO 9999


WEATHER ITEM   OBSERVED TIME   RECORD YEAR NORMAL DEPARTURE LAST
                VALUE   (LST)  VALUE       VALUE  FROM      YEAR
                                                  NORMAL
..................................................................
TEMPERATURE (F)
 YESTERDAY
  MAXIMUM         82    331 PM              69     13       89
  MINIMUM         47    556 AM              41      6       49
  AVERAGE         65                        55     10       69

PRECIPITATION (IN)
  YESTERDAY        0.00         MM      MM   0.04  -0.04     0.00
  MONTH TO DATE    0.33                      0.92  -0.59     1.84
  SINCE SEP 1      0.33                      0.92  -0.59     1.84
  SINCE JAN 1     14.70                     13.06   1.64    11.32

DEGREE DAYS
 HEATING
  YESTERDAY        0                        10    -10        0
  MONTH TO DATE  187                       140     47       39
  SINCE SEP 1    187                       140     47       39
  SINCE JUL 1    238                       192     46       51

 COOLING
  YESTERDAY        0                         0      0        4
  MONTH TO DATE   14                        40    -26      100
  SINCE SEP 1     14                        40    -26      100
  SINCE JAN 1    379                       511   -132      587
..................................................................


WIND (MPH)
  HIGHEST WIND SPEED    18   HIGHEST WIND DIRECTION    SE (150)
  HIGHEST GUST SPEED    23   HIGHEST GUST DIRECTION    SE (130)
  AVERAGE WIND SPEED    10.0




RELATIVE HUMIDITY (PERCENT)
 HIGHEST    72          1100 PM
 LOWEST     33           300 PM
 AVERAGE    53

..........................................................




SUNRISE AND SUNSET
SEPTEMBER 23 2014.....SUNRISE   642 AM MDT   SUNSET   650 PM MDT
SEPTEMBER 24 2014.....SUNRISE   644 AM MDT   SUNSET   648 PM MDT


-  INDICATES NEGATIVE NUMBERS.
R  INDICATES RECORD WAS SET OR TIED.
MM INDICATES DATA IS MISSING.
T  INDICATES TRACE AMOUNT.




$$
