000
CDUS43 KUNR 300830
CLI2WX


CLIMATE REPORT
NATIONAL WEATHER SERVICE RAPID CITY SD
230 AM MDT SUN AUG 30 2015


...................................

...THE BUFFALO SD CLIMATE SUMMARY FOR AUGUST 29 2015...

CLIMATE NORMAL PERIOD 1981 TO 2010
CLIMATE RECORD PERIOD 9999 TO 9999


WEATHER ITEM   OBSERVED TIME   NORMAL DEPARTURE LAST
                VALUE   (LST)  VALUE  FROM      YEAR
                                      NORMAL
......................................................
TEMPERATURE (F)
 YESTERDAY
  MAXIMUM         96    228 PM  82     14       74
  MINIMUM         56    407 AM  52      4       54
  AVERAGE         76            67      9       64

PRECIPITATION (IN)
  YESTERDAY        0.00          0.05  -0.05     0.00
  MONTH TO DATE    3.22          1.30   1.92     3.13
  SINCE JUN 1      6.16          5.99   0.17     9.58
  SINCE JAN 1     10.72         12.03  -1.31    13.92

DEGREE DAYS
 HEATING
  YESTERDAY        0             2     -2        1
  MONTH TO DATE   41            28     13       31
  SINCE JUN 1     90           162    -72      182
  SINCE JUL 1     47            48     -1       47

 COOLING
  YESTERDAY       11             4      7        0
  MONTH TO DATE  195           190      5      157
  SINCE JUN 1    520           459     61      332
  SINCE JAN 1    520           465     55      362
......................................................


WIND (MPH)
  HIGHEST WIND SPEED    17   HIGHEST WIND DIRECTION     S (160)
  HIGHEST GUST SPEED    20   HIGHEST GUST DIRECTION    SE (150)
  AVERAGE WIND SPEED     8.5




RELATIVE HUMIDITY (PERCENT)
 HIGHEST    67           400 AM
 LOWEST     20           100 PM
 AVERAGE    44

..........................................................




SUNRISE AND SUNSET
AUGUST 30 2015........SUNRISE   613 AM MDT   SUNSET   736 PM MDT
AUGUST 31 2015........SUNRISE   614 AM MDT   SUNSET   734 PM MDT


-  INDICATES NEGATIVE NUMBERS.
R  INDICATES RECORD WAS SET OR TIED.
MM INDICATES DATA IS MISSING.
T  INDICATES TRACE AMOUNT.




$$
