000
CDUS43 KUNR 290839
CLI2WX


CLIMATE REPORT
NATIONAL WEATHER SERVICE RAPID CITY SD
238 AM MDT THU SEP 29 2016


...................................

...THE BUFFALO SD CLIMATE SUMMARY FOR SEPTEMBER 28 2016...

CLIMATE NORMAL PERIOD 1981 TO 2010
CLIMATE RECORD PERIOD 9999 TO 9999


WEATHER ITEM   OBSERVED TIME   NORMAL DEPARTURE LAST
                VALUE   (LST)  VALUE  FROM      YEAR
                                      NORMAL
......................................................
TEMPERATURE (F)
 YESTERDAY
  MAXIMUM         82    236 PM  66     16       60
  MINIMUM         48    311 AM  39      9       48
  AVERAGE         65            52     13       54

PRECIPITATION (IN)
  YESTERDAY        0.00          0.01  -0.01     0.11
  MONTH TO DATE    1.02          1.06  -0.04     0.78
  SINCE SEP 1      1.02          1.06  -0.04     0.78
  SINCE JAN 1      8.70         13.20  -4.50    11.50

DEGREE DAYS
 HEATING
  YESTERDAY        0            13    -13       11
  MONTH TO DATE  134           211    -77       61
  SINCE SEP 1    134           211    -77       61
  SINCE JUL 1    164           263    -99      108

 COOLING
  YESTERDAY        0             0      0        0
  MONTH TO DATE   37            40     -3       86
  SINCE SEP 1     37            40     -3       86
  SINCE JAN 1    729           511    218      624
......................................................


WIND (MPH)
  HIGHEST WIND SPEED    21   HIGHEST WIND DIRECTION    SE (130)
  HIGHEST GUST SPEED    25   HIGHEST GUST DIRECTION    SE (120)
  AVERAGE WIND SPEED     9.0




RELATIVE HUMIDITY (PERCENT)
 HIGHEST    86           300 AM
 LOWEST     30           200 PM
 AVERAGE    58

..........................................................




SUNRISE AND SUNSET
SEPTEMBER 29 2016.....SUNRISE   651 AM MDT   SUNSET   637 PM MDT
SEPTEMBER 30 2016.....SUNRISE   652 AM MDT   SUNSET   635 PM MDT


-  INDICATES NEGATIVE NUMBERS.
R  INDICATES RECORD WAS SET OR TIED.
MM INDICATES DATA IS MISSING.
T  INDICATES TRACE AMOUNT.




$$
