000
CDUS43 KUNR 290831
CLI2WX


CLIMATE REPORT
NATIONAL WEATHER SERVICE RAPID CITY SD
231 AM MDT MON AUG 29 2016


...................................

...THE BUFFALO SD CLIMATE SUMMARY FOR AUGUST 28 2016...

CLIMATE NORMAL PERIOD 1981 TO 2010
CLIMATE RECORD PERIOD 9999 TO 9999


WEATHER ITEM   OBSERVED TIME   NORMAL DEPARTURE LAST
                VALUE   (LST)  VALUE  FROM      YEAR
                                      NORMAL
......................................................
TEMPERATURE (F)
 YESTERDAY
  MAXIMUM         95    157 PM  82     13       87
  MINIMUM         55    452 AM  52      3       56
  AVERAGE         75            67      8       72

PRECIPITATION (IN)
  YESTERDAY        0.00          0.04  -0.04     0.00
  MONTH TO DATE    1.07          1.25  -0.18     3.22
  SINCE JUN 1      3.92          5.94  -2.02     6.16
  SINCE JAN 1      7.68         11.98  -4.30    10.72

DEGREE DAYS
 HEATING
  YESTERDAY        0             2     -2        0
  MONTH TO DATE   30            26      4       41
  SINCE JUN 1     39           160   -121       90
  SINCE JUL 1     30            46    -16       47

 COOLING
  YESTERDAY       10             4      6        7
  MONTH TO DATE  182           186     -4      184
  SINCE JUN 1    664           455    209      509
  SINCE JAN 1    666           461    205      509
......................................................


WIND (MPH)
  HIGHEST WIND SPEED    16   HIGHEST WIND DIRECTION    NE (40)
  HIGHEST GUST SPEED    19   HIGHEST GUST DIRECTION    NE (30)
  AVERAGE WIND SPEED     7.5




RELATIVE HUMIDITY (PERCENT)
 HIGHEST    93           500 AM
 LOWEST     13           100 PM
 AVERAGE    53

..........................................................




SUNRISE AND SUNSET
AUGUST 29 2016........SUNRISE   612 AM MDT   SUNSET   737 PM MDT
AUGUST 30 2016........SUNRISE   614 AM MDT   SUNSET   735 PM MDT


-  INDICATES NEGATIVE NUMBERS.
R  INDICATES RECORD WAS SET OR TIED.
MM INDICATES DATA IS MISSING.
T  INDICATES TRACE AMOUNT.




$$
