918
CDUS43 KUNR 051016
CLI2WX


CLIMATE REPORT
NATIONAL WEATHER SERVICE RAPID CITY SD
314 AM MST FRI FEB 5 2016


...................................

...THE BUFFALO SD CLIMATE SUMMARY FOR FEBRUARY 4 2016...

CLIMATE NORMAL PERIOD 1981 TO 2010
CLIMATE RECORD PERIOD 9999 TO 9999


WEATHER ITEM   OBSERVED TIME   NORMAL DEPARTURE LAST
                VALUE   (LST)  VALUE  FROM      YEAR
                                      NORMAL
......................................................
TEMPERATURE (F)
 YESTERDAY
  MAXIMUM         38    226 PM  32      6       20
  MINIMUM          8    759 AM  12     -4       -7
  AVERAGE         23            22      1        7

PRECIPITATION (IN)
  YESTERDAY        0.00          0.01  -0.01     0.00
  MONTH TO DATE    0.08          0.04   0.04     0.08
  SINCE DEC 1      0.71          0.62   0.09     0.58
  SINCE JAN 1      0.25          0.33  -0.08     0.42

DEGREE DAYS
 HEATING
  YESTERDAY       42            43     -1       58
  MONTH TO DATE  165           175    -10      212
  SINCE DEC 1   2613          2916   -303     2610
  SINCE JUL 1   4075          4814   -739     4531

 COOLING
  YESTERDAY        0             0      0        0
  MONTH TO DATE    0             0      0        0
  SINCE DEC 1      0             0      0        0
  SINCE JAN 1      0             0      0        0
......................................................


WIND (MPH)
  HIGHEST WIND SPEED    22   HIGHEST WIND DIRECTION     W (270)
  HIGHEST GUST SPEED    27   HIGHEST GUST DIRECTION     W (260)
  AVERAGE WIND SPEED     8.4




RELATIVE HUMIDITY (PERCENT)
 HIGHEST    92           500 AM
 LOWEST     44           200 PM
 AVERAGE    68

..........................................................




SUNRISE AND SUNSET
FEBRUARY  5 2016......SUNRISE   711 AM MST   SUNSET   506 PM MST
FEBRUARY  6 2016......SUNRISE   710 AM MST   SUNSET   507 PM MST


-  INDICATES NEGATIVE NUMBERS.
R  INDICATES RECORD WAS SET OR TIED.
MM INDICATES DATA IS MISSING.
T  INDICATES TRACE AMOUNT.




$$
