898
CDUS43 KABR 231618
CLI8D3


CLIMATE REPORT
NATIONAL WEATHER SERVICE ABERDEEN SD
1018 AM CST THU FEB 23 2017


...................................

...THE SISSETON SD CLIMATE SUMMARY FOR FEBRUARY 22 2017...

CLIMATE NORMAL PERIOD 1981 TO 2010
CLIMATE RECORD PERIOD 1900 TO 2017


WEATHER ITEM   OBSERVED TIME   RECORD YEAR NORMAL DEPARTURE LAST
                VALUE   (LST)  VALUE       VALUE  FROM      YEAR
                                                  NORMAL
..................................................................
TEMPERATURE (F)
 YESTERDAY
  MAXIMUM         42   1221 PM  60    1905  30     12       38
  MINIMUM         30   1159 PM -19    1952  12     18       18
  AVERAGE         36                        20     16       28

PRECIPITATION (IN)
  YESTERDAY        0.03          0.12 1999   0.02   0.01     0.00
  MONTH TO DATE    0.17                      0.31  -0.14     0.89
  SINCE DEC 1      2.38                      1.13   1.25     2.24
  SINCE JAN 1      0.96                      0.74   0.22     1.17

SNOWFALL (IN)
  YESTERDAY        T
  MONTH TO DATE    0.5
  SINCE OCT 1     23.8
  SINCE JUL 1     23.8
  SNOW DEPTH       0

DEGREE DAYS
 HEATING
  YESTERDAY       29                        44    -15       37
  MONTH TO DATE  783                      1055   -272      950
  SINCE DEC 1   3746                      4150   -404     3687
  SINCE JUL 1   5027                      6001   -974     5083

 COOLING
  YESTERDAY        0                         0      0        0
  MONTH TO DATE    0                         0      0        0
  SINCE DEC 1      0                         0      0        0
  SINCE JAN 1      0                         0      0        0
..................................................................


WIND (MPH)
  HIGHEST WIND SPEED    29   HIGHEST WIND DIRECTION    NW (330)
  HIGHEST GUST SPEED    34   HIGHEST GUST DIRECTION    NW (330)
  AVERAGE WIND SPEED    13.8


SKY COVER
  POSSIBLE SUNSHINE  MM
  AVERAGE SKY COVER 0.0


WEATHER CONDITIONS
 THE FOLLOWING WEATHER WAS RECORDED YESTERDAY.
  LIGHT RAIN
  LIGHT SNOW


RELATIVE HUMIDITY (PERCENT)
 HIGHEST   100          1200 AM
 LOWEST     85           900 PM
 AVERAGE    93

..........................................................


THE SISSETON SD CLIMATE NORMALS FOR TODAY
                         NORMAL    RECORD    YEAR
 MAXIMUM TEMPERATURE (F)   30        57      1958
 MINIMUM TEMPERATURE (F)   12       -15      1993
                                             1966


SUNRISE AND SUNSET
FEBRUARY 23 2017......SUNRISE   716 AM CST   SUNSET   607 PM CST
FEBRUARY 24 2017......SUNRISE   715 AM CST   SUNSET   608 PM CST


-  INDICATES NEGATIVE NUMBERS.
R  INDICATES RECORD WAS SET OR TIED.
MM INDICATES DATA IS MISSING.
T  INDICATES TRACE AMOUNT.




$$
