000
CDUS43 KABR 012235
CLI8D3


CLIMATE REPORT
NATIONAL WEATHER SERVICE ABERDEEN SD
534 PM CDT FRI AUG 1 2014


...................................

...THE SISSETON SD CLIMATE SUMMARY FOR AUGUST 1 2014...
VALID TODAY AS OF 0500 PM LOCAL TIME.

CLIMATE NORMAL PERIOD 1981 TO 2010
CLIMATE RECORD PERIOD 1900 TO 2014


WEATHER ITEM   OBSERVED TIME   RECORD YEAR NORMAL DEPARTURE LAST
                VALUE   (LST)  VALUE       VALUE  FROM      YEAR
                                                  NORMAL
..................................................................
TEMPERATURE (F)
 TODAY
  MAXIMUM         85    347 PM 101    1988  83      2       80
  MINIMUM         57    507 AM  42    1973  60              53
  AVERAGE         71                        71      0       67

PRECIPITATION (IN)
  TODAY            0.00          1.82 1902   0.10  -0.10     0.00
  MONTH TO DATE    0.00                      0.10  -0.10     0.00
  SINCE JUN 1     10.41                      7.42   2.99     8.38
  SINCE JAN 1     18.78                     14.40   4.38    17.72

DEGREE DAYS
 COOLING
  TODAY            6                         7     -1        2
  MONTH TO DATE    6                         7     -1        2
  SINCE JUN 1    224                       306    -82      325
  SINCE JAN 1    285                       329    -44      350
..................................................................


WIND (MPH)
  HIGHEST WIND SPEED     9   HIGHEST WIND DIRECTION     N (20)
  HIGHEST GUST SPEED    12   HIGHEST GUST DIRECTION     N (340)
  AVERAGE WIND SPEED     3.4


SKY COVER
  POSSIBLE SUNSHINE  MM
  AVERAGE SKY COVER 0.0


WEATHER CONDITIONS
 THE FOLLOWING WEATHER WAS RECORDED TODAY.
  NO SIGNIFICANT WEATHER WAS OBSERVED.


RELATIVE HUMIDITY (PERCENT)
 HIGHEST   100           500 AM
 LOWEST     40           300 PM
 AVERAGE    70

..........................................................


THE SISSETON SD CLIMATE NORMALS FOR TOMORROW
                         NORMAL    RECORD    YEAR
 MAXIMUM TEMPERATURE (F)   83       102      1938
 MINIMUM TEMPERATURE (F)   60        46      1976


SUNRISE AND SUNSET
AUGUST  1 2014........SUNRISE   611 AM CDT   SUNSET   856 PM CDT
AUGUST  2 2014........SUNRISE   613 AM CDT   SUNSET   855 PM CDT


-  INDICATES NEGATIVE NUMBERS.
R  INDICATES RECORD WAS SET OR TIED.
MM INDICATES DATA IS MISSING.
T  INDICATES TRACE AMOUNT.




$$
