000
CDUS43 KABR 300919
CLI8D3


CLIMATE REPORT
NATIONAL WEATHER SERVICE ABERDEEN SD
418 AM CDT SAT MAY 30 2015


...................................

...THE SISSETON SD CLIMATE SUMMARY FOR MAY 29 2015...

CLIMATE NORMAL PERIOD 1981 TO 2010
CLIMATE RECORD PERIOD 1900 TO 2015


WEATHER ITEM   OBSERVED TIME   RECORD YEAR NORMAL DEPARTURE LAST
                VALUE   (LST)  VALUE       VALUE  FROM      YEAR
                                                  NORMAL
..................................................................
TEMPERATURE (F)
 YESTERDAY
  MAXIMUM         62   1244 AM 100    1934  73    -11       89
  MINIMUM         45   1159 PM  32    1947  50     -5       57
  AVERAGE         54                        61     -7       73

PRECIPITATION (IN)
  YESTERDAY        0.32          1.29 2013   0.08   0.24     0.00
  MONTH TO DATE    5.19                      2.52   2.67     1.62
  SINCE MAR 1      6.77                      5.92   0.85     5.64
  SINCE JAN 1      7.65                      6.78   0.87     6.26

DEGREE DAYS
 HEATING
  YESTERDAY       11                         5      6        0
  MONTH TO DATE  293                       252     41      311
  SINCE MAR 1   1729                      1952   -223     2238
  SINCE JUL 1   7998                      8211   -213     9055

 COOLING
  YESTERDAY        0                         1     -1        8
  MONTH TO DATE   17                        20     -3       46
  SINCE MAR 1     17                        21     -4       46
  SINCE JAN 1     17                        21     -4       46
..................................................................


WIND (MPH)
  HIGHEST WIND SPEED    33   HIGHEST WIND DIRECTION     N (360)
  HIGHEST GUST SPEED    38   HIGHEST GUST DIRECTION     N (360)
  AVERAGE WIND SPEED    19.6


SKY COVER
  POSSIBLE SUNSHINE  MM
  AVERAGE SKY COVER 0.0


WEATHER CONDITIONS
 THE FOLLOWING WEATHER WAS RECORDED YESTERDAY.
  NO SIGNIFICANT WEATHER WAS OBSERVED.


RELATIVE HUMIDITY (PERCENT)
 HIGHEST   100          1200 AM
 LOWEST     71           600 PM
 AVERAGE    86

..........................................................


THE SISSETON SD CLIMATE NORMALS FOR TODAY
                         NORMAL    RECORD    YEAR
 MAXIMUM TEMPERATURE (F)   73       113      1934
 MINIMUM TEMPERATURE (F)   50        33      1947


SUNRISE AND SUNSET
MAY 30 2015...........SUNRISE   543 AM CDT   SUNSET   908 PM CDT
MAY 31 2015...........SUNRISE   543 AM CDT   SUNSET   909 PM CDT


-  INDICATES NEGATIVE NUMBERS.
R  INDICATES RECORD WAS SET OR TIED.
MM INDICATES DATA IS MISSING.
T  INDICATES TRACE AMOUNT.




$$
