000
CDUS43 KABR 250911
CLI8D3


CLIMATE REPORT
NATIONAL WEATHER SERVICE ABERDEEN SD
411 AM CDT WED MAY 25 2016


...................................

...THE SISSETON SD CLIMATE SUMMARY FOR MAY 24 2016...

CLIMATE NORMAL PERIOD 1981 TO 2010
CLIMATE RECORD PERIOD 1900 TO 2016


WEATHER ITEM   OBSERVED TIME   RECORD YEAR NORMAL DEPARTURE LAST
                VALUE   (LST)  VALUE       VALUE  FROM      YEAR
                                                  NORMAL
..................................................................
TEMPERATURE (F)
 YESTERDAY
  MAXIMUM         86    459 PM  90    2010  72     14       65
  MINIMUM         56    533 AM  26    2002  48      8       53
  AVERAGE         71                        60     11       59

PRECIPITATION (IN)
  YESTERDAY        0.00          2.73 1973   0.08  -0.08     0.40
  MONTH TO DATE    0.35                      2.10  -1.75     3.81
  SINCE MAR 1      3.35                      5.50  -2.15     5.39
  SINCE JAN 1      4.52                      6.36  -1.84     6.27

DEGREE DAYS
 HEATING
  YESTERDAY        0                         6     -6        6
  MONTH TO DATE  198                       225    -27      271
  SINCE MAR 1   1608                      1925   -317     1707
  SINCE JUL 1   6909                      8184  -1275     7976

 COOLING
  YESTERDAY        6                         1      5        0
  MONTH TO DATE   24                        15      9        2
  SINCE MAR 1     24                        16      8        2
  SINCE JAN 1     24                        16      8        2
..................................................................


WIND (MPH)
  HIGHEST WIND SPEED    26   HIGHEST WIND DIRECTION    NW (330)
  HIGHEST GUST SPEED    32   HIGHEST GUST DIRECTION    NW (330)
  AVERAGE WIND SPEED     7.7


SKY COVER
  POSSIBLE SUNSHINE  MM
  AVERAGE SKY COVER 0.0


WEATHER CONDITIONS
 THE FOLLOWING WEATHER WAS RECORDED YESTERDAY.
  NO SIGNIFICANT WEATHER WAS OBSERVED.


RELATIVE HUMIDITY (PERCENT)
 HIGHEST    77           600 AM
 LOWEST     19           500 PM
 AVERAGE    48

..........................................................


THE SISSETON SD CLIMATE NORMALS FOR TODAY
                         NORMAL    RECORD    YEAR
 MAXIMUM TEMPERATURE (F)   72        92      1959
 MINIMUM TEMPERATURE (F)   48        32      1905


SUNRISE AND SUNSET
MAY 25 2016...........SUNRISE   546 AM CDT   SUNSET   904 PM CDT
MAY 26 2016...........SUNRISE   546 AM CDT   SUNSET   905 PM CDT


-  INDICATES NEGATIVE NUMBERS.
R  INDICATES RECORD WAS SET OR TIED.
MM INDICATES DATA IS MISSING.
T  INDICATES TRACE AMOUNT.




$$
