000
CDUS43 KABR 171031
CLI8D3


CLIMATE REPORT
NATIONAL WEATHER SERVICE ABERDEEN SD
431 AM CST FRI NOV 17 2017


...................................

...THE SISSETON SD CLIMATE SUMMARY FOR NOVEMBER 16 2017...

CLIMATE NORMAL PERIOD 1981 TO 2010
CLIMATE RECORD PERIOD 1900 TO 2017


WEATHER ITEM   OBSERVED TIME   RECORD YEAR NORMAL DEPARTURE LAST
                VALUE   (LST)  VALUE       VALUE  FROM      YEAR
                                                  NORMAL
..................................................................
TEMPERATURE (F)
 YESTERDAY
  MAXIMUM         34   1159 PM  74    2001  40     -6       63
  MINIMUM         20    730 AM  -7    1959  21     -1       35
  AVERAGE         27                        31     -4       49

PRECIPITATION (IN)
  YESTERDAY        0.00          0.62 1987   0.02  -0.02     0.00
  MONTH TO DATE    0.18                      0.42  -0.24     0.00
  SINCE SEP 1      5.94                      5.04   0.90     4.87
  SINCE JAN 1     18.66                     21.78  -3.12    20.31

SNOWFALL (IN)
  YESTERDAY        0.0
  MONTH TO DATE    0.5
  SINCE OCT 1      0.5
  SINCE JUL 1      0.5
  SNOW DEPTH       0

DEGREE DAYS
 HEATING
  YESTERDAY       38                        34      4       16
  MONTH TO DATE  577                       483     94      212
  SINCE SEP 1   1215                      1267    -52      797
  SINCE JUL 1   1229                      1310    -81      824

 COOLING
  YESTERDAY        0                         0      0        0
  MONTH TO DATE    0                         0      0        0
  SINCE SEP 1     86                        48     38       44
  SINCE JAN 1    554                       527     27      625
..................................................................


WIND (MPH)
  HIGHEST WIND SPEED    31   HIGHEST WIND DIRECTION    SE (150)
  HIGHEST GUST SPEED    38   HIGHEST GUST DIRECTION    SE (140)
  AVERAGE WIND SPEED    18.0


SKY COVER
  POSSIBLE SUNSHINE  MM
  AVERAGE SKY COVER 0.0


WEATHER CONDITIONS
 THE FOLLOWING WEATHER WAS RECORDED YESTERDAY.
  NO SIGNIFICANT WEATHER WAS OBSERVED.


RELATIVE HUMIDITY (PERCENT)
 HIGHEST   100           500 AM
 LOWEST     78           200 PM
 AVERAGE    89

..........................................................


THE SISSETON SD CLIMATE NORMALS FOR TODAY
                         NORMAL    RECORD    YEAR
 MAXIMUM TEMPERATURE (F)   39        74      1953
 MINIMUM TEMPERATURE (F)   21        -5      1959


SUNRISE AND SUNSET
NOVEMBER 17 2017......SUNRISE   731 AM CST   SUNSET   455 PM CST
NOVEMBER 18 2017......SUNRISE   732 AM CST   SUNSET   454 PM CST


-  INDICATES NEGATIVE NUMBERS.
R  INDICATES RECORD WAS SET OR TIED.
MM INDICATES DATA IS MISSING.
T  INDICATES TRACE AMOUNT.




$$
