000
CDUS43 KABR 072228
CLI8D3


CLIMATE REPORT
NATIONAL WEATHER SERVICE ABERDEEN SD
526 PM CDT TUE JUL 7 2015


...................................

...THE SISSETON SD CLIMATE SUMMARY FOR JULY 7 2015...
VALID TODAY AS OF 0500 PM LOCAL TIME.

CLIMATE NORMAL PERIOD 1981 TO 2010
CLIMATE RECORD PERIOD 1900 TO 2015


WEATHER ITEM   OBSERVED TIME   RECORD YEAR NORMAL DEPARTURE LAST
                VALUE   (LST)  VALUE       VALUE  FROM      YEAR
                                                  NORMAL
..................................................................
TEMPERATURE (F)
 TODAY
  MAXIMUM         71    351 PM 104    1936  82    -11       79
  MINIMUM         43    509 AM  41    1934  59              62
  AVERAGE         57                        71    -14       71

PRECIPITATION (IN)
  TODAY            0.00          2.34 1994   0.12  -0.12     0.28
  MONTH TO DATE    0.17                      0.79  -0.62     0.96
  SINCE JUN 1      1.55                      4.53  -2.98     9.63
  SINCE JAN 1      9.20                     11.51  -2.31    18.00

DEGREE DAYS
 COOLING
  TODAY            0                         6     -6        6
  MONTH TO DATE   29                        41    -12       35
  SINCE JUN 1    153                       135     18      123
  SINCE JAN 1    170                       158     12      184
..................................................................


WIND (MPH)
  HIGHEST WIND SPEED    13   HIGHEST WIND DIRECTION     S (160)
  HIGHEST GUST SPEED    17   HIGHEST GUST DIRECTION    SW (220)
  AVERAGE WIND SPEED     6.2


SKY COVER
  POSSIBLE SUNSHINE  MM
  AVERAGE SKY COVER 0.0


WEATHER CONDITIONS
 THE FOLLOWING WEATHER WAS RECORDED TODAY.
  NO SIGNIFICANT WEATHER WAS OBSERVED.


RELATIVE HUMIDITY (PERCENT)
 HIGHEST    93           100 AM
 LOWEST     38           300 PM
 AVERAGE    66

..........................................................


THE SISSETON SD CLIMATE NORMALS FOR TOMORROW
                         NORMAL    RECORD    YEAR
 MAXIMUM TEMPERATURE (F)   83       105      1936
 MINIMUM TEMPERATURE (F)   59        44      1953


SUNRISE AND SUNSET
JULY  7 2015..........SUNRISE   546 AM CDT   SUNSET   919 PM CDT
JULY  8 2015..........SUNRISE   547 AM CDT   SUNSET   919 PM CDT


-  INDICATES NEGATIVE NUMBERS.
R  INDICATES RECORD WAS SET OR TIED.
MM INDICATES DATA IS MISSING.
T  INDICATES TRACE AMOUNT.




$$
