000
CDUS43 KABR 201038
CLI8D3


CLIMATE REPORT
NATIONAL WEATHER SERVICE ABERDEEN SD
537 AM CDT SUN APR 20 2014


...................................

...THE SISSETON SD CLIMATE SUMMARY FOR APRIL 19 2014...

CLIMATE NORMAL PERIOD 1981 TO 2010
CLIMATE RECORD PERIOD 1900 TO 2014


WEATHER ITEM   OBSERVED TIME   RECORD YEAR NORMAL DEPARTURE LAST
                VALUE   (LST)  VALUE       VALUE  FROM      YEAR
                                                  NORMAL
..................................................................
TEMPERATURE (F)
 YESTERDAY
  MAXIMUM         70    436 PM  89    1987  58     12       33
  MINIMUM         43   1159 PM  16    1988  34      9       20
  AVERAGE         57                        46     11       27

PRECIPITATION (IN)
  YESTERDAY        0.00          2.04 1957   0.06  -0.06     0.00
  MONTH TO DATE    0.65                      1.02  -0.37     1.94
  SINCE MAR 1      1.49                      2.14  -0.65     2.91
  SINCE JAN 1      2.11                      3.00  -0.89     5.29

SNOWFALL (IN)
  YESTERDAY        0.0
  MONTH TO DATE    6.4
  SINCE OCT 1     37.8
  SINCE JUL 1     37.8
  SNOW DEPTH       0

DEGREE DAYS
 HEATING
  YESTERDAY        8                        19    -11       38
  MONTH TO DATE  510                       442     68      666
  SINCE MAR 1   1709                      1525    184     2109
  SINCE JUL 1   8526                      7784    742     8494

 COOLING
  YESTERDAY        0                         0      0        0
  MONTH TO DATE    0                         0      0        0
  SINCE MAR 1      0                         0      0        0
  SINCE JAN 1      0                         0      0        0
..................................................................


WIND (MPH)
  HIGHEST WIND SPEED    29   HIGHEST WIND DIRECTION    SW (240)
  HIGHEST GUST SPEED    38   HIGHEST GUST DIRECTION    SW (230)
  AVERAGE WIND SPEED    12.5


SKY COVER
  POSSIBLE SUNSHINE  MM
  AVERAGE SKY COVER 0.0


WEATHER CONDITIONS
 THE FOLLOWING WEATHER WAS RECORDED YESTERDAY.
  NO SIGNIFICANT WEATHER WAS OBSERVED.


RELATIVE HUMIDITY (PERCENT)
 HIGHEST    76           200 AM
 LOWEST     20           400 PM
 AVERAGE    48

..........................................................


THE SISSETON SD CLIMATE NORMALS FOR TODAY
                         NORMAL    RECORD    YEAR
 MAXIMUM TEMPERATURE (F)   59        94      1980
 MINIMUM TEMPERATURE (F)   34        12      2013


SUNRISE AND SUNSET
APRIL 20 2014.........SUNRISE   633 AM CDT   SUNSET   821 PM CDT
APRIL 21 2014.........SUNRISE   632 AM CDT   SUNSET   822 PM CDT


-  INDICATES NEGATIVE NUMBERS.
R  INDICATES RECORD WAS SET OR TIED.
MM INDICATES DATA IS MISSING.
T  INDICATES TRACE AMOUNT.




$$
