000
CDUS43 KABR 251543
CLI8D3


CLIMATE REPORT
NATIONAL WEATHER SERVICE ABERDEEN SD
943 AM CST THU DEC 25 2014


...................................

...THE SISSETON SD CLIMATE SUMMARY FOR DECEMBER 24 2014...

CLIMATE NORMAL PERIOD 1981 TO 2010
CLIMATE RECORD PERIOD 1900 TO 2014


WEATHER ITEM   OBSERVED TIME   RECORD YEAR NORMAL DEPARTURE LAST
                VALUE   (LST)  VALUE       VALUE  FROM      YEAR
                                                  NORMAL
..................................................................
TEMPERATURE (F)
 YESTERDAY
  MAXIMUM         34    945 PM  50    1994  24     10       23
  MINIMUM         25   1135 AM -25    1983   6     19      -17
  AVERAGE         30                        15     15        3

PRECIPITATION (IN)
  YESTERDAY        0.01          0.34 2009   0.01   0.00     0.22
  MONTH TO DATE    0.60                      0.30   0.30     1.06
  SINCE DEC 1      0.60                      0.30   0.30     1.06
  SINCE JAN 1     23.70                     22.24   1.46    28.49

SNOWFALL (IN)
  YESTERDAY        0.0
  MONTH TO DATE    4.2
  SINCE OCT 1     12.6
  SINCE JUL 1     12.6
  SNOW DEPTH       2

DEGREE DAYS
 HEATING
  YESTERDAY       35                        50    -15       62
  MONTH TO DATE  954                      1132   -178     1375
  SINCE DEC 1    954                      1132   -178     1375
  SINCE JUL 1   2934                      2983    -49     3207

 COOLING
  YESTERDAY        0                         0      0        0
  MONTH TO DATE    0                         0      0        0
  SINCE DEC 1      0                         0      0        0
  SINCE JAN 1    442                       527    -85      625
..................................................................


WIND (MPH)
  HIGHEST WIND SPEED    24   HIGHEST WIND DIRECTION    SW (240)
  HIGHEST GUST SPEED    32   HIGHEST GUST DIRECTION     W (250)
  AVERAGE WIND SPEED    10.4


SKY COVER
  POSSIBLE SUNSHINE  MM
  AVERAGE SKY COVER 0.0


WEATHER CONDITIONS
 THE FOLLOWING WEATHER WAS RECORDED YESTERDAY.
  LIGHT RAIN


RELATIVE HUMIDITY (PERCENT)
 HIGHEST   100          1100 AM
 LOWEST     64          1000 PM
 AVERAGE    82

..........................................................


THE SISSETON SD CLIMATE NORMALS FOR TODAY
                         NORMAL    RECORD    YEAR
 MAXIMUM TEMPERATURE (F)   24        54      1994
 MINIMUM TEMPERATURE (F)    5       -18      1996
                                             1937


SUNRISE AND SUNSET
DECEMBER 25 2014......SUNRISE   807 AM CST   SUNSET   449 PM CST
DECEMBER 26 2014......SUNRISE   808 AM CST   SUNSET   450 PM CST


-  INDICATES NEGATIVE NUMBERS.
R  INDICATES RECORD WAS SET OR TIED.
MM INDICATES DATA IS MISSING.
T  INDICATES TRACE AMOUNT.




$$
