000
CDUS43 KABR 042230
CLI8D3


CLIMATE REPORT
NATIONAL WEATHER SERVICE ABERDEEN SD
528 PM CDT FRI SEP 4 2015


...................................

...THE SISSETON SD CLIMATE SUMMARY FOR SEPTEMBER 4 2015...
VALID TODAY AS OF 0500 PM LOCAL TIME.

CLIMATE NORMAL PERIOD 1981 TO 2010
CLIMATE RECORD PERIOD 1900 TO 2015


WEATHER ITEM   OBSERVED TIME   RECORD YEAR NORMAL DEPARTURE LAST
                VALUE   (LST)  VALUE       VALUE  FROM      YEAR
                                                  NORMAL
..................................................................
TEMPERATURE (F)
 TODAY
  MAXIMUM         86    310 PM 100    1952  77      9       79
  MINIMUM         73   1202 PM  37    1903  52              57
  AVERAGE         80                        64     16       68

PRECIPITATION (IN)
  TODAY            0.03          1.20 1999   0.06  -0.03     0.01
  MONTH TO DATE    0.03                      0.27  -0.24     0.01
  SINCE SEP 1      0.03                      0.27  -0.24     0.01
  SINCE JAN 1     14.42                     17.01  -2.59    20.97

DEGREE DAYS
 HEATING
  TODAY            0                         3     -3        0
  MONTH TO DATE    0                        12    -12        0
  SINCE SEP 1      0                        12    -12        0
  SINCE JUL 1     58                        55      3       37

 COOLING
  TODAY           15                         3     12        3
  MONTH TO DATE   49                        12     37       10
  SINCE SEP 1     49                        12     37       10
  SINCE JAN 1    550                       491     59      410
..................................................................


WIND (MPH)
  HIGHEST WIND SPEED    16   HIGHEST WIND DIRECTION    SE (150)
  HIGHEST GUST SPEED    22   HIGHEST GUST DIRECTION     S (160)
  AVERAGE WIND SPEED     7.4


SKY COVER
  POSSIBLE SUNSHINE  MM
  AVERAGE SKY COVER 0.0


WEATHER CONDITIONS
 THE FOLLOWING WEATHER WAS RECORDED TODAY.
  NO SIGNIFICANT WEATHER WAS OBSERVED.


RELATIVE HUMIDITY (PERCENT)
 HIGHEST   100           200 AM
 LOWEST     59           300 PM
 AVERAGE    80

..........................................................


THE SISSETON SD CLIMATE NORMALS FOR TOMORROW
                         NORMAL    RECORD    YEAR
 MAXIMUM TEMPERATURE (F)   76        98      1978
 MINIMUM TEMPERATURE (F)   52        36      1937


SUNRISE AND SUNSET
SEPTEMBER  4 2015.....SUNRISE   652 AM CDT   SUNSET   801 PM CDT
SEPTEMBER  5 2015.....SUNRISE   654 AM CDT   SUNSET   759 PM CDT


-  INDICATES NEGATIVE NUMBERS.
R  INDICATES RECORD WAS SET OR TIED.
MM INDICATES DATA IS MISSING.
T  INDICATES TRACE AMOUNT.




$$
