000
CDUS46 KMFR 230051
CLIAAT


CLIMATE REPORT
NATIONAL WEATHER SERVICE MEDFORD, OR
550 PM PDT WED MAR 22 2017


...................................

...THE ALTURAS CA CLIMATE SUMMARY FOR MARCH 22 2017...
VALID TODAY AS OF 0500 PM LOCAL TIME.

CLIMATE NORMAL PERIOD 1981 TO 2010
CLIMATE RECORD PERIOD 1905 TO 2017


WEATHER ITEM   OBSERVED TIME   RECORD YEAR NORMAL DEPARTURE LAST
                VALUE   (LST)  VALUE       VALUE  FROM      YEAR
                                                  NORMAL
..................................................................
TEMPERATURE (F)
 TODAY
  MAXIMUM         46    101 PM  79    1960  53     -7       45
  MINIMUM         37    210 PM  -1    1917  25     12       29
  AVERAGE         42                        39      3       37

PRECIPITATION (IN)
  TODAY            0.11          0.56 1994   0.05   0.06     0.04
  MONTH TO DATE    0.74                      1.04  -0.30     1.78
  SINCE OCT 1     10.98                      8.65   2.33    10.26
  SINCE JAN 1      7.23                      4.14   3.09     4.28

SNOWFALL (IN)
  TODAY           MM                        MM     MM       MM
  MONTH TO DATE   MM                        MM     MM       MM
  SINCE JUL 1     MM                        MM     MM       MM
  SNOW DEPTH      MM

DEGREE DAYS
 HEATING
  TODAY           23                        26     -3       28
  MONTH TO DATE  472                       595   -123      496
  SINCE MAR 1    472                       595   -123      496
  SINCE JUL 1   5134                      5462   -328     4883

 COOLING
  TODAY            0                         0      0        0
  MONTH TO DATE    0                         0      0        0
  SINCE MAR 1      0                         0      0        0
  SINCE JAN 1      0                         0      0        0
..................................................................


WIND (MPH)
  HIGHEST WIND SPEED    18   HIGHEST WIND DIRECTION     S (180)
  HIGHEST GUST SPEED    22   HIGHEST GUST DIRECTION     S (180)
  AVERAGE WIND SPEED     9.7


SKY COVER
  POSSIBLE SUNSHINE  MM
  AVERAGE SKY COVER 0.6


WEATHER CONDITIONS
 THE FOLLOWING WEATHER WAS RECORDED TODAY.
  HEAVY RAIN
  LIGHT RAIN
  FOG


RELATIVE HUMIDITY (PERCENT)
 HIGHEST    76           600 AM
 LOWEST     55           200 AM
 AVERAGE    66

..........................................................


THE ALTURAS CA CLIMATE NORMALS FOR TOMORROW
                         NORMAL    RECORD    YEAR
 MAXIMUM TEMPERATURE (F)   53        76      1960
 MINIMUM TEMPERATURE (F)   25         3      1994


SUNRISE AND SUNSET
MARCH 22 2017.........SUNRISE   702 AM PDT   SUNSET   717 PM PDT
MARCH 23 2017.........SUNRISE   700 AM PDT   SUNSET   718 PM PDT


-  INDICATES NEGATIVE NUMBERS.
R  INDICATES RECORD WAS SET OR TIED.
MM INDICATES DATA IS MISSING.
T  INDICATES TRACE AMOUNT.




$$
