000
CDUS46 KMFR 290036
CLIAAT


CLIMATE REPORT
NATIONAL WEATHER SERVICE MEDFORD, OR
536 PM PDT SAT MAY 28 2016


...................................

...THE ALTURAS CA CLIMATE SUMMARY FOR MAY 28 2016...
VALID TODAY AS OF 0500 PM LOCAL TIME.

CLIMATE NORMAL PERIOD 1981 TO 2010
CLIMATE RECORD PERIOD 1905 TO 2016


WEATHER ITEM   OBSERVED TIME   RECORD YEAR NORMAL DEPARTURE LAST
                VALUE   (LST)  VALUE       VALUE  FROM      YEAR
                                                  NORMAL
..................................................................
TEMPERATURE (F)
 TODAY
  MAXIMUM         73    354 PM  93    1983  72      1       79
  MINIMUM         34    505 AM  28    2007  38     -4       40
                                      1977
  AVERAGE         54                        55     -1       60

PRECIPITATION (IN)
  TODAY            0.00          0.92 2008   0.05  -0.05     0.00
  MONTH TO DATE    1.17                      1.24  -0.07     2.60
  SINCE OCT 1     12.81                     11.93   0.88     9.32
  SINCE JAN 1      6.83                      7.42  -0.59     4.81

SNOWFALL (IN)
  TODAY           MM                        MM     MM       MM
  MONTH TO DATE   MM                        MM     MM       MM
  SINCE JUL 1     MM                        MM     MM       MM
  SNOW DEPTH      MM

DEGREE DAYS
 HEATING
  TODAY           11                        10      1        5
  MONTH TO DATE  325                       382    -57      346
  SINCE MAR 1   1469                      1859   -390     1572
  SINCE JUL 1   5856                      6726   -870     5199

 COOLING
  TODAY            0                         0      0        0
  MONTH TO DATE    0                         0      0        0
  SINCE MAR 1      0                         0      0        0
  SINCE JAN 1      0                         0      0        0
..................................................................


WIND (MPH)
  HIGHEST WIND SPEED    12   HIGHEST WIND DIRECTION    SE (150)
  HIGHEST GUST SPEED    16   HIGHEST GUST DIRECTION    SE (150)
  AVERAGE WIND SPEED     2.5


SKY COVER
  POSSIBLE SUNSHINE  MM
  AVERAGE SKY COVER 0.0


WEATHER CONDITIONS
 THE FOLLOWING WEATHER WAS RECORDED TODAY.
  NO SIGNIFICANT WEATHER WAS OBSERVED.


RELATIVE HUMIDITY (PERCENT)
 HIGHEST    89           400 AM
 LOWEST     22           400 PM
 AVERAGE    56

..........................................................


THE ALTURAS CA CLIMATE NORMALS FOR TOMORROW
                         NORMAL    RECORD    YEAR
 MAXIMUM TEMPERATURE (F)   72        95      1983
 MINIMUM TEMPERATURE (F)   38        24      1976


SUNRISE AND SUNSET
MAY 28 2016...........SUNRISE   533 AM PDT   SUNSET   827 PM PDT
MAY 29 2016...........SUNRISE   532 AM PDT   SUNSET   828 PM PDT


-  INDICATES NEGATIVE NUMBERS.
R  INDICATES RECORD WAS SET OR TIED.
MM INDICATES DATA IS MISSING.
T  INDICATES TRACE AMOUNT.




$$
