000
CDUS46 KMFR 110837
CLIAAT


CLIMATE REPORT
NATIONAL WEATHER SERVICE MEDFORD, OR
1236 AM PST MON DEC 11 2017


...................................

...THE ALTURAS CA CLIMATE SUMMARY FOR DECEMBER 10 2017...

CLIMATE NORMAL PERIOD 1981 TO 2010
CLIMATE RECORD PERIOD 1905 TO 2017


WEATHER ITEM   OBSERVED TIME   RECORD YEAR NORMAL DEPARTURE LAST
                VALUE   (LST)  VALUE       VALUE  FROM      YEAR
                                                  NORMAL
..................................................................
TEMPERATURE (F)
 YESTERDAY
  MAXIMUM         56    157 PM  65    1962  40     16       43
  MINIMUM         12    646 AM -28    1972  19     -7       30
  AVERAGE         34                        30      4       37

PRECIPITATION (IN)
  YESTERDAY        0.00          1.57 1937   0.05  -0.05     0.30
  MONTH TO DATE    0.09                      0.52  -0.43     0.67
  SINCE OCT 1      2.71                      3.32  -0.61     2.67
  SINCE JAN 1     14.90                     12.98   1.92    10.14

SNOWFALL (IN)
  YESTERDAY       MM                        MM     MM       MM
  MONTH TO DATE   MM                        MM     MM       MM
  SINCE JUL 1     MM                        MM     MM       MM
  SNOW DEPTH      MM

DEGREE DAYS
 HEATING
  YESTERDAY       31                        35     -4       28
  MONTH TO DATE  333                       345    -12      348
  SINCE DEC 1    333                       345    -12      348
  SINCE JUL 1   1887                      2155   -268     1856

 COOLING
  YESTERDAY        0                         0      0        0
  MONTH TO DATE    0                         0      0        0
  SINCE DEC 1      0                         0      0        0
  SINCE JAN 1    516                       156    360      254
..................................................................


WIND (MPH)
  HIGHEST WIND SPEED    10   HIGHEST WIND DIRECTION    NE (60)
  HIGHEST GUST SPEED    13   HIGHEST GUST DIRECTION    NE (60)
  AVERAGE WIND SPEED     2.1


SKY COVER
  POSSIBLE SUNSHINE  MM
  AVERAGE SKY COVER 0.0


WEATHER CONDITIONS
 THE FOLLOWING WEATHER WAS RECORDED YESTERDAY.
  FOG
  HAZE


RELATIVE HUMIDITY (PERCENT)
 HIGHEST    92          1200 AM
 LOWEST     29          1200 PM
 AVERAGE    61

..........................................................


THE ALTURAS CA CLIMATE NORMALS FOR TODAY
                         NORMAL    RECORD    YEAR
 MAXIMUM TEMPERATURE (F)   40        66      1958
 MINIMUM TEMPERATURE (F)   19       -25      1932


SUNRISE AND SUNSET
DECEMBER 11 2017......SUNRISE   719 AM PST   SUNSET   433 PM PST
DECEMBER 12 2017......SUNRISE   720 AM PST   SUNSET   433 PM PST


-  INDICATES NEGATIVE NUMBERS.
R  INDICATES RECORD WAS SET OR TIED.
MM INDICATES DATA IS MISSING.
T  INDICATES TRACE AMOUNT.




$$
