000
CDUS46 KMFR 290853
CLIAAT


CLIMATE REPORT
NATIONAL WEATHER SERVICE MEDFORD, OR
150 AM PDT FRI AUG 29 2014


...................................

...THE ALTURAS CA CLIMATE SUMMARY FOR AUGUST 28 2014...

CLIMATE NORMAL PERIOD 1981 TO 2010
CLIMATE RECORD PERIOD 1905 TO 2014


WEATHER ITEM   OBSERVED TIME   RECORD YEAR NORMAL DEPARTURE LAST
                VALUE   (LST)  VALUE       VALUE  FROM      YEAR
                                                  NORMAL
..................................................................
TEMPERATURE (F)
 YESTERDAY
  MAXIMUM         91    242 PM 103    1915  83      8       86
  MINIMUM         49    522 AM  25    1905  40      9       41
  AVERAGE         70                        62      8       64

PRECIPITATION (IN)
  YESTERDAY        0.00          0.28 1949   0.02  -0.02     0.00
  MONTH TO DATE    0.46                      0.32   0.14     0.72
  SINCE SEP 1      7.42                     14.13  -6.71     9.49
  SINCE JAN 1      6.28                      9.10  -2.82     5.15

SNOWFALL (IN)
  YESTERDAY       MM                        MM     MM       MM
  MONTH TO DATE   MM                        MM     MM       MM
  SINCE JUL 1     MM                        MM     MM       MM
  SNOW DEPTH      MM

DEGREE DAYS
 HEATING
  YESTERDAY        0                         4     -4        1
  MONTH TO DATE   11                        57    -46       62
  SINCE JUN 1    106                       278   -172      222
  SINCE JUL 1     17                        98    -81       66

 COOLING
  YESTERDAY        5                         1      4        0
  MONTH TO DATE   91                        53     38       39
  SINCE JUN 1    364                       148    216      255
  SINCE JAN 1    364                       148    216      255
..................................................................


WIND (MPH)
  HIGHEST WIND SPEED    21   HIGHEST WIND DIRECTION     W (270)
  HIGHEST GUST SPEED    30   HIGHEST GUST DIRECTION     W (280)
  AVERAGE WIND SPEED     5.1


SKY COVER
  POSSIBLE SUNSHINE  MM
  AVERAGE SKY COVER 0.0


WEATHER CONDITIONS
 THE FOLLOWING WEATHER WAS RECORDED YESTERDAY.
  HAZE


RELATIVE HUMIDITY (PERCENT)
 HIGHEST    59           400 AM
 LOWEST     12           400 PM
 AVERAGE    36

..........................................................


THE ALTURAS CA CLIMATE NORMALS FOR TODAY
                         NORMAL    RECORD    YEAR
 MAXIMUM TEMPERATURE (F)   83       103      1915
 MINIMUM TEMPERATURE (F)   40        25      1910


SUNRISE AND SUNSET
AUGUST 29 2014........SUNRISE   625 AM PDT   SUNSET   740 PM PDT
AUGUST 30 2014........SUNRISE   626 AM PDT   SUNSET   738 PM PDT


-  INDICATES NEGATIVE NUMBERS.
R  INDICATES RECORD WAS SET OR TIED.
MM INDICATES DATA IS MISSING.
T  INDICATES TRACE AMOUNT.




$$
