000
CDUS46 KMFR 280852
CLIAAT


CLIMATE REPORT
NATIONAL WEATHER SERVICE MEDFORD, OR
1252 AM PST SUN DEC 28 2014


...................................

...THE ALTURAS CA CLIMATE SUMMARY FOR DECEMBER 27 2014...

CLIMATE NORMAL PERIOD 1981 TO 2010
CLIMATE RECORD PERIOD 1905 TO 2014


WEATHER ITEM   OBSERVED TIME   RECORD YEAR NORMAL DEPARTURE LAST
                VALUE   (LST)  VALUE       VALUE  FROM      YEAR
                                                  NORMAL
..................................................................
TEMPERATURE (F)
 YESTERDAY
  MAXIMUM         40    118 PM  61    1980  40      0       42
  MINIMUM         16    628 AM -14    1988  18     -2       10
  AVERAGE         28                        29     -1       26

PRECIPITATION (IN)
  YESTERDAY        0.00          0.50 1940   0.05  -0.05     0.00
  MONTH TO DATE    2.07                      1.50   0.57     0.17
  SINCE SEP 1      4.81                      4.82  -0.01     1.14
  SINCE JAN 1     11.09                     13.96  -2.87     6.29

SNOWFALL (IN)
  YESTERDAY       MM                        MM     MM       MM
  MONTH TO DATE   MM                        MM     MM       MM
  SINCE JUL 1     MM                        MM     MM        0.0
  SNOW DEPTH      MM

DEGREE DAYS
 HEATING
  YESTERDAY       37                        36      1       39
  MONTH TO DATE  692                       955   -263     1136
  SINCE DEC 1    692                       955   -263     1136
  SINCE JUL 1   1983                      2765   -782     2881

 COOLING
  YESTERDAY        0                         0      0        0
  MONTH TO DATE    0                         0      0        0
  SINCE DEC 1      0                         0      0        0
  SINCE JAN 1    380                       156    224      280
..................................................................


WIND (MPH)
  HIGHEST WIND SPEED    10   HIGHEST WIND DIRECTION    NE (60)
  HIGHEST GUST SPEED    13   HIGHEST GUST DIRECTION    NE (60)
  AVERAGE WIND SPEED     1.8


SKY COVER
  POSSIBLE SUNSHINE  MM
  AVERAGE SKY COVER 0.3


WEATHER CONDITIONS
 THE FOLLOWING WEATHER WAS RECORDED YESTERDAY.
  FOG
  HAZE


RELATIVE HUMIDITY (PERCENT)
 HIGHEST    84          1200 AM
 LOWEST     44           200 PM
 AVERAGE    64

..........................................................


THE ALTURAS CA CLIMATE NORMALS FOR TODAY
                         NORMAL    RECORD    YEAR
 MAXIMUM TEMPERATURE (F)   40        61      1917
 MINIMUM TEMPERATURE (F)   18        -4      1983


SUNRISE AND SUNSET
DECEMBER 28 2014......SUNRISE   728 AM PST   SUNSET   440 PM PST
DECEMBER 29 2014......SUNRISE   728 AM PST   SUNSET   441 PM PST


-  INDICATES NEGATIVE NUMBERS.
R  INDICATES RECORD WAS SET OR TIED.
MM INDICATES DATA IS MISSING.
T  INDICATES TRACE AMOUNT.




$$
