000
CDUS46 KMFR 260035
CLIAAT


CLIMATE REPORT
NATIONAL WEATHER SERVICE MEDFORD, OR
535 PM PDT TUE APR 25 2017


...................................

...THE ALTURAS CA CLIMATE SUMMARY FOR APRIL 25 2017...
VALID TODAY AS OF 0500 PM LOCAL TIME.

CLIMATE NORMAL PERIOD 1981 TO 2010
CLIMATE RECORD PERIOD 1905 TO 2017


WEATHER ITEM   OBSERVED TIME   RECORD YEAR NORMAL DEPARTURE LAST
                VALUE   (LST)  VALUE       VALUE  FROM      YEAR
                                                  NORMAL
..................................................................
TEMPERATURE (F)
 TODAY
  MAXIMUM         50    233 PM  84    1946  61    -11       53
  MINIMUM         29    458 AM  15    1960  31     -2       MM
  AVERAGE         40                        46     -6       MM

PRECIPITATION (IN)
  TODAY            T             0.29 1975   0.05  -0.05     0.00
                                      1975
                                      2012
  MONTH TO DATE    1.16                      1.28  -0.12     1.27
  SINCE OCT 1     12.58                     10.41   2.17    11.59
  SINCE JAN 1      8.83                      5.90   2.93     5.61

SNOWFALL (IN)
  TODAY           MM                        MM     MM       MM
  MONTH TO DATE   MM                        MM     MM       MM
  SINCE JUL 1     MM                        MM     MM       MM
  SNOW DEPTH      MM

DEGREE DAYS
 HEATING
  TODAY           25                        19      6       MM
  MONTH TO DATE  502                       560    -58      349
  SINCE MAR 1   1196                      1385   -189     1056
  SINCE JUL 1   5858                      6252   -394     5443

 COOLING
  TODAY            0                         0      0       MM
  MONTH TO DATE    0                         0      0        0
  SINCE MAR 1      0                         0      0        0
  SINCE JAN 1      0                         0      0        0
..................................................................


WIND (MPH)
  HIGHEST WIND SPEED    15   HIGHEST WIND DIRECTION    SW (220)
  HIGHEST GUST SPEED    23   HIGHEST GUST DIRECTION    SW (230)
  AVERAGE WIND SPEED     3.9


SKY COVER
  POSSIBLE SUNSHINE  MM
  AVERAGE SKY COVER 0.5


WEATHER CONDITIONS
 THE FOLLOWING WEATHER WAS RECORDED TODAY.
  NO SIGNIFICANT WEATHER WAS OBSERVED.


RELATIVE HUMIDITY (PERCENT)
 HIGHEST   100           500 AM
 LOWEST     56           100 PM
 AVERAGE    78

..........................................................


THE ALTURAS CA CLIMATE NORMALS FOR TOMORROW
                         NORMAL    RECORD    YEAR
 MAXIMUM TEMPERATURE (F)   61        83      1987
 MINIMUM TEMPERATURE (F)   31        17      1985


SUNRISE AND SUNSET
APRIL 25 2017.........SUNRISE   607 AM PDT   SUNSET   754 PM PDT
APRIL 26 2017.........SUNRISE   606 AM PDT   SUNSET   755 PM PDT


-  INDICATES NEGATIVE NUMBERS.
R  INDICATES RECORD WAS SET OR TIED.
MM INDICATES DATA IS MISSING.
T  INDICATES TRACE AMOUNT.




$$
