000
CDUS46 KMFR 220836
CLIAAT


CLIMATE REPORT
NATIONAL WEATHER SERVICE MEDFORD, OR
136 AM PDT MON SEP 22 2014


...................................

...THE ALTURAS CA CLIMATE SUMMARY FOR SEPTEMBER 21 2014...

CLIMATE NORMAL PERIOD 1981 TO 2010
CLIMATE RECORD PERIOD 1905 TO 2014


WEATHER ITEM   OBSERVED TIME   RECORD YEAR NORMAL DEPARTURE LAST
                VALUE   (LST)  VALUE       VALUE  FROM      YEAR
                                                  NORMAL
..................................................................
TEMPERATURE (F)
 YESTERDAY
  MAXIMUM         83    339 PM  92    1916  76      7       60
  MINIMUM         57    416 AM  20    1993  33     24       41
  AVERAGE         70                        55     15       51

PRECIPITATION (IN)
  YESTERDAY        0.07          0.17 1944   0.02   0.05     0.12
  MONTH TO DATE    0.07                      0.33  -0.26     0.26
  SINCE SEP 1      0.07                      0.33  -0.26     0.26
  SINCE JAN 1      6.35                      9.47  -3.12     5.41

SNOWFALL (IN)
  YESTERDAY       MM                        MM     MM       MM
  MONTH TO DATE   MM                        MM     MM       MM
  SINCE JUL 1     MM                        MM     MM       MM
  SNOW DEPTH      MM

DEGREE DAYS
 HEATING
  YESTERDAY        0                        10    -10       14
  MONTH TO DATE   51                       157   -106       92
  SINCE SEP 1     51                       157   -106       92
  SINCE JUL 1     76                       268   -192      162

 COOLING
  YESTERDAY        5                         0      5        0
  MONTH TO DATE   12                         3      9       25
  SINCE SEP 1     12                         3      9       25
  SINCE JAN 1    380                       154    226      280
..................................................................


WIND (MPH)
  HIGHEST WIND SPEED    21   HIGHEST WIND DIRECTION     W (270)
  HIGHEST GUST SPEED    26   HIGHEST GUST DIRECTION     W (270)
  AVERAGE WIND SPEED     6.0


SKY COVER
  POSSIBLE SUNSHINE  MM
  AVERAGE SKY COVER 0.1


WEATHER CONDITIONS
 THE FOLLOWING WEATHER WAS RECORDED YESTERDAY.
  LIGHT RAIN


RELATIVE HUMIDITY (PERCENT)
 HIGHEST    72          1100 PM
 LOWEST     25           400 PM
 AVERAGE    49

..........................................................


THE ALTURAS CA CLIMATE NORMALS FOR TODAY
                         NORMAL    RECORD    YEAR
 MAXIMUM TEMPERATURE (F)   76        91      2003
 MINIMUM TEMPERATURE (F)   33        20      1968


SUNRISE AND SUNSET
SEPTEMBER 22 2014.....SUNRISE   650 AM PDT   SUNSET   659 PM PDT
SEPTEMBER 23 2014.....SUNRISE   651 AM PDT   SUNSET   658 PM PDT


-  INDICATES NEGATIVE NUMBERS.
R  INDICATES RECORD WAS SET OR TIED.
MM INDICATES DATA IS MISSING.
T  INDICATES TRACE AMOUNT.




$$
