028
CDUS46 KMFR 190844
CLIAAT


CLIMATE REPORT
NATIONAL WEATHER SERVICE MEDFORD, OR
1244 AM PST MON FEB 19 2018


...................................

...THE ALTURAS CA CLIMATE SUMMARY FOR FEBRUARY 18 2018...

CLIMATE NORMAL PERIOD 1981 TO 2010
CLIMATE RECORD PERIOD 1905 TO 2018


WEATHER ITEM   OBSERVED TIME   RECORD YEAR NORMAL DEPARTURE LAST
                VALUE   (LST)  VALUE       VALUE  FROM      YEAR
                                                  NORMAL
..................................................................
TEMPERATURE (F)
 YESTERDAY
  MAXIMUM         41   1201 AM  67    2015  47     -6       43
  MINIMUM         20    932 PM  -8    1932  23     -3       35
  AVERAGE         31                        35     -4       39

PRECIPITATION (IN)
  YESTERDAY        0.03          1.28 1986   0.06  -0.03     0.03
  MONTH TO DATE    0.06                      0.90  -0.84     1.77
  SINCE OCT 1      4.39                      7.06  -2.67     8.78
  SINCE JAN 1      1.39                      2.55  -1.16     5.03

SNOWFALL (IN)
  YESTERDAY       MM                        MM     MM       MM
  MONTH TO DATE   MM                        MM     MM       MM
  SINCE JUL 1     MM                        MM     MM       MM
  SNOW DEPTH      MM

DEGREE DAYS
 HEATING
  YESTERDAY       34                        30      4       26
  MONTH TO DATE  514                       575    -61      441
  SINCE DEC 1   2416                      2763   -347     2794
  SINCE JUL 1   3970                      4573   -603     4302

 COOLING
  YESTERDAY        0                         0      0        0
  MONTH TO DATE    0                         0      0        0
  SINCE DEC 1      0                         0      0        0
  SINCE JAN 1      0                         0      0        0
..................................................................


WIND (MPH)
  HIGHEST WIND SPEED    32   HIGHEST WIND DIRECTION    NW (320)
  HIGHEST GUST SPEED    40   HIGHEST GUST DIRECTION    NW (320)
  AVERAGE WIND SPEED    14.7


SKY COVER
  POSSIBLE SUNSHINE  MM
  AVERAGE SKY COVER 0.7


WEATHER CONDITIONS
 THE FOLLOWING WEATHER WAS RECORDED YESTERDAY.
  SNOW
  LIGHT SNOW
  FOG


RELATIVE HUMIDITY (PERCENT)
 HIGHEST    78          1100 AM
 LOWEST     47           400 PM
 AVERAGE    63

..........................................................


THE ALTURAS CA CLIMATE NORMALS FOR TODAY
                         NORMAL    RECORD    YEAR
 MAXIMUM TEMPERATURE (F)   47        68      1977
 MINIMUM TEMPERATURE (F)   23        -7      1932


SUNRISE AND SUNSET
FEBRUARY 19 2018......SUNRISE   652 AM PST   SUNSET   541 PM PST
FEBRUARY 20 2018......SUNRISE   650 AM PST   SUNSET   542 PM PST


-  INDICATES NEGATIVE NUMBERS.
R  INDICATES RECORD WAS SET OR TIED.
MM INDICATES DATA IS MISSING.
T  INDICATES TRACE AMOUNT.




$$
