000
CDUS41 KPHI 012130
CLIABE


CLIMATE REPORT
NATIONAL WEATHER SERVICE MOUNT HOLLY NJ
428 PM EST SUN FEB 1 2015


...................................

...THE ALLENTOWN PA CLIMATE SUMMARY FOR FEBRUARY 1 2015...
VALID TODAY AS OF 0400 PM LOCAL TIME.

CLIMATE NORMAL PERIOD 1981 TO 2010
CLIMATE RECORD PERIOD 1922 TO 2015


WEATHER ITEM   OBSERVED TIME   RECORD YEAR NORMAL DEPARTURE LAST
                VALUE   (LST)  VALUE       VALUE  FROM      YEAR
                                                  NORMAL
..................................................................
TEMPERATURE (F)
 TODAY
  MAXIMUM         35    359 PM  65    1989  37     -2       46
  MINIMUM         10   1252 AM  -5    1935  20    -10       22
  AVERAGE         23                        28     -5       34

PRECIPITATION (IN)
  TODAY            0.00          1.31 2008   0.10  -0.10     0.00
  MONTH TO DATE    0.00                      0.10  -0.10     0.00
  SINCE DEC 1      6.37                      6.71  -0.34     8.58
  SINCE JAN 1      2.72                      3.13  -0.41     4.54

SNOWFALL (IN)
  TODAY            0.0           7.2  1957   0.4   -0.4      0.0
  MONTH TO DATE    0.0                       0.4   -0.4      0.0
  SINCE DEC 1     13.4                      15.6   -2.2     30.2
  SINCE JUL 1     19.1                      16.3    2.8     30.2
  SNOW DEPTH       5

DEGREE DAYS
 HEATING
  TODAY           42                        37      5       31
  MONTH TO DATE   42                        37      5       31
  SINCE DEC 1   2104                      2207   -103     2361
  SINCE JUL 1   3239                      3387   -148     3520

 COOLING
  TODAY            0                         0      0        0
  MONTH TO DATE    0                         0      0        0
  SINCE DEC 1      0                         0      0        0
  SINCE JAN 1      0                         0      0        0
..................................................................


WIND (MPH)
  HIGHEST WIND SPEED    13   HIGHEST WIND DIRECTION    SW (230)
  HIGHEST GUST SPEED    15   HIGHEST GUST DIRECTION    SW (230)
  AVERAGE WIND SPEED     5.6


SKY COVER
  POSSIBLE SUNSHINE  MM
  AVERAGE SKY COVER 0.9


WEATHER CONDITIONS
 THE FOLLOWING WEATHER WAS RECORDED TODAY.
  NO SIGNIFICANT WEATHER WAS OBSERVED.


RELATIVE HUMIDITY (PERCENT)
 HIGHEST    73          1200 AM
 LOWEST     56          1200 PM
 AVERAGE    65

..........................................................


THE ALLENTOWN PA CLIMATE NORMALS FOR TOMORROW
                         NORMAL    RECORD    YEAR
 MAXIMUM TEMPERATURE (F)   37        58      1983
 MINIMUM TEMPERATURE (F)   20        -7      1961


SUNRISE AND SUNSET
FEBRUARY  1 2015......SUNRISE   712 AM EST   SUNSET   519 PM EST
FEBRUARY  2 2015......SUNRISE   711 AM EST   SUNSET   520 PM EST


-  INDICATES NEGATIVE NUMBERS.
R  INDICATES RECORD WAS SET OR TIED.
MM INDICATES DATA IS MISSING.
T  INDICATES TRACE AMOUNT.




$$
