000
CDUS41 KPHI 270629
CLIABE


CLIMATE REPORT
NATIONAL WEATHER SERVICE MOUNT HOLLY NJ
227 AM EDT WED MAY 27 2015


...................................

...THE ALLENTOWN PA CLIMATE SUMMARY FOR MAY 26 2015...

CLIMATE NORMAL PERIOD 1981 TO 2010
CLIMATE RECORD PERIOD 1922 TO 2015


WEATHER ITEM   OBSERVED TIME   RECORD YEAR NORMAL DEPARTURE LAST
                VALUE   (LST)  VALUE       VALUE  FROM      YEAR
                                                  NORMAL
..................................................................
TEMPERATURE (F)
 YESTERDAY
  MAXIMUM         90    129 PM  92    2010  75     15       85
  MINIMUM         59    401 AM  39    1956  52      7       52
  AVERAGE         75                        63     12       69

PRECIPITATION (IN)
  YESTERDAY        0.00          1.40 2001   0.14  -0.14     0.00
  MONTH TO DATE    0.09                      3.42  -3.33     4.20
  SINCE MAR 1      6.33                     10.37  -4.04    13.24
  SINCE JAN 1     10.88                     16.10  -5.22    22.23

SNOWFALL (IN)
  YESTERDAY        0.0           0.0    MM   0.0    0.0      0.0
  MONTH TO DATE    0.0                       0.0    0.0      0.0
  SINCE MAR 1     17.8                       5.9   11.9      1.4
  SINCE JUL 1     50.1                      32.9   17.2     68.1
  SNOW DEPTH       0

DEGREE DAYS
 HEATING
  YESTERDAY        0                         4     -4        0
  MONTH TO DATE   81                       181   -100      120
  SINCE MAR 1   1447                      1442      5     1544
  SINCE JUL 1   5928                      5751    177     6142

 COOLING
  YESTERDAY       10                         2      8        4
  MONTH TO DATE   80                        26     54       23
  SINCE MAR 1     80                        31     49       30
  SINCE JAN 1     80                        31     49       30
..................................................................


WIND (MPH)
  HIGHEST WIND SPEED    14   HIGHEST WIND DIRECTION     S (200)
  HIGHEST GUST SPEED    20   HIGHEST GUST DIRECTION     S (160)
  AVERAGE WIND SPEED     7.6


SKY COVER
  POSSIBLE SUNSHINE  MM
  AVERAGE SKY COVER 0.0


WEATHER CONDITIONS
 THE FOLLOWING WEATHER WAS RECORDED YESTERDAY.
  NO SIGNIFICANT WEATHER WAS OBSERVED.


RELATIVE HUMIDITY (PERCENT)
 HIGHEST    90           500 AM
 LOWEST     40           200 PM
 AVERAGE    65

..........................................................


THE ALLENTOWN PA CLIMATE NORMALS FOR TODAY
                         NORMAL    RECORD    YEAR
 MAXIMUM TEMPERATURE (F)   75        91      1991
                                             1965
 MINIMUM TEMPERATURE (F)   52        38      1972


SUNRISE AND SUNSET
MAY 27 2015...........SUNRISE   536 AM EDT   SUNSET   822 PM EDT
MAY 28 2015...........SUNRISE   535 AM EDT   SUNSET   823 PM EDT


-  INDICATES NEGATIVE NUMBERS.
R  INDICATES RECORD WAS SET OR TIED.
MM INDICATES DATA IS MISSING.
T  INDICATES TRACE AMOUNT.




$$
