000
CDUS41 KPHI 182131
CLIABE


CLIMATE REPORT
NATIONAL WEATHER SERVICE MOUNT HOLLY NJ
528 PM EDT THU SEP 18 2014


...................................

...THE ALLENTOWN PA CLIMATE SUMMARY FOR SEPTEMBER 18 2014...
VALID TODAY AS OF 0500 PM LOCAL TIME.

CLIMATE NORMAL PERIOD 1981 TO 2010
CLIMATE RECORD PERIOD 1922 TO 2014


WEATHER ITEM   OBSERVED TIME   RECORD YEAR NORMAL DEPARTURE LAST
                VALUE   (LST)  VALUE       VALUE  FROM      YEAR
                                                  NORMAL
..................................................................
TEMPERATURE (F)
 TODAY
  MAXIMUM         76    311 PM  90    1965  74      2       71
  MINIMUM         45    340 AM  36    1990  52     -7       40
  AVERAGE         61                        63     -2       56

PRECIPITATION (IN)
  TODAY            0.00          4.59 2004   0.16  -0.16     0.00
  MONTH TO DATE    1.23                      2.56  -1.33     1.40
  SINCE SEP 1      1.23                      2.56  -1.33     1.40
  SINCE JAN 1     35.22                     32.33   2.89    36.24

SNOWFALL (IN)
  TODAY            0.0           0.0  2002   0.0    0.0      0.0
                                      2001
  MONTH TO DATE    0.0                       0.0    0.0      0.0
  SINCE SEP 1      0.0                       0.0    0.0      0.0
  SINCE JUL 1      0.0                       0.0    0.0      0.0
  SNOW DEPTH       0

DEGREE DAYS
 HEATING
  TODAY            4                         4      0        9
  MONTH TO DATE   39                        36      3       59
  SINCE SEP 1     39                        36      3       59
  SINCE JUL 1     43                        47     -4       63

 COOLING
  TODAY            0                         2     -2        0
  MONTH TO DATE   94                        58     36       78
  SINCE SEP 1     94                        58     36       78
  SINCE JAN 1    781                       737     44      903
..................................................................


WIND (MPH)
  HIGHEST WIND SPEED    13   HIGHEST WIND DIRECTION    NW (320)
  HIGHEST GUST SPEED    15   HIGHEST GUST DIRECTION    NW (310)
  AVERAGE WIND SPEED     1.9


SKY COVER
  POSSIBLE SUNSHINE  MM
  AVERAGE SKY COVER 0.4


WEATHER CONDITIONS
 THE FOLLOWING WEATHER WAS RECORDED TODAY.
  NO SIGNIFICANT WEATHER WAS OBSERVED.


RELATIVE HUMIDITY (PERCENT)
 HIGHEST    93          1200 AM
 LOWEST     31           400 PM
 AVERAGE    62

..........................................................


THE ALLENTOWN PA CLIMATE NORMALS FOR TOMORROW
                         NORMAL    RECORD    YEAR
 MAXIMUM TEMPERATURE (F)   74        93      1983
 MINIMUM TEMPERATURE (F)   52        37      1943


SUNRISE AND SUNSET
SEPTEMBER 18 2014.....SUNRISE   645 AM EDT   SUNSET   706 PM EDT
SEPTEMBER 19 2014.....SUNRISE   646 AM EDT   SUNSET   704 PM EDT


-  INDICATES NEGATIVE NUMBERS.
R  INDICATES RECORD WAS SET OR TIED.
MM INDICATES DATA IS MISSING.
T  INDICATES TRACE AMOUNT.




$$
