128
CDUS41 KPHI 240630
CLIABE


CLIMATE REPORT
NATIONAL WEATHER SERVICE MOUNT HOLLY NJ
229 AM EDT TUE MAY 24 2016


...................................

...THE ALLENTOWN PA CLIMATE SUMMARY FOR MAY 23 2016...

CLIMATE NORMAL PERIOD 1981 TO 2010
CLIMATE RECORD PERIOD 1922 TO 2016


WEATHER ITEM   OBSERVED TIME   RECORD YEAR NORMAL DEPARTURE LAST
                VALUE   (LST)  VALUE       VALUE  FROM      YEAR
                                                  NORMAL
..................................................................
TEMPERATURE (F)
 YESTERDAY
  MAXIMUM         80    156 PM  95    1925  74      6       71
  MINIMUM         49    527 AM  37    2002  51     -2       43
  AVERAGE         65                        62      3       57

PRECIPITATION (IN)
  YESTERDAY        0.01          2.40 1942   0.15  -0.14     0.00
  MONTH TO DATE    3.09                      3.00   0.09     0.09
  SINCE MAR 1      5.84                      9.95  -4.11     6.33
  SINCE JAN 1     14.87                     15.68  -0.81    10.88

SNOWFALL (IN)
  YESTERDAY        0.0           0.0    MM   0.0    0.0      0.0
  MONTH TO DATE    0.0                       0.0    0.0      0.0
  SINCE MAR 1      0.3                       5.9   -5.6     17.8
  SINCE JUL 1     36.2                      32.9    3.3     50.1
  SNOW DEPTH       0

DEGREE DAYS
 HEATING
  YESTERDAY        0                         5     -5        8
  MONTH TO DATE  194                       168     26       77
  SINCE MAR 1   1199                      1429   -230     1443
  SINCE JUL 1   4656                      5738  -1082     5924

 COOLING
  YESTERDAY        0                         2     -2        0
  MONTH TO DATE    0                        20    -20       61
  SINCE MAR 1      9                        25    -16       61
  SINCE JAN 1      9                        25    -16       61
..................................................................


WIND (MPH)
  HIGHEST WIND SPEED    22   HIGHEST WIND DIRECTION     E (100)
  HIGHEST GUST SPEED    26   HIGHEST GUST DIRECTION     E (90)
  AVERAGE WIND SPEED     5.1


SKY COVER
  POSSIBLE SUNSHINE  MM
  AVERAGE SKY COVER 0.2


WEATHER CONDITIONS
 THE FOLLOWING WEATHER WAS RECORDED YESTERDAY.
  THUNDERSTORM
  RAIN
  LIGHT RAIN
  FOG


RELATIVE HUMIDITY (PERCENT)
 HIGHEST    96          1200 AM
 LOWEST     35           200 PM
 AVERAGE    66

..........................................................


THE ALLENTOWN PA CLIMATE NORMALS FOR TODAY
                         NORMAL    RECORD    YEAR
 MAXIMUM TEMPERATURE (F)   74        90      1936
 MINIMUM TEMPERATURE (F)   51        33      1926


SUNRISE AND SUNSET
MAY 24 2016...........SUNRISE   537 AM EDT   SUNSET   821 PM EDT
MAY 25 2016...........SUNRISE   536 AM EDT   SUNSET   821 PM EDT


-  INDICATES NEGATIVE NUMBERS.
R  INDICATES RECORD WAS SET OR TIED.
MM INDICATES DATA IS MISSING.
T  INDICATES TRACE AMOUNT.




$$
