703
CDUS41 KPHI 080627
CLIABE


CLIMATE REPORT
NATIONAL WEATHER SERVICE MOUNT HOLLY NJ
127 AM EST MON FEB 8 2016


...................................

...THE ALLENTOWN PA CLIMATE SUMMARY FOR FEBRUARY 7 2016...

CLIMATE NORMAL PERIOD 1981 TO 2010
CLIMATE RECORD PERIOD 1922 TO 2016


WEATHER ITEM   OBSERVED TIME   RECORD YEAR NORMAL DEPARTURE LAST
                VALUE   (LST)  VALUE       VALUE  FROM      YEAR
                                                  NORMAL
..................................................................
TEMPERATURE (F)
 YESTERDAY
  MAXIMUM         48    132 PM  60    1938  38     10       40
  MINIMUM         19    718 AM  -6    1935  20     -1        8
  AVERAGE         34                        29      5       24

PRECIPITATION (IN)
  YESTERDAY        0.00          1.75 1965   0.10  -0.10     0.00
  MONTH TO DATE    0.91                      0.70   0.21     0.91
  SINCE DEC 1      8.28                      7.31   0.97     7.28
  SINCE JAN 1      4.08                      3.73   0.35     3.63

SNOWFALL (IN)
  YESTERDAY        0.0          10.7  1967   0.4   -0.4      0.0
  MONTH TO DATE    T                         2.9   -2.9      4.0
  SINCE DEC 1     32.3                      18.1   14.2     17.4
  SINCE JUL 1     32.3                      18.8   13.5     23.1
  SNOW DEPTH       0

DEGREE DAYS
 HEATING
  YESTERDAY       31                        36     -5       41
  MONTH TO DATE  189                       254    -65      308
  SINCE DEC 1   1876                      2424   -548     2370
  SINCE JUL 1   2758                      3604   -846     3505

 COOLING
  YESTERDAY        0                         0      0        0
  MONTH TO DATE    0                         0      0        0
  SINCE DEC 1      0                         0      0        0
  SINCE JAN 1      0                         0      0        0
..................................................................


WIND (MPH)
  HIGHEST WIND SPEED     9   HIGHEST WIND DIRECTION    NE (50)
  HIGHEST GUST SPEED    10   HIGHEST GUST DIRECTION    NE (40)
  AVERAGE WIND SPEED     2.0


SKY COVER
  POSSIBLE SUNSHINE  MM
  AVERAGE SKY COVER 0.0


WEATHER CONDITIONS
 THE FOLLOWING WEATHER WAS RECORDED YESTERDAY.
  FOG
  HAZE


RELATIVE HUMIDITY (PERCENT)
 HIGHEST    92           800 AM
 LOWEST     31           200 PM
 AVERAGE    62

..........................................................


THE ALLENTOWN PA CLIMATE NORMALS FOR TODAY
                         NORMAL    RECORD    YEAR
 MAXIMUM TEMPERATURE (F)   38        59      1965
 MINIMUM TEMPERATURE (F)   21        -5      1935


SUNRISE AND SUNSET
FEBRUARY  8 2016......SUNRISE   705 AM EST   SUNSET   528 PM EST
FEBRUARY  9 2016......SUNRISE   704 AM EST   SUNSET   529 PM EST


-  INDICATES NEGATIVE NUMBERS.
R  INDICATES RECORD WAS SET OR TIED.
MM INDICATES DATA IS MISSING.
T  INDICATES TRACE AMOUNT.




$$
