047
CDUS41 KPHI 230549
CLIABE


CLIMATE REPORT
NATIONAL WEATHER SERVICE MOUNT HOLLY NJ
148 AM EDT SUN JUL 23 2017


...................................

...THE ALLENTOWN PA CLIMATE SUMMARY FOR JULY 22 2017...

CLIMATE NORMAL PERIOD 1981 TO 2010
CLIMATE RECORD PERIOD 1922 TO 2017


WEATHER ITEM   OBSERVED TIME   RECORD YEAR NORMAL DEPARTURE LAST
                VALUE   (LST)  VALUE       VALUE  FROM      YEAR
                                                  NORMAL
..................................................................
TEMPERATURE (F)
 YESTERDAY
  MAXIMUM         91    236 PM 104    2011  84      7       96
  MINIMUM         70    732 PM  53    1966  63      7       65
                                      1944
  AVERAGE         81                        74      7       81

PRECIPITATION (IN)
  YESTERDAY        1.29          1.54 1938   0.16   1.13     0.00
  MONTH TO DATE    6.46                      3.52   2.94     2.09
  SINCE JUN 1     11.76                      7.83   3.93     3.96
  SINCE JAN 1     28.94                     24.65   4.29    19.79

SNOWFALL (IN)
  YESTERDAY        0.0           0.0  2002   0.0    0.0      0.0
                                      2001
  MONTH TO DATE    0.0                       0.0    0.0      0.0
  SINCE JUN 1      0.0                       0.0    0.0      0.0
  SINCE JUL 1      0.0                       0.0    0.0      0.0
  SNOW DEPTH       0

DEGREE DAYS
 HEATING
  YESTERDAY        0                         0      0        0
  MONTH TO DATE    0                         0      0        0
  SINCE JUN 1     27                        33     -6        9
  SINCE JUL 1      0                         0      0        0

 COOLING
  YESTERDAY       16                         9      7       16
  MONTH TO DATE  261                       190     71      245
  SINCE JUN 1    469                       345    124      443
  SINCE JAN 1    529                       390    139      530
..................................................................


WIND (MPH)
  HIGHEST WIND SPEED    12   HIGHEST WIND DIRECTION     N (350)
  HIGHEST GUST SPEED    14   HIGHEST GUST DIRECTION     W (290)
  AVERAGE WIND SPEED     3.1


SKY COVER
  POSSIBLE SUNSHINE  MM
  AVERAGE SKY COVER 0.3


WEATHER CONDITIONS
 THE FOLLOWING WEATHER WAS RECORDED YESTERDAY.
  HEAVY RAIN
  RAIN
  LIGHT RAIN
  FOG
  HAZE


RELATIVE HUMIDITY (PERCENT)
 HIGHEST    90           600 AM
 LOWEST     46          1200 PM
 AVERAGE    68

..........................................................


THE ALLENTOWN PA CLIMATE NORMALS FOR TODAY
                         NORMAL    RECORD    YEAR
 MAXIMUM TEMPERATURE (F)   84        99      1955
 MINIMUM TEMPERATURE (F)   63        51      1939


SUNRISE AND SUNSET
JULY 23 2017..........SUNRISE   551 AM EDT   SUNSET   825 PM EDT
JULY 24 2017..........SUNRISE   551 AM EDT   SUNSET   825 PM EDT


-  INDICATES NEGATIVE NUMBERS.
R  INDICATES RECORD WAS SET OR TIED.
MM INDICATES DATA IS MISSING.
T  INDICATES TRACE AMOUNT.




$$
