000
CDUS41 KPHI 280629
CLIABE


CLIMATE REPORT
NATIONAL WEATHER SERVICE MOUNT HOLLY NJ
228 AM EDT TUE MAR 28 2017


...................................

...THE ALLENTOWN PA CLIMATE SUMMARY FOR MARCH 27 2017...

CLIMATE NORMAL PERIOD 1981 TO 2010
CLIMATE RECORD PERIOD 1922 TO 2017


WEATHER ITEM   OBSERVED TIME   RECORD YEAR NORMAL DEPARTURE LAST
                VALUE   (LST)  VALUE       VALUE  FROM      YEAR
                                                  NORMAL
..................................................................
TEMPERATURE (F)
 YESTERDAY
  MAXIMUM         57    527 PM  83    1998  54      3       57
  MINIMUM         40    738 AM  15    2001  32      8       36
  AVERAGE         49                        43      6       47

PRECIPITATION (IN)
  YESTERDAY        0.30          1.28 1983   0.13   0.17      T
  MONTH TO DATE    3.08                      2.92   0.16     0.53
  SINCE MAR 1      3.08                      2.92   0.16     0.53
  SINCE JAN 1      8.17                      8.65  -0.48     9.56

SNOWFALL (IN)
  YESTERDAY        0.0           1.8  1959   0.1   -0.1      0.0
  MONTH TO DATE   18.3                       4.6   13.7      0.3
  SINCE MAR 1     18.3                       4.6   13.7      0.3
  SINCE JUL 1     28.3                      31.6   -3.3     36.2
  SNOW DEPTH       0

DEGREE DAYS
 HEATING
  YESTERDAY       16                        22     -6       18
  MONTH TO DATE  753                       719     34      509
  SINCE MAR 1    753                       719     34      509
  SINCE JUL 1   4255                      5028   -773     3966

 COOLING
  YESTERDAY        0                         0      0        0
  MONTH TO DATE    0                         0      0        2
  SINCE MAR 1      0                         0      0        2
  SINCE JAN 1      0                         0      0        2
..................................................................


WIND (MPH)
  HIGHEST WIND SPEED    10   HIGHEST WIND DIRECTION     E (90)
  HIGHEST GUST SPEED    13   HIGHEST GUST DIRECTION     E (80)
  AVERAGE WIND SPEED     3.7


SKY COVER
  POSSIBLE SUNSHINE  MM
  AVERAGE SKY COVER 0.8


WEATHER CONDITIONS
 THE FOLLOWING WEATHER WAS RECORDED YESTERDAY.
  RAIN
  LIGHT RAIN
  FOG
  HAZE


RELATIVE HUMIDITY (PERCENT)
 HIGHEST    92          1200 AM
 LOWEST     72           400 PM
 AVERAGE    82

..........................................................


THE ALLENTOWN PA CLIMATE NORMALS FOR TODAY
                         NORMAL    RECORD    YEAR
 MAXIMUM TEMPERATURE (F)   54        85      1945
 MINIMUM TEMPERATURE (F)   33        11      1923


SUNRISE AND SUNSET
MARCH 28 2017.........SUNRISE   651 AM EDT   SUNSET   723 PM EDT
MARCH 29 2017.........SUNRISE   650 AM EDT   SUNSET   724 PM EDT


-  INDICATES NEGATIVE NUMBERS.
R  INDICATES RECORD WAS SET OR TIED.
MM INDICATES DATA IS MISSING.
T  INDICATES TRACE AMOUNT.




$$
