000
CDUS44 KSJT 180804
CLIABI


CLIMATE REPORT
NATIONAL WEATHER SERVICE SAN ANGELO TX
304 AM CDT WED OCT 18 2017


...................................

...THE ABILENE CLIMATE SUMMARY FOR OCTOBER 17 2017...

CLIMATE NORMAL PERIOD 1981 TO 2010
CLIMATE RECORD PERIOD 1886 TO 2017


WEATHER ITEM   OBSERVED TIME   RECORD YEAR NORMAL DEPARTURE LAST
                VALUE   (LST)  VALUE       VALUE  FROM      YEAR
                                                  NORMAL
..................................................................
TEMPERATURE (F)
 YESTERDAY
  MAXIMUM         78    353 PM  95    2011  77      1       93
  MINIMUM         42    655 AM  39    1922  54    -12       69
  AVERAGE         60                        66     -6       81

PRECIPITATION (IN)
  YESTERDAY        0.00          3.42 2000   0.11  -0.11     0.00
  MONTH TO DATE    0.02                      1.65  -1.63     0.40
  SINCE SEP 1      4.45                      3.89   0.56     5.99
  SINCE JAN 1     18.90                     20.85  -1.95    33.10

SNOWFALL (IN)
  YESTERDAY        0.0           0.0  2002   0.0    0.0      0.0
  MONTH TO DATE    0.0                       0.0    0.0      0.0
  SINCE NOV 1      T                         4.7   -4.7      5.1
  SINCE JUL 1      0.0                       0.0    0.0      0.0

DEGREE DAYS
 HEATING
  YESTERDAY        5                         3      2        0
  MONTH TO DATE   34                        33      1        9
  SINCE SEP 1     40                        44     -4       10
  SINCE JUL 1     40                        44     -4       10

 COOLING
  YESTERDAY        0                         3     -3       16
  MONTH TO DATE  112                        83     29      133
  SINCE SEP 1    445                       409     36      483
  SINCE JAN 1   2361                      2354      7     2482
..................................................................


WIND (MPH)
  HIGHEST WIND SPEED    15   HIGHEST WIND DIRECTION     S (200)
  HIGHEST GUST SPEED    19   HIGHEST GUST DIRECTION     S (190)
  AVERAGE WIND SPEED     9.8


SKY COVER
  POSSIBLE SUNSHINE  MM
  AVERAGE SKY COVER 0.0


WEATHER CONDITIONS
 THE FOLLOWING WEATHER WAS RECORDED YESTERDAY.
  NO SIGNIFICANT WEATHER WAS OBSERVED.


RELATIVE HUMIDITY (PERCENT)
 HIGHEST    82           400 AM
 LOWEST     21           400 PM
 AVERAGE    52

..........................................................


THE ABILENE CLIMATE NORMALS FOR TODAY
                         NORMAL    RECORD    YEAR
 MAXIMUM TEMPERATURE (F)   77        91      1921
 MINIMUM TEMPERATURE (F)   54        32      1948


SUNRISE AND SUNSET
OCTOBER 18 2017.......SUNRISE   745 AM CDT   SUNSET   702 PM CDT
OCTOBER 19 2017.......SUNRISE   746 AM CDT   SUNSET   701 PM CDT


-  INDICATES NEGATIVE NUMBERS.
R  INDICATES RECORD WAS SET OR TIED.
MM INDICATES DATA IS MISSING.
T  INDICATES TRACE AMOUNT.




$$
