000
CDUS44 KSJT 270700
CLIABI


CLIMATE REPORT
NATIONAL WEATHER SERVICE SAN ANGELO TX
200 AM CDT SAT AUG 27 2016


...................................

...THE ABILENE CLIMATE SUMMARY FOR AUGUST 26 2016...

CLIMATE NORMAL PERIOD 1981 TO 2010
CLIMATE RECORD PERIOD 1886 TO 2016


WEATHER ITEM   OBSERVED TIME   RECORD YEAR NORMAL DEPARTURE LAST
                VALUE   (LST)  VALUE       VALUE  FROM      YEAR
                                                  NORMAL
..................................................................
TEMPERATURE (F)
 YESTERDAY
  MAXIMUM         92    404 PM 104    1952  93     -1       96
  MINIMUM         70    720 AM  54    1926  70      0       66
  AVERAGE         81                        82     -1       81

PRECIPITATION (IN)
  YESTERDAY        0.06          2.28 1914   0.09  -0.03     0.00
  MONTH TO DATE    4.33                      2.14   2.19     0.62
  SINCE JUN 1      8.10                      7.57   0.53    12.54
  SINCE JAN 1     25.90                     16.51   9.39    25.17

DEGREE DAYS
 HEATING
  YESTERDAY        0                         0      0        0
  MONTH TO DATE    0                         0      0        0
  SINCE JUN 1      0                         1     -1        0
  SINCE JUL 1      0                         0      0        0

 COOLING
  YESTERDAY       16                        17     -1       16
  MONTH TO DATE  486                       474     12      535
  SINCE JUN 1   1617                      1470    147     1607
  SINCE JAN 1   1926                      1867     59     1996
..................................................................


WIND (MPH)
  HIGHEST WIND SPEED    16   HIGHEST WIND DIRECTION     W (270)
  HIGHEST GUST SPEED    20   HIGHEST GUST DIRECTION     W (270)
  AVERAGE WIND SPEED     5.7


SKY COVER
  POSSIBLE SUNSHINE  MM
  AVERAGE SKY COVER 0.2


WEATHER CONDITIONS
 THE FOLLOWING WEATHER WAS RECORDED YESTERDAY.
  THUNDERSTORM
  RAIN
  LIGHT RAIN
  HAZE


RELATIVE HUMIDITY (PERCENT)
 HIGHEST    90           700 AM
 LOWEST     38           400 PM
 AVERAGE    64

..........................................................


THE ABILENE CLIMATE NORMALS FOR TODAY
                         NORMAL    RECORD    YEAR
 MAXIMUM TEMPERATURE (F)   93       104      2011
 MINIMUM TEMPERATURE (F)   70        59      1906


SUNRISE AND SUNSET
AUGUST 27 2016........SUNRISE   711 AM CDT   SUNSET   809 PM CDT
AUGUST 28 2016........SUNRISE   712 AM CDT   SUNSET   807 PM CDT


-  INDICATES NEGATIVE NUMBERS.
R  INDICATES RECORD WAS SET OR TIED.
MM INDICATES DATA IS MISSING.
T  INDICATES TRACE AMOUNT.




$$
