000
CDUS44 KSJT 110755
CLIABI


CLIMATE REPORT
NATIONAL WEATHER SERVICE SAN ANGELO TX
154 AM CST MON DEC 11 2017


...................................

...THE ABILENE CLIMATE SUMMARY FOR DECEMBER 10 2017...

CLIMATE NORMAL PERIOD 1981 TO 2010
CLIMATE RECORD PERIOD 1886 TO 2017


WEATHER ITEM   OBSERVED TIME   RECORD YEAR NORMAL DEPARTURE LAST
                VALUE   (LST)  VALUE       VALUE  FROM      YEAR
                                                  NORMAL
..................................................................
TEMPERATURE (F)
 YESTERDAY
  MAXIMUM         71    323 PM  82    1939  57     14       59
  MINIMUM         29    535 AM   1    1898  34     -5       33
  AVERAGE         50                        46      4       46

PRECIPITATION (IN)
  YESTERDAY        0.00          1.83 1946   0.04  -0.04     0.00
  MONTH TO DATE    T                         0.40  -0.40     1.39
  SINCE DEC 1      T                         0.40  -0.40     1.39
  SINCE JAN 1     19.89                     23.99  -4.10    37.00

SNOWFALL (IN)
  YESTERDAY        0.0           2.0  1967   0.1   -0.1      0.0
  MONTH TO DATE    0.0                       0.3   -0.3       T
  SINCE NOV 1      0.0                       1.0   -1.0       T
  SINCE JUL 1      T                         1.0   -1.0       T

DEGREE DAYS
 HEATING
  YESTERDAY       15                        19     -4       19
  MONTH TO DATE  148                       180    -32      214
  SINCE DEC 1    148                       180    -32      214
  SINCE JUL 1    543                       613    -70      405

 COOLING
  YESTERDAY        0                         0      0        0
  MONTH TO DATE    1                         0      1        0
  SINCE DEC 1      1                         0      1        0
  SINCE JAN 1   2425                      2408     17     2601
..................................................................


WIND (MPH)
  HIGHEST WIND SPEED    13   HIGHEST WIND DIRECTION    NW (300)
  HIGHEST GUST SPEED    16   HIGHEST GUST DIRECTION     W (280)
  AVERAGE WIND SPEED     6.1


SKY COVER
  POSSIBLE SUNSHINE  MM
  AVERAGE SKY COVER 0.0


WEATHER CONDITIONS
 THE FOLLOWING WEATHER WAS RECORDED YESTERDAY.
  NO SIGNIFICANT WEATHER WAS OBSERVED.


RELATIVE HUMIDITY (PERCENT)
 HIGHEST    69           400 AM
 LOWEST     10           300 PM
 AVERAGE    40

..........................................................


THE ABILENE CLIMATE NORMALS FOR TODAY
                         NORMAL    RECORD    YEAR
 MAXIMUM TEMPERATURE (F)   57        83      2015
                                             1939
 MINIMUM TEMPERATURE (F)   34        18      1932


SUNRISE AND SUNSET
DECEMBER 11 2017......SUNRISE   730 AM CST   SUNSET   534 PM CST
DECEMBER 12 2017......SUNRISE   731 AM CST   SUNSET   534 PM CST


-  INDICATES NEGATIVE NUMBERS.
R  INDICATES RECORD WAS SET OR TIED.
MM INDICATES DATA IS MISSING.
T  INDICATES TRACE AMOUNT.




$$
