000
CDUS44 KSJT 300654
CLIABI


CLIMATE REPORT
NATIONAL WEATHER SERVICE SAN ANGELO TX
153 AM CDT SAT JUL 30 2016


...................................

...THE ABILENE CLIMATE SUMMARY FOR JULY 29 2016...

CLIMATE NORMAL PERIOD 1981 TO 2010
CLIMATE RECORD PERIOD 1886 TO 2016


WEATHER ITEM   OBSERVED TIME   RECORD YEAR NORMAL DEPARTURE LAST
                VALUE   (LST)  VALUE       VALUE  FROM      YEAR
                                                  NORMAL
..................................................................
TEMPERATURE (F)
 YESTERDAY
  MAXIMUM         93    121 PM 103    1966  95     -2      101
                                      1960
                                      1957
  MINIMUM         74    618 AM  66    1892  73      1       76
  AVERAGE         84                        84      0       89

PRECIPITATION (IN)
  YESTERDAY        0.17          2.30 1964   0.06   0.11     0.00
  MONTH TO DATE    0.64                      1.75  -1.11     8.26
  SINCE JUN 1      3.77                      5.31  -1.54    11.88
  SINCE JAN 1     21.57                     14.25   7.32    24.51

DEGREE DAYS
 HEATING
  YESTERDAY        0                         0      0        0
  MONTH TO DATE    0                         0      0        0
  SINCE JUN 1      0                         1     -1        0
  SINCE JUL 1      0                         0      0        0

 COOLING
  YESTERDAY       19                        19      0       24
  MONTH TO DATE  634                       524    110      559
  SINCE JUN 1   1087                       959    128     1025
  SINCE JAN 1   1396                      1356     40     1414
..................................................................


WIND (MPH)
  HIGHEST WIND SPEED    29   HIGHEST WIND DIRECTION     E (110)
  HIGHEST GUST SPEED    32   HIGHEST GUST DIRECTION     E (110)
  AVERAGE WIND SPEED     8.1


SKY COVER
  POSSIBLE SUNSHINE  MM
  AVERAGE SKY COVER 0.2


WEATHER CONDITIONS
 THE FOLLOWING WEATHER WAS RECORDED YESTERDAY.
  RAIN


RELATIVE HUMIDITY (PERCENT)
 HIGHEST    74           500 AM
 LOWEST     41          1200 PM
 AVERAGE    58

..........................................................


THE ABILENE CLIMATE NORMALS FOR TODAY
                         NORMAL    RECORD    YEAR
 MAXIMUM TEMPERATURE (F)   95       106      1912
 MINIMUM TEMPERATURE (F)   73        63      1972
                                             1971


SUNRISE AND SUNSET
JULY 30 2016..........SUNRISE   652 AM CDT   SUNSET   838 PM CDT
JULY 31 2016..........SUNRISE   653 AM CDT   SUNSET   837 PM CDT


-  INDICATES NEGATIVE NUMBERS.
R  INDICATES RECORD WAS SET OR TIED.
MM INDICATES DATA IS MISSING.
T  INDICATES TRACE AMOUNT.




$$
