000
CDUS44 KSJT 240658
CLIABI


CLIMATE REPORT
NATIONAL WEATHER SERVICE SAN ANGELO TX
158 AM CDT FRI OCT 24 2014


...................................

...THE ABILENE CLIMATE SUMMARY FOR OCTOBER 23 2014...

CLIMATE NORMAL PERIOD 1981 TO 2010
CLIMATE RECORD PERIOD 1886 TO 2014


WEATHER ITEM   OBSERVED TIME   RECORD YEAR NORMAL DEPARTURE LAST
                VALUE   (LST)  VALUE       VALUE  FROM      YEAR
                                                  NORMAL
..................................................................
TEMPERATURE (F)
 YESTERDAY
  MAXIMUM         83    358 PM  90    1989  75      8       80
  MINIMUM         59    106 AM  33    2008  52      7       51
                                      1917
  AVERAGE         71                        64      7       66

PRECIPITATION (IN)
  YESTERDAY        0.00          1.56 1920   0.10  -0.10     0.00
  MONTH TO DATE    0.78                      2.28  -1.50     1.40
  SINCE SEP 1      1.55                      4.52  -2.97     4.58
  SINCE JAN 1     12.05                     21.48  -9.43    20.91

SNOWFALL (IN)
  YESTERDAY        0.0           0.0  2002   0.0    0.0      0.0
  MONTH TO DATE    0.0                       0.0    0.0      0.0
  SINCE NOV 1      3.1                       4.7   -1.6      1.1
  SINCE JUL 1      0.0                       0.0    0.0      0.0

DEGREE DAYS
 HEATING
  YESTERDAY        0                         4     -4        0
  MONTH TO DATE   14                        53    -39       70
  SINCE SEP 1     19                        64    -45       70
  SINCE JUL 1     19                        64    -45       70

 COOLING
  YESTERDAY        6                         3      3        1
  MONTH TO DATE  176                       101     75      113
  SINCE SEP 1    574                       427    147      528
  SINCE JAN 1   2758                      2372    386     2682
..................................................................


WIND (MPH)
  HIGHEST WIND SPEED    15   HIGHEST WIND DIRECTION     S (190)
  HIGHEST GUST SPEED    23   HIGHEST GUST DIRECTION     S (180)
  AVERAGE WIND SPEED     7.3


SKY COVER
  POSSIBLE SUNSHINE  MM
  AVERAGE SKY COVER 0.4


WEATHER CONDITIONS
 THE FOLLOWING WEATHER WAS RECORDED YESTERDAY.
  NO SIGNIFICANT WEATHER WAS OBSERVED.


RELATIVE HUMIDITY (PERCENT)
 HIGHEST    84          1200 AM
 LOWEST     43           400 PM
 AVERAGE    64

..........................................................


THE ABILENE CLIMATE NORMALS FOR TODAY
                         NORMAL    RECORD    YEAR
 MAXIMUM TEMPERATURE (F)   75        92      1933
 MINIMUM TEMPERATURE (F)   52        32      1929


SUNRISE AND SUNSET
OCTOBER 24 2014.......SUNRISE   749 AM CDT   SUNSET   656 PM CDT
OCTOBER 25 2014.......SUNRISE   750 AM CDT   SUNSET   655 PM CDT


-  INDICATES NEGATIVE NUMBERS.
R  INDICATES RECORD WAS SET OR TIED.
MM INDICATES DATA IS MISSING.
T  INDICATES TRACE AMOUNT.




$$
