000
CDUS44 KSJT 300658
CLIABI


CLIMATE REPORT
NATIONAL WEATHER SERVICE SAN ANGELO TX
158 AM CDT SUN AUG 30 2015


...................................

...THE ABILENE CLIMATE SUMMARY FOR AUGUST 29 2015...

CLIMATE NORMAL PERIOD 1981 TO 2010
CLIMATE RECORD PERIOD 1886 TO 2015


WEATHER ITEM   OBSERVED TIME   RECORD YEAR NORMAL DEPARTURE LAST
                VALUE   (LST)  VALUE       VALUE  FROM      YEAR
                                                  NORMAL
..................................................................
TEMPERATURE (F)
 YESTERDAY
  MAXIMUM         90    131 PM 104    2011  92     -2       91
  MINIMUM         71   1150 PM  58    1917  70      1       69
  AVERAGE         81                        81      0       80

PRECIPITATION (IN)
  YESTERDAY        T             1.25 1892   0.08  -0.08     0.07
  MONTH TO DATE    0.62                      2.40  -1.78     0.30
  SINCE JUN 1     12.54                      7.83   4.71     6.51
  SINCE JAN 1     25.17                     16.77   8.40    10.50

DEGREE DAYS
 HEATING
  YESTERDAY        0                         0      0        0
  MONTH TO DATE    0                         0      0        0
  SINCE JUN 1      0                         1     -1        0
  SINCE JUL 1      0                         0      0        0

 COOLING
  YESTERDAY       16                        16      0       15
  MONTH TO DATE  591                       522     69      580
  SINCE JUN 1   1663                      1518    145     1628
  SINCE JAN 1   2052                      1915    137     2142
..................................................................


WIND (MPH)
  HIGHEST WIND SPEED    17   HIGHEST WIND DIRECTION    SW (230)
  HIGHEST GUST SPEED    21   HIGHEST GUST DIRECTION    SW (230)
  AVERAGE WIND SPEED     8.9


SKY COVER
  POSSIBLE SUNSHINE  MM
  AVERAGE SKY COVER 0.3


WEATHER CONDITIONS
 THE FOLLOWING WEATHER WAS RECORDED YESTERDAY.
  LIGHT RAIN


RELATIVE HUMIDITY (PERCENT)
 HIGHEST    79           900 PM
 LOWEST     36           200 PM
 AVERAGE    58

..........................................................


THE ABILENE CLIMATE NORMALS FOR TODAY
                         NORMAL    RECORD    YEAR
 MAXIMUM TEMPERATURE (F)   92       105      1959
                                             1956
                                             1943
 MINIMUM TEMPERATURE (F)   70        53      1917
                                             1915


SUNRISE AND SUNSET
AUGUST 30 2015........SUNRISE   712 AM CDT   SUNSET   806 PM CDT
AUGUST 31 2015........SUNRISE   713 AM CDT   SUNSET   805 PM CDT


-  INDICATES NEGATIVE NUMBERS.
R  INDICATES RECORD WAS SET OR TIED.
MM INDICATES DATA IS MISSING.
T  INDICATES TRACE AMOUNT.




$$
