000
CDUS44 KSJT 282227
CLIABI


CLIMATE REPORT
NATIONAL WEATHER SERVICE SAN ANGELO TX
526 PM CDT WED JUN 28 2017


...................................

...THE ABILENE CLIMATE SUMMARY FOR JUNE 28 2017...
VALID TODAY AS OF 0500 PM LOCAL TIME.

CLIMATE NORMAL PERIOD 1981 TO 2010
CLIMATE RECORD PERIOD 1886 TO 2017


WEATHER ITEM   OBSERVED TIME   RECORD YEAR NORMAL DEPARTURE LAST
                VALUE   (LST)  VALUE       VALUE  FROM      YEAR
                                                  NORMAL
..................................................................
TEMPERATURE (F)
 TODAY
  MAXIMUM         91    359 PM 109    1980  92     -1       94
  MINIMUM         69    553 AM  56    1985  71     -2       70
  AVERAGE         80                        82     -2       82

PRECIPITATION (IN)
  TODAY            0.00          1.42 1932   0.09  -0.09     0.64
  MONTH TO DATE    1.67                      3.40  -1.73     3.13
  SINCE JUN 1      1.67                      3.40  -1.73     3.13
  SINCE JAN 1      9.54                     12.34  -2.80    20.93

DEGREE DAYS
 HEATING
  TODAY            0                         0      0        0
  MONTH TO DATE    0                         0      0        0
  SINCE JUN 1      0                         0      0        0
  SINCE JUL 1   1826                      2558   -732     2058

 COOLING
  TODAY           15                        16     -1       17
  MONTH TO DATE  402                       401      1      420
  SINCE JUN 1    402                       401      1      420
  SINCE JAN 1    821                       798     23      729
..................................................................


WIND (MPH)
  HIGHEST WIND SPEED    25   HIGHEST WIND DIRECTION     S (160)
  HIGHEST GUST SPEED    33   HIGHEST GUST DIRECTION    SE (150)
  AVERAGE WIND SPEED    14.1


SKY COVER
  POSSIBLE SUNSHINE  MM
  AVERAGE SKY COVER 0.0


WEATHER CONDITIONS
 THE FOLLOWING WEATHER WAS RECORDED TODAY.
  NO SIGNIFICANT WEATHER WAS OBSERVED.


RELATIVE HUMIDITY (PERCENT)
 HIGHEST    90           400 AM
 LOWEST     38           300 PM
 AVERAGE    64

..........................................................


THE ABILENE CLIMATE NORMALS FOR TOMORROW
                         NORMAL    RECORD    YEAR
 MAXIMUM TEMPERATURE (F)   93       108      1907
 MINIMUM TEMPERATURE (F)   71        59      1985


SUNRISE AND SUNSET
JUNE 28 2017..........SUNRISE   634 AM CDT   SUNSET   850 PM CDT
JUNE 29 2017..........SUNRISE   635 AM CDT   SUNSET   850 PM CDT


-  INDICATES NEGATIVE NUMBERS.
R  INDICATES RECORD WAS SET OR TIED.
MM INDICATES DATA IS MISSING.
T  INDICATES TRACE AMOUNT.




$$
