000
CDUS44 KSJT 272327
CLIABI


CLIMATE REPORT
NATIONAL WEATHER SERVICE SAN ANGELO TX
526 PM CST MON FEB 27 2017


...................................

...THE ABILENE CLIMATE SUMMARY FOR FEBRUARY 27 2017...
VALID TODAY AS OF 0500 PM LOCAL TIME.

CLIMATE NORMAL PERIOD 1981 TO 2010
CLIMATE RECORD PERIOD 1886 TO 2017


WEATHER ITEM   OBSERVED TIME   RECORD YEAR NORMAL DEPARTURE LAST
                VALUE   (LST)  VALUE       VALUE  FROM      YEAR
                                                  NORMAL
..................................................................
TEMPERATURE (F)
 TODAY
  MAXIMUM         78    348 PM  89    2011  63     15       72
  MINIMUM         46    157 AM  16    2002  40      6       43
  AVERAGE         62                        52     10       58

PRECIPITATION (IN)
  TODAY            0.00          1.80 1944   0.06  -0.06     0.00
  MONTH TO DATE    1.45                      1.31   0.14     0.68
  SINCE DEC 1      4.77                      3.56   1.21     2.92
  SINCE JAN 1      3.38                      2.33   1.05     0.72

SNOWFALL (IN)
  TODAY            0.0           T    1962   0.0    0.0      0.0
                                      2001
  MONTH TO DATE    0.0                       0.8   -0.8      0.0
  SINCE NOV 1      T                         4.1   -4.1      5.1
  SINCE JUL 1      T                         4.1   -4.1      5.1

DEGREE DAYS
 HEATING
  TODAY            3                        14    -11        7
  MONTH TO DATE  276                       451   -175      340
  SINCE DEC 1   1390                      1687   -297     1404
  SINCE JUL 1   1581                      2120   -539     1747

 COOLING
  TODAY            0                         0      0        0
  MONTH TO DATE   24                         0     24       14
  SINCE DEC 1     27                         2     25       14
  SINCE JAN 1     27                         1     26       14
..................................................................


WIND (MPH)
  HIGHEST WIND SPEED    22   HIGHEST WIND DIRECTION    SW (210)
  HIGHEST GUST SPEED    28   HIGHEST GUST DIRECTION    SW (210)
  AVERAGE WIND SPEED    10.8


SKY COVER
  POSSIBLE SUNSHINE  MM
  AVERAGE SKY COVER 0.3


WEATHER CONDITIONS
 THE FOLLOWING WEATHER WAS RECORDED TODAY.
  FOG


RELATIVE HUMIDITY (PERCENT)
 HIGHEST   100           400 AM
 LOWEST     33           400 PM
 AVERAGE    67

..........................................................


THE ABILENE CLIMATE NORMALS FOR TOMORROW
                         NORMAL    RECORD    YEAR
 MAXIMUM TEMPERATURE (F)   64        88      2006
                                             1904
 MINIMUM TEMPERATURE (F)   40        10      1922


SUNRISE AND SUNSET
FEBRUARY 27 2017......SUNRISE   708 AM CST   SUNSET   635 PM CST
FEBRUARY 28 2017......SUNRISE   707 AM CST   SUNSET   636 PM CST


-  INDICATES NEGATIVE NUMBERS.
R  INDICATES RECORD WAS SET OR TIED.
MM INDICATES DATA IS MISSING.
T  INDICATES TRACE AMOUNT.




$$
