000
CDUS44 KSJT 200752
CLIABI


CLIMATE REPORT
NATIONAL WEATHER SERVICE SAN ANGELO TX
252 AM CDT SUN AUG 20 2017


...................................

...THE ABILENE CLIMATE SUMMARY FOR AUGUST 19 2017...

CLIMATE NORMAL PERIOD 1981 TO 2010
CLIMATE RECORD PERIOD 1886 TO 2017


WEATHER ITEM   OBSERVED TIME   RECORD YEAR NORMAL DEPARTURE LAST
                VALUE   (LST)  VALUE       VALUE  FROM      YEAR
                                                  NORMAL
..................................................................
TEMPERATURE (F)
 YESTERDAY
  MAXIMUM         97    238 PM 105    1986  94      3       87
                                      1930
  MINIMUM         73   1159 PM  60    2015  72      1       73
                                      1950
  AVERAGE         85                        83      2       80

PRECIPITATION (IN)
  YESTERDAY        0.03          1.75 1910   0.08  -0.05      T
  MONTH TO DATE    3.39                      1.53   1.86     0.76
  SINCE JUN 1      6.11                      6.96  -0.85     4.53
  SINCE JAN 1     13.98                     15.90  -1.92    22.33

DEGREE DAYS
 HEATING
  YESTERDAY        0                         0      0        0
  MONTH TO DATE    0                         0      0        0
  SINCE JUN 1      0                         1     -1        0
  SINCE JUL 1      0                         0      0        0

 COOLING
  YESTERDAY       20                        18      2       15
  MONTH TO DATE  313                       354    -41      386
  SINCE JUN 1   1348                      1350     -2     1517
  SINCE JAN 1   1767                      1747     20     1826
..................................................................


WIND (MPH)
  HIGHEST WIND SPEED    26   HIGHEST WIND DIRECTION     S (160)
  HIGHEST GUST SPEED    32   HIGHEST GUST DIRECTION     S (160)
  AVERAGE WIND SPEED     6.9


SKY COVER
  POSSIBLE SUNSHINE  MM
  AVERAGE SKY COVER 0.2


WEATHER CONDITIONS
 THE FOLLOWING WEATHER WAS RECORDED YESTERDAY.
  THUNDERSTORM
  LIGHT RAIN


RELATIVE HUMIDITY (PERCENT)
 HIGHEST    93           200 AM
 LOWEST     41           300 PM
 AVERAGE    67

..........................................................


THE ABILENE CLIMATE NORMALS FOR TODAY
                         NORMAL    RECORD    YEAR
 MAXIMUM TEMPERATURE (F)   94       106      1943
 MINIMUM TEMPERATURE (F)   72        57      1940


SUNRISE AND SUNSET
AUGUST 20 2017........SUNRISE   706 AM CDT   SUNSET   817 PM CDT
AUGUST 21 2017........SUNRISE   707 AM CDT   SUNSET   816 PM CDT


-  INDICATES NEGATIVE NUMBERS.
R  INDICATES RECORD WAS SET OR TIED.
MM INDICATES DATA IS MISSING.
T  INDICATES TRACE AMOUNT.




$$
