000
CDUS44 KSJT 230700
CLIABI


CLIMATE REPORT
NATIONAL WEATHER SERVICE SAN ANGELO TX
159 AM CDT SAT AUG 23 2014


...................................

...THE ABILENE CLIMATE SUMMARY FOR AUGUST 22 2014...

CLIMATE NORMAL PERIOD 1981 TO 2010
CLIMATE RECORD PERIOD 1886 TO 2014


WEATHER ITEM   OBSERVED TIME   RECORD YEAR NORMAL DEPARTURE LAST
                VALUE   (LST)  VALUE       VALUE  FROM      YEAR
                                                  NORMAL
..................................................................
TEMPERATURE (F)
 YESTERDAY
  MAXIMUM        100    333 PM 104    1917  94      6       96
  MINIMUM         78    719 AM  58    1891  71      7       73
  AVERAGE         89                        82      7       85

PRECIPITATION (IN)
  YESTERDAY        0.00          2.51 1941   0.08  -0.08     0.00
  MONTH TO DATE    0.07                      1.79  -1.72     0.45
  SINCE JUN 1      6.28                      7.22  -0.94    10.02
  SINCE JAN 1     10.27                     16.16  -5.89    16.24

DEGREE DAYS
 HEATING
  YESTERDAY        0                         0      0        0
  MONTH TO DATE    0                         0      0        0
  SINCE JUN 1      0                         1     -1        0
  SINCE JUL 1      0                         0      0        0

 COOLING
  YESTERDAY       24                        17      7       20
  MONTH TO DATE  434                       406     28      438
  SINCE JUN 1   1482                      1402     80     1503
  SINCE JAN 1   1996                      1799    197     1984
..................................................................


WIND (MPH)
  HIGHEST WIND SPEED    24   HIGHEST WIND DIRECTION    SW (210)
  HIGHEST GUST SPEED    34   HIGHEST GUST DIRECTION    SW (210)
  AVERAGE WIND SPEED    15.1


SKY COVER
  POSSIBLE SUNSHINE  MM
  AVERAGE SKY COVER 0.0


WEATHER CONDITIONS
 THE FOLLOWING WEATHER WAS RECORDED YESTERDAY.
  NO SIGNIFICANT WEATHER WAS OBSERVED.


RELATIVE HUMIDITY (PERCENT)
 HIGHEST    74           500 AM
 LOWEST     18           500 PM
 AVERAGE    46

..........................................................


THE ABILENE CLIMATE NORMALS FOR TODAY
                         NORMAL    RECORD    YEAR
 MAXIMUM TEMPERATURE (F)   93       104      2010
                                             1943
 MINIMUM TEMPERATURE (F)   71        55      1891


SUNRISE AND SUNSET
AUGUST 23 2014........SUNRISE   708 AM CDT   SUNSET   814 PM CDT
AUGUST 24 2014........SUNRISE   709 AM CDT   SUNSET   813 PM CDT


-  INDICATES NEGATIVE NUMBERS.
R  INDICATES RECORD WAS SET OR TIED.
MM INDICATES DATA IS MISSING.
T  INDICATES TRACE AMOUNT.




$$
