000
CDUS44 KSJT 302229
CLIABI


CLIMATE REPORT
NATIONAL WEATHER SERVICE SAN ANGELO TX
528 PM CDT TUE SEP 30 2014


...................................

...THE ABILENE CLIMATE SUMMARY FOR SEPTEMBER 30 2014...
VALID TODAY AS OF 0500 PM LOCAL TIME.

CLIMATE NORMAL PERIOD 1981 TO 2010
CLIMATE RECORD PERIOD 1886 TO 2014


WEATHER ITEM   OBSERVED TIME   RECORD YEAR NORMAL DEPARTURE LAST
                VALUE   (LST)  VALUE       VALUE  FROM      YEAR
                                                  NORMAL
..................................................................
TEMPERATURE (F)
 TODAY
  MAXIMUM         92    408 PM 103    1977  82     10       87
  MINIMUM         65    638 AM  40    1984  59      6       57
  AVERAGE         79                        71      8       72

PRECIPITATION (IN)
  TODAY            0.00          2.57 1903   0.07  -0.07     0.00
  MONTH TO DATE    0.77                      2.24  -1.47     3.18
  SINCE SEP 1      0.77                      2.24  -1.47     3.18
  SINCE JAN 1     11.27                     19.20  -7.93    19.51

DEGREE DAYS
 HEATING
  TODAY            0                         1     -1        0
  MONTH TO DATE    5                        11     -6        0
  SINCE SEP 1      5                        11     -6        0
  SINCE JUL 1      5                        11     -6        0

 COOLING
  TODAY           14                         7      7        7
  MONTH TO DATE  398                       326     72      415
  SINCE SEP 1    398                       326     72      415
  SINCE JAN 1   2582                      2271    311     2569
..................................................................


WIND (MPH)
  HIGHEST WIND SPEED    21   HIGHEST WIND DIRECTION    SE (150)
  HIGHEST GUST SPEED    27   HIGHEST GUST DIRECTION     S (170)
  AVERAGE WIND SPEED    10.7


SKY COVER
  POSSIBLE SUNSHINE  MM
  AVERAGE SKY COVER 0.0


WEATHER CONDITIONS
 THE FOLLOWING WEATHER WAS RECORDED TODAY.
  NO SIGNIFICANT WEATHER WAS OBSERVED.


RELATIVE HUMIDITY (PERCENT)
 HIGHEST    73           600 AM
 LOWEST     32           300 PM
 AVERAGE    53

..........................................................


THE ABILENE CLIMATE NORMALS FOR TOMORROW
                         NORMAL    RECORD    YEAR
 MAXIMUM TEMPERATURE (F)   82       103      1979
 MINIMUM TEMPERATURE (F)   59        42      1985


SUNRISE AND SUNSET
SEPTEMBER 30 2014.....SUNRISE   732 AM CDT   SUNSET   725 PM CDT
OCTOBER  1 2014.......SUNRISE   733 AM CDT   SUNSET   723 PM CDT


-  INDICATES NEGATIVE NUMBERS.
R  INDICATES RECORD WAS SET OR TIED.
MM INDICATES DATA IS MISSING.
T  INDICATES TRACE AMOUNT.


$$
