000
CDUS45 KABQ 220014
CLIABQ


CLIMATE REPORT
NATIONAL WEATHER SERVICE ALBUQUERQUE NM
514 PM MST TUE NOV 21 2017


...................................

...THE ALBUQUERQUE  NM CLIMATE SUMMARY FOR NOVEMBER 21 2017...
VALID TODAY AS OF 0500 PM LOCAL TIME.

CLIMATE NORMAL PERIOD 1981 TO 2010
CLIMATE RECORD PERIOD 1891 TO 2017


WEATHER ITEM   OBSERVED TIME   RECORD YEAR NORMAL DEPARTURE LAST
                VALUE   (LST)  VALUE       VALUE  FROM      YEAR
                                                  NORMAL
..................................................................
TEMPERATURE (F)
 TODAY
  MAXIMUM         65    358 PM  73    1915  53     12       60
  MINIMUM         43   1208 AM  14    1956  32     11       40
  AVERAGE         54                        42     12       50

PRECIPITATION (IN)
  TODAY            0.00          0.50 1905   0.02  -0.02
  MONTH TO DATE    0.00                      0.41  -0.41
  SINCE SEP 1      2.24                      2.51  -0.27
  SINCE JAN 1      7.67                      8.79  -1.12

SNOWFALL (IN)
  TODAY            0.0
  MONTH TO DATE    0.0
  SINCE SEP 1      0.0
  SINCE JUL 1      0.0
  SNOW DEPTH       0

DEGREE DAYS
 HEATING
  TODAY           11                        23    -12       15
  MONTH TO DATE  233                       383   -150      266
  SINCE SEP 1    445                       649   -204      352
  SINCE JUL 1    445                       649   -204      352

 COOLING
  TODAY            0                         0      0        0
  MONTH TO DATE    0                         0      0        0
  SINCE SEP 1    247                       165     82      213
  SINCE JAN 1   1557                      1322    235     1525
..................................................................


WIND (MPH)
  HIGHEST WIND SPEED    24   HIGHEST WIND DIRECTION    NW (330)
  HIGHEST GUST SPEED    32   HIGHEST GUST DIRECTION     N (340)
  AVERAGE WIND SPEED     9.5


SKY COVER
  POSSIBLE SUNSHINE  MM
  AVERAGE SKY COVER 0.7



RELATIVE HUMIDITY (PERCENT)
 HIGHEST    19           800 AM
 LOWEST     13           300 AM
 AVERAGE    16

..........................................................


THE ALBUQUERQUE  NM CLIMATE NORMALS FOR TOMORROW
                         NORMAL    RECORD    YEAR
 MAXIMUM TEMPERATURE (F)   53        78      1915
 MINIMUM TEMPERATURE (F)   32        15      1916
                                             1912


SUNRISE AND SUNSET
NOVEMBER 21 2017......SUNRISE   647 AM MST   SUNSET   457 PM MST
NOVEMBER 22 2017......SUNRISE   648 AM MST   SUNSET   457 PM MST


-  INDICATES NEGATIVE NUMBERS.
R  INDICATES RECORD WAS SET OR TIED.
MM INDICATES DATA IS MISSING.
T  INDICATES TRACE AMOUNT.




$$
