000
CDUS45 KABQ 310840
CLIABQ


CLIMATE REPORT
NATIONAL WEATHER SERVICE ALBUQUERQUE NM
137 AM MST SAT JAN 31 2015


...................................

...THE ALBUQUERQUE  NM CLIMATE SUMMARY FOR JANUARY 30 2015...

CLIMATE NORMAL PERIOD 1981 TO 2010
CLIMATE RECORD PERIOD 1897 TO 2015


WEATHER ITEM   OBSERVED TIME   RECORD YEAR NORMAL DEPARTURE LAST
                VALUE   (LST)  VALUE       VALUE  FROM      YEAR
                                                  NORMAL
..................................................................
TEMPERATURE (F)
 YESTERDAY
  MAXIMUM         41   1215 AM  68    1911  49     -8       67
  MINIMUM         33   1116 AM   3    1949  27      6       31
  AVERAGE         37                        38     -1       49

PRECIPITATION (IN)
  YESTERDAY        0.14          0.75 1892   0.02   0.12
  MONTH TO DATE    0.56                      0.37   0.19
  SINCE DEC 1      1.70                      0.87   0.83
  SINCE JAN 1      0.56                      0.37   0.19

SNOWFALL (IN)
  YESTERDAY        0.7
  MONTH TO DATE    4.0
  SINCE DEC 1      5.2
  SINCE JUL 1      5.2
  SNOW DEPTH       0

DEGREE DAYS
 HEATING
  YESTERDAY       28                        27      1       16
  MONTH TO DATE  823                       858    -35      788
  SINCE DEC 1   1610                      1748   -138     1692
  SINCE JUL 1   2293                      2615   -322     2582

 COOLING
  YESTERDAY        0                         0      0        0
  MONTH TO DATE    0                         0      0        0
  SINCE DEC 1      0                         0      0        0
  SINCE JAN 1      0                         0      0        0
..................................................................


WIND (MPH)
  HIGHEST WIND SPEED    25   HIGHEST WIND DIRECTION     E (110)
  HIGHEST GUST SPEED    31   HIGHEST GUST DIRECTION     E (110)
  AVERAGE WIND SPEED    11.9


SKY COVER
  POSSIBLE SUNSHINE  MM
  AVERAGE SKY COVER 1.0


WEATHER CONDITIONS
 THE FOLLOWING WEATHER WAS RECORDED YESTERDAY.
  LIGHT RAIN
  LIGHT SNOW
  FOG


RELATIVE HUMIDITY (PERCENT)
 HIGHEST   100           200 PM
 LOWEST     39          1200 AM
 AVERAGE    70

..........................................................


THE ALBUQUERQUE  NM CLIMATE NORMALS FOR TODAY
                         NORMAL    RECORD    YEAR
 MAXIMUM TEMPERATURE (F)   49        72      1911
 MINIMUM TEMPERATURE (F)   28         5      1951


SUNRISE AND SUNSET
JANUARY 31 2015.......SUNRISE   706 AM MST   SUNSET   534 PM MST
FEBRUARY  1 2015......SUNRISE   705 AM MST   SUNSET   535 PM MST


-  INDICATES NEGATIVE NUMBERS.
R  INDICATES RECORD WAS SET OR TIED.
MM INDICATES DATA IS MISSING.
T  INDICATES TRACE AMOUNT.




$$
