851
CDUS45 KABQ 250834
CLIABQ


CLIMATE REPORT
NATIONAL WEATHER SERVICE ALBUQUERQUE NM
133 AM MST SAT FEB 25 2017


...................................

...THE ALBUQUERQUE  NM CLIMATE SUMMARY FOR FEBRUARY 24 2017...

CLIMATE NORMAL PERIOD 1981 TO 2010
CLIMATE RECORD PERIOD 1891 TO 2017


WEATHER ITEM   OBSERVED TIME   RECORD YEAR NORMAL DEPARTURE LAST
                VALUE   (LST)  VALUE       VALUE  FROM      YEAR
                                                  NORMAL
..................................................................
TEMPERATURE (F)
 YESTERDAY
  MAXIMUM         48    348 PM  79    1904  55     -7       53
  MINIMUM         30    701 AM  11    1909  32     -2       25
  AVERAGE         39                        44     -5       39

PRECIPITATION (IN)
  YESTERDAY        0.00          0.43 1930   0.02  -0.02
  MONTH TO DATE    0.35                      0.41  -0.06
  SINCE DEC 1      1.90                      1.29   0.61
  SINCE JAN 1      1.39                      0.79   0.60

SNOWFALL (IN)
  YESTERDAY        0.0
  MONTH TO DATE    1.6
  SINCE DEC 1      2.8
  SINCE JUL 1      2.9
  SNOW DEPTH       0

DEGREE DAYS
 HEATING
  YESTERDAY       26                        21      5       26
  MONTH TO DATE  432                       578   -146      487
  SINCE DEC 1   2018                      2353   -335     2216
  SINCE JUL 1   2595                      3220   -625     2933

 COOLING
  YESTERDAY        0                         0      0        0
  MONTH TO DATE    0                         0      0        0
  SINCE DEC 1      0                         0      0        0
  SINCE JAN 1      0                         0      0        0
..................................................................


WIND (MPH)
  HIGHEST WIND SPEED    29   HIGHEST WIND DIRECTION     W (280)
  HIGHEST GUST SPEED    36   HIGHEST GUST DIRECTION     W (250)
  AVERAGE WIND SPEED    12.4


SKY COVER
  POSSIBLE SUNSHINE  MM
  AVERAGE SKY COVER 0.2


WEATHER CONDITIONS
 THE FOLLOWING WEATHER WAS RECORDED YESTERDAY.
  NO SIGNIFICANT WEATHER WAS OBSERVED.


RELATIVE HUMIDITY (PERCENT)
 HIGHEST    58           700 AM
 LOWEST     12           300 PM
 AVERAGE    35

..........................................................


THE ALBUQUERQUE  NM CLIMATE NORMALS FOR TODAY
                         NORMAL    RECORD    YEAR
 MAXIMUM TEMPERATURE (F)   55        78      1904
 MINIMUM TEMPERATURE (F)   32        10      1912


SUNRISE AND SUNSET
FEBRUARY 25 2017......SUNRISE   640 AM MST   SUNSET   559 PM MST
FEBRUARY 26 2017......SUNRISE   639 AM MST   SUNSET   600 PM MST


-  INDICATES NEGATIVE NUMBERS.
R  INDICATES RECORD WAS SET OR TIED.
MM INDICATES DATA IS MISSING.
T  INDICATES TRACE AMOUNT.




$$
