000
CDUS45 KABQ 100828
CLIABQ


CLIMATE REPORT
NATIONAL WEATHER SERVICE ALBUQUERQUE NM
127 AM MST WED FEB 10 2016


...................................

...THE ALBUQUERQUE  NM CLIMATE SUMMARY FOR FEBRUARY 9 2016...

CLIMATE NORMAL PERIOD 1981 TO 2010
CLIMATE RECORD PERIOD 1891 TO 2016


WEATHER ITEM   OBSERVED TIME   RECORD YEAR NORMAL DEPARTURE LAST
                VALUE   (LST)  VALUE       VALUE  FROM      YEAR
                                                  NORMAL
..................................................................
TEMPERATURE (F)
 YESTERDAY
  MAXIMUM         61    430 PM  69    2015  51     10       69
                                      1976
  MINIMUM         29    458 AM   2    1929  29      0       37
  AVERAGE         45                        40      5       53

PRECIPITATION (IN)
  YESTERDAY        0.00          0.51 1981   0.02  -0.02
  MONTH TO DATE    0.03                      0.14  -0.11
  SINCE DEC 1      1.38                      1.02   0.36
  SINCE JAN 1      0.40                      0.52  -0.12

SNOWFALL (IN)
  YESTERDAY        0.0
  MONTH TO DATE    0.2
  SINCE DEC 1      9.6
  SINCE JUL 1      9.6
  SNOW DEPTH       0

DEGREE DAYS
 HEATING
  YESTERDAY       20                        25     -5       12
  MONTH TO DATE  259                       232     27      150
  SINCE DEC 1   1988                      2007    -19     1788
  SINCE JUL 1   2705                      2874   -169     2471

 COOLING
  YESTERDAY        0                         0      0        0
  MONTH TO DATE    0                         0      0        0
  SINCE DEC 1      0                         0      0        0
  SINCE JAN 1      0                         0      0        0
..................................................................


WIND (MPH)
  HIGHEST WIND SPEED    14   HIGHEST WIND DIRECTION     N (10)
  HIGHEST GUST SPEED    17   HIGHEST GUST DIRECTION     N (360)
  AVERAGE WIND SPEED     4.7


SKY COVER
  POSSIBLE SUNSHINE  MM
  AVERAGE SKY COVER 0.0


WEATHER CONDITIONS
 THE FOLLOWING WEATHER WAS RECORDED YESTERDAY.
  NO SIGNIFICANT WEATHER WAS OBSERVED.


RELATIVE HUMIDITY (PERCENT)
 HIGHEST    69           500 AM
 LOWEST     20           400 PM
 AVERAGE    45

..........................................................


THE ALBUQUERQUE  NM CLIMATE NORMALS FOR TODAY
                         NORMAL    RECORD    YEAR
 MAXIMUM TEMPERATURE (F)   51        72      1916
 MINIMUM TEMPERATURE (F)   29         5      1933


SUNRISE AND SUNSET
FEBRUARY 10 2016......SUNRISE   658 AM MST   SUNSET   544 PM MST
FEBRUARY 11 2016......SUNRISE   657 AM MST   SUNSET   545 PM MST


-  INDICATES NEGATIVE NUMBERS.
R  INDICATES RECORD WAS SET OR TIED.
MM INDICATES DATA IS MISSING.
T  INDICATES TRACE AMOUNT.




$$
