000
CDUS45 KABQ 230029
CLIABQ


CLIMATE REPORT
NATIONAL WEATHER SERVICE ALBUQUERQUE NM
529 PM MST MON DEC 22 2014


...................................

...THE ALBUQUERQUE  NM CLIMATE SUMMARY FOR DECEMBER 22 2014...
VALID TODAY AS OF 0500 PM LOCAL TIME.

CLIMATE NORMAL PERIOD 1981 TO 2010
CLIMATE RECORD PERIOD 1897 TO 2014


WEATHER ITEM   OBSERVED TIME   RECORD YEAR NORMAL DEPARTURE LAST
                VALUE   (LST)  VALUE       VALUE  FROM      YEAR
                                                  NORMAL
..................................................................
TEMPERATURE (F)
 TODAY
  MAXIMUM         61    149 PM  65    1969  45     16       41
  MINIMUM         32   1223 AM -10    1913  26      6       28
  AVERAGE         47                        35     12       35

PRECIPITATION (IN)
  TODAY            0.01          0.24 1965   0.01   0.00
  MONTH TO DATE    1.11                      0.36   0.75
  SINCE DEC 1      1.11                      0.36   0.75
  SINCE JAN 1      8.78                      9.31  -0.53

SNOWFALL (IN)
  TODAY           MM
  MONTH TO DATE    0.9
  SINCE DEC 1      0.9
  SINCE JUL 1      0.9
  SNOW DEPTH       0

DEGREE DAYS
 HEATING
  TODAY           18                        30    -12       30
  MONTH TO DATE  468                       621   -153      641
  SINCE DEC 1    468                       621   -153      641
  SINCE JUL 1   1151                      1488   -337     1531

 COOLING
  TODAY            0                         0      0        0
  MONTH TO DATE    0                         0      0        0
  SINCE DEC 1      0                         0      0        0
  SINCE JAN 1   1444                      1322    122     1565
..................................................................


WIND (MPH)
  HIGHEST WIND SPEED    47   HIGHEST WIND DIRECTION    NW (300)
  HIGHEST GUST SPEED    56   HIGHEST GUST DIRECTION     W (290)
  AVERAGE WIND SPEED    11.5


SKY COVER
  POSSIBLE SUNSHINE  MM
  AVERAGE SKY COVER 0.6



RELATIVE HUMIDITY (PERCENT)
 HIGHEST    82          1200 AM
 LOWEST     27           200 PM
 AVERAGE    55

..........................................................


THE ALBUQUERQUE  NM CLIMATE NORMALS FOR TOMORROW
                         NORMAL    RECORD    YEAR
 MAXIMUM TEMPERATURE (F)   45        72      1915
 MINIMUM TEMPERATURE (F)   26        -7      1990


SUNRISE AND SUNSET
DECEMBER 22 2014......SUNRISE   711 AM MST   SUNSET   459 PM MST
DECEMBER 23 2014......SUNRISE   712 AM MST   SUNSET   500 PM MST


-  INDICATES NEGATIVE NUMBERS.
R  INDICATES RECORD WAS SET OR TIED.
MM INDICATES DATA IS MISSING.
T  INDICATES TRACE AMOUNT.




$$
