000
CDUS45 KABQ 260844
CLIABQ


CLIMATE REPORT
NATIONAL WEATHER SERVICE ALBUQUERQUE NM
244 AM MDT FRI MAY 26 2017


...................................

...THE ALBUQUERQUE  NM CLIMATE SUMMARY FOR MAY 25 2017...

CLIMATE NORMAL PERIOD 1981 TO 2010
CLIMATE RECORD PERIOD 1891 TO 2017


WEATHER ITEM   OBSERVED TIME   RECORD YEAR NORMAL DEPARTURE LAST
                VALUE   (LST)  VALUE       VALUE  FROM      YEAR
                                                  NORMAL
..................................................................
TEMPERATURE (F)
 YESTERDAY
  MAXIMUM         86    401 PM  92    2013  82      4       80
                                      2006
                                      1984
  MINIMUM         67    452 AM  33    1980  55     12       51
  AVERAGE         77                        68      9       66

PRECIPITATION (IN)
  YESTERDAY        0.00          0.77 1994   0.02  -0.02
  MONTH TO DATE    0.16                      0.40  -0.24
  SINCE MAR 1      1.14                      1.58  -0.44
  SINCE JAN 1      2.53                      2.44   0.09

SNOWFALL (IN)
  YESTERDAY        0.0
  MONTH TO DATE    0.0
  SINCE MAR 1      0.7
  SINCE JUL 1      3.6
  SNOW DEPTH       0

DEGREE DAYS
 HEATING
  YESTERDAY        0                         1     -1        0
  MONTH TO DATE   72                        66      6       83
  SINCE MAR 1    618                       867   -249      767
  SINCE JUL 1   3300                      4170   -870     3777

 COOLING
  YESTERDAY       12                         5      7        1
  MONTH TO DATE   51                        60     -9       48
  SINCE MAR 1     56                        67    -11       53
  SINCE JAN 1     56                        67    -11       53
..................................................................


WIND (MPH)
  HIGHEST WIND SPEED    33   HIGHEST WIND DIRECTION     W (250)
  HIGHEST GUST SPEED    45   HIGHEST GUST DIRECTION    SW (230)
  AVERAGE WIND SPEED    15.3


SKY COVER
  POSSIBLE SUNSHINE  MM
  AVERAGE SKY COVER 0.7


WEATHER CONDITIONS
 THE FOLLOWING WEATHER WAS RECORDED YESTERDAY.
  NO SIGNIFICANT WEATHER WAS OBSERVED.


RELATIVE HUMIDITY (PERCENT)
 HIGHEST    18           500 AM
 LOWEST      4           300 PM
 AVERAGE    11

..........................................................


THE ALBUQUERQUE  NM CLIMATE NORMALS FOR TODAY
                         NORMAL    RECORD    YEAR
 MAXIMUM TEMPERATURE (F)   82        95      1951
 MINIMUM TEMPERATURE (F)   55        34      1917


SUNRISE AND SUNSET
MAY 26 2017...........SUNRISE   556 AM MDT   SUNSET   812 PM MDT
MAY 27 2017...........SUNRISE   555 AM MDT   SUNSET   812 PM MDT


-  INDICATES NEGATIVE NUMBERS.
R  INDICATES RECORD WAS SET OR TIED.
MM INDICATES DATA IS MISSING.
T  INDICATES TRACE AMOUNT.




$$
