000
CDUS43 KABR 171032
CLIABR


CLIMATE REPORT
NATIONAL WEATHER SERVICE ABERDEEN SD
432 AM CST WED JAN 17 2018


...................................

...THE ABERDEEN SD CLIMATE SUMMARY FOR JANUARY 16 2018...

CLIMATE NORMAL PERIOD 1981 TO 2010
CLIMATE RECORD PERIOD 1893 TO 2018


WEATHER ITEM   OBSERVED TIME   RECORD YEAR NORMAL DEPARTURE LAST
                VALUE   (LST)  VALUE       VALUE  FROM      YEAR
                                                  NORMAL
..................................................................
TEMPERATURE (F)
 YESTERDAY
  MAXIMUM         12    355 PM  49    1942  22    -10       25
  MINIMUM        -19    759 AM -30    2005   1    -20       -2
  AVERAGE         -3                        12    -15       12

PRECIPITATION (IN)
  YESTERDAY        0.00          1.00 1897   0.01  -0.01     0.00
  MONTH TO DATE    0.04                      0.27  -0.23     0.46
  SINCE DEC 1      0.39                      0.79  -0.40     2.24
  SINCE JAN 1      0.04                      0.27  -0.23     0.46

SNOWFALL (IN)
  YESTERDAY        0.0           5.0  1897   0.2   -0.2      0.0
  MONTH TO DATE    0.6                       3.8   -3.2      8.5
  SINCE OCT 1      5.0                      18.4  -13.4     24.5
  SINCE JUL 1      5.0                      18.4  -13.4     24.5
  SNOW DEPTH       T

DEGREE DAYS
 HEATING
  YESTERDAY       68                        53     15       53
  MONTH TO DATE  932                       848     84     1011
  SINCE DEC 1   2395                      2376     19     2608
  SINCE JUL 1   4172                      4339   -167     3958

 COOLING
  YESTERDAY        0                         0      0        0
  MONTH TO DATE    0                         0      0        0
  SINCE DEC 1      0                         0      0        0
  SINCE JAN 1      0                         0      0        0
..................................................................


WIND (MPH)
  HIGHEST WIND SPEED    17   HIGHEST WIND DIRECTION     S (180)
  HIGHEST GUST SPEED    21   HIGHEST GUST DIRECTION     S (180)
  AVERAGE WIND SPEED     9.1


SKY COVER
  POSSIBLE SUNSHINE  MM
  AVERAGE SKY COVER 0.2


WEATHER CONDITIONS
 THE FOLLOWING WEATHER WAS RECORDED YESTERDAY.
  HAZE


RELATIVE HUMIDITY (PERCENT)
 HIGHEST    87           900 PM
 LOWEST     53           400 PM
 AVERAGE    70

..........................................................


THE ABERDEEN SD CLIMATE NORMALS FOR TODAY
                         NORMAL    RECORD    YEAR
 MAXIMUM TEMPERATURE (F)   22        48      1947
 MINIMUM TEMPERATURE (F)    1       -32      1997


SUNRISE AND SUNSET
JANUARY 17 2018.......SUNRISE   809 AM CST   SUNSET   520 PM CST
JANUARY 18 2018.......SUNRISE   808 AM CST   SUNSET   521 PM CST


-  INDICATES NEGATIVE NUMBERS.
R  INDICATES RECORD WAS SET OR TIED.
MM INDICATES DATA IS MISSING.
T  INDICATES TRACE AMOUNT.




$$
