000
CDUS43 KABR 231038
CLIABR


CLIMATE REPORT
NATIONAL WEATHER SERVICE ABERDEEN SD
536 AM CDT FRI JUN 23 2017


...................................

...THE ABERDEEN SD CLIMATE SUMMARY FOR JUNE 22 2017...

CLIMATE NORMAL PERIOD 1981 TO 2010
CLIMATE RECORD PERIOD 1893 TO 2017


WEATHER ITEM   OBSERVED TIME   RECORD YEAR NORMAL DEPARTURE LAST
                VALUE   (LST)  VALUE       VALUE  FROM      YEAR
                                                  NORMAL
..................................................................
TEMPERATURE (F)
 YESTERDAY
  MAXIMUM         82    408 PM 102    1922  80      2       84
                                      1911
  MINIMUM         52   1057 PM  39    1905  56     -4       61
  AVERAGE         67                        68     -1       73

PRECIPITATION (IN)
  YESTERDAY        0.01          1.40 1931   0.12  -0.11      T
  MONTH TO DATE    3.81                      2.71   1.10     1.41
  SINCE JUN 1      3.81                      2.71   1.10     1.41
  SINCE JAN 1      7.19                      9.85  -2.66     8.35

DEGREE DAYS
 HEATING
  YESTERDAY        0                         2     -2        0
  MONTH TO DATE    4                        68    -64       18
  SINCE JUN 1      4                        68    -64       18
  SINCE JUL 1   7504                      8526  -1022     6785

 COOLING
  YESTERDAY        2                         4     -2        8
  MONTH TO DATE  128                        54     74      152
  SINCE JUN 1    128                        54     74      152
  SINCE JAN 1    140                        77     63      185
..................................................................


WIND (MPH)
  HIGHEST WIND SPEED    21   HIGHEST WIND DIRECTION    NW (330)
  HIGHEST GUST SPEED    28   HIGHEST GUST DIRECTION    NW (320)
  AVERAGE WIND SPEED     9.3


SKY COVER
  POSSIBLE SUNSHINE  MM
  AVERAGE SKY COVER 0.1


WEATHER CONDITIONS
 THE FOLLOWING WEATHER WAS RECORDED YESTERDAY.
  THUNDERSTORM
  LIGHT RAIN


RELATIVE HUMIDITY (PERCENT)
 HIGHEST    90           700 AM
 LOWEST     25           600 PM
 AVERAGE    58

..........................................................


THE ABERDEEN SD CLIMATE NORMALS FOR TODAY
                         NORMAL    RECORD    YEAR
 MAXIMUM TEMPERATURE (F)   80       104      1911
 MINIMUM TEMPERATURE (F)   56        33      1942


SUNRISE AND SUNSET
JUNE 23 2017..........SUNRISE   546 AM CDT   SUNSET   926 PM CDT
JUNE 24 2017..........SUNRISE   546 AM CDT   SUNSET   926 PM CDT


-  INDICATES NEGATIVE NUMBERS.
R  INDICATES RECORD WAS SET OR TIED.
MM INDICATES DATA IS MISSING.
T  INDICATES TRACE AMOUNT.




$$
