000
CDUS43 KABR 222334
CLIABR


CLIMATE REPORT
NATIONAL WEATHER SERVICE ABERDEEN SD
532 PM CST WED FEB 22 2017


...................................

...THE ABERDEEN SD CLIMATE SUMMARY FOR FEBRUARY 22 2017...
VALID TODAY AS OF 0500 PM LOCAL TIME.

CLIMATE NORMAL PERIOD 1981 TO 2010
CLIMATE RECORD PERIOD 1893 TO 2017


WEATHER ITEM   OBSERVED TIME   RECORD YEAR NORMAL DEPARTURE LAST
                VALUE   (LST)  VALUE       VALUE  FROM      YEAR
                                                  NORMAL
..................................................................
TEMPERATURE (F)
 TODAY
  MAXIMUM         45    112 PM  59    2000  30     15       39
                                      1958
  MINIMUM         34    459 PM -24    1918  10     24       26
  AVERAGE         40                        20     20       33

PRECIPITATION (IN)
  TODAY            0.01          0.50 1922   0.03  -0.02     0.00
  MONTH TO DATE    0.12                      0.40  -0.28     0.51
  SINCE DEC 1      2.41                      1.39   1.02     1.29
  SINCE JAN 1      0.63                      0.87  -0.24     0.65

SNOWFALL (IN)
  TODAY            T
  MONTH TO DATE    0.7
  SINCE OCT 1     26.9
  SINCE JUL 1     26.9
  SNOW DEPTH       0

DEGREE DAYS
 HEATING
  TODAY           25                        45    -20       32
  MONTH TO DATE  821                      1069   -248      844
  SINCE DEC 1   4029                      4240   -211     3615
  SINCE JUL 1   5379                      6203   -824     5027
..................................................................


WIND (MPH)
  HIGHEST WIND SPEED    23   HIGHEST WIND DIRECTION     N (360)
  HIGHEST GUST SPEED    28   HIGHEST GUST DIRECTION     N (20)
  AVERAGE WIND SPEED    11.6


SKY COVER
  POSSIBLE SUNSHINE  MM
  AVERAGE SKY COVER 0.4


WEATHER CONDITIONS
 THE FOLLOWING WEATHER WAS RECORDED TODAY.
  LIGHT SNOW
  FOG


RELATIVE HUMIDITY (PERCENT)
 HIGHEST    89           500 AM
 LOWEST     70           100 PM
 AVERAGE    80

..........................................................


THE ABERDEEN SD CLIMATE NORMALS FOR TOMORROW
                         NORMAL    RECORD    YEAR
 MAXIMUM TEMPERATURE (F)   31        60      1976
                                             1905
 MINIMUM TEMPERATURE (F)   11       -25      1910


SUNRISE AND SUNSET
FEBRUARY 22 2017......SUNRISE   724 AM CST   SUNSET   611 PM CST
FEBRUARY 23 2017......SUNRISE   722 AM CST   SUNSET   613 PM CST


-  INDICATES NEGATIVE NUMBERS.
R  INDICATES RECORD WAS SET OR TIED.
MM INDICATES DATA IS MISSING.
T  INDICATES TRACE AMOUNT.

&&

PEAK WIND WAS 28 MPH FROM THE NORTH AT 459 PM CST.




$$
