000
CDUS43 KABR 200904
CLIABR


CLIMATE REPORT
NATIONAL WEATHER SERVICE ABERDEEN SD
403 AM CDT SUN AUG 20 2017


...................................

...THE ABERDEEN SD CLIMATE SUMMARY FOR AUGUST 19 2017...

CLIMATE NORMAL PERIOD 1981 TO 2010
CLIMATE RECORD PERIOD 1893 TO 2017


WEATHER ITEM   OBSERVED TIME   RECORD YEAR NORMAL DEPARTURE LAST
                VALUE   (LST)  VALUE       VALUE  FROM      YEAR
                                                  NORMAL
..................................................................
TEMPERATURE (F)
 YESTERDAY
  MAXIMUM         83    315 PM 103    1976  82      1       78
  MINIMUM         49    530 AM  34    2004  56     -7       57
  AVERAGE         66                        69     -3       68

PRECIPITATION (IN)
  YESTERDAY        0.00          2.72 1930   0.08  -0.08     0.15
  MONTH TO DATE    1.42                      1.48  -0.06     1.85
  SINCE JUN 1      7.41                      8.20  -0.79     6.95
  SINCE JAN 1     10.79                     15.34  -4.55    13.89

DEGREE DAYS
 HEATING
  YESTERDAY        0                         1     -1        0
  MONTH TO DATE   10                        15     -5        0
  SINCE JUN 1     62                       105    -43       28
  SINCE JUL 1     10                        29    -19        8

 COOLING
  YESTERDAY        1                         5     -4        3
  MONTH TO DATE   28                       114    -86      149
  SINCE JUN 1    445                       414     31      571
  SINCE JAN 1    457                       437     20      604
..................................................................


WIND (MPH)
  HIGHEST WIND SPEED    21   HIGHEST WIND DIRECTION     S (160)
  HIGHEST GUST SPEED    27   HIGHEST GUST DIRECTION     S (180)
  AVERAGE WIND SPEED    10.2


SKY COVER
  POSSIBLE SUNSHINE  MM
  AVERAGE SKY COVER 0.0


WEATHER CONDITIONS
 THE FOLLOWING WEATHER WAS RECORDED YESTERDAY.
  FOG


RELATIVE HUMIDITY (PERCENT)
 HIGHEST   100          1200 AM
 LOWEST     47           200 PM
 AVERAGE    74

..........................................................


THE ABERDEEN SD CLIMATE NORMALS FOR TODAY
                         NORMAL    RECORD    YEAR
 MAXIMUM TEMPERATURE (F)   81       103      1976
 MINIMUM TEMPERATURE (F)   56        33      1950


SUNRISE AND SUNSET
AUGUST 20 2017........SUNRISE   641 AM CDT   SUNSET   832 PM CDT
AUGUST 21 2017........SUNRISE   642 AM CDT   SUNSET   831 PM CDT


-  INDICATES NEGATIVE NUMBERS.
R  INDICATES RECORD WAS SET OR TIED.
MM INDICATES DATA IS MISSING.
T  INDICATES TRACE AMOUNT.




$$
