000
CDUS43 KABR 221035
CLIABR


CLIMATE REPORT
NATIONAL WEATHER SERVICE ABERDEEN SD
534 AM CDT SUN OCT 22 2017


...................................

...THE ABERDEEN SD CLIMATE SUMMARY FOR OCTOBER 21 2017...

CLIMATE NORMAL PERIOD 1981 TO 2010
CLIMATE RECORD PERIOD 1893 TO 2017


WEATHER ITEM   OBSERVED TIME   RECORD YEAR NORMAL DEPARTURE LAST
                VALUE   (LST)  VALUE       VALUE  FROM      YEAR
                                                  NORMAL
..................................................................
TEMPERATURE (F)
 YESTERDAY
  MAXIMUM         66   1225 AM  86    1947  55     11       65
  MINIMUM         38   1159 PM   9    1987  31      7       33
  AVERAGE         52                        43      9       49

PRECIPITATION (IN)
  YESTERDAY        T             1.60 1906   0.06  -0.06     0.00
  MONTH TO DATE    0.68                      1.49  -0.81     0.67
  SINCE SEP 1      2.57                      3.68  -1.11     1.90
  SINCE JAN 1     14.63                     19.97  -5.34    15.96

SNOWFALL (IN)
  YESTERDAY        0.0          16.0  1906   0.0    0.0      0.0
  MONTH TO DATE    0.0                       0.2   -0.2      0.0
  SINCE OCT 1      0.0                       0.2   -0.2      0.0
  SINCE JUL 1      0.0                       0.2   -0.2      0.0
  SNOW DEPTH       0

DEGREE DAYS
 HEATING
  YESTERDAY       13                        22     -9       16
  MONTH TO DATE  298                       370    -72      307
  SINCE SEP 1    452                       593   -141      434
  SINCE JUL 1    471                       644   -173      465

 COOLING
  YESTERDAY        0                         0      0        0
  MONTH TO DATE    4                         0      4        7
  SINCE SEP 1     67                        40     27       61
  SINCE JAN 1    552                       523     29      722
..................................................................


WIND (MPH)
  HIGHEST WIND SPEED    28   HIGHEST WIND DIRECTION     W (290)
  HIGHEST GUST SPEED    35   HIGHEST GUST DIRECTION     W (280)
  AVERAGE WIND SPEED    13.8


SKY COVER
  POSSIBLE SUNSHINE  MM
  AVERAGE SKY COVER 0.5


WEATHER CONDITIONS
 THE FOLLOWING WEATHER WAS RECORDED YESTERDAY.
  LIGHT RAIN


RELATIVE HUMIDITY (PERCENT)
 HIGHEST    92          1100 PM
 LOWEST     57          1000 AM
 AVERAGE    75

..........................................................


THE ABERDEEN SD CLIMATE NORMALS FOR TODAY
                         NORMAL    RECORD    YEAR
 MAXIMUM TEMPERATURE (F)   55        82      1992
 MINIMUM TEMPERATURE (F)   30         8      1895


SUNRISE AND SUNSET
OCTOBER 22 2017.......SUNRISE   800 AM CDT   SUNSET   636 PM CDT
OCTOBER 23 2017.......SUNRISE   801 AM CDT   SUNSET   634 PM CDT


-  INDICATES NEGATIVE NUMBERS.
R  INDICATES RECORD WAS SET OR TIED.
MM INDICATES DATA IS MISSING.
T  INDICATES TRACE AMOUNT.




$$
