000
CDUS43 KABR 182230
CLIABR


CLIMATE REPORT
NATIONAL WEATHER SERVICE ABERDEEN SD
530 PM CDT THU SEP 18 2014


...................................

...THE ABERDEEN SD CLIMATE SUMMARY FOR SEPTEMBER 18 2014...
VALID TODAY AS OF 0500 PM LOCAL TIME.

CLIMATE NORMAL PERIOD 1981 TO 2010
CLIMATE RECORD PERIOD 1893 TO 2014


WEATHER ITEM   OBSERVED TIME   RECORD YEAR NORMAL DEPARTURE LAST
                VALUE   (LST)  VALUE       VALUE  FROM      YEAR
                                                  NORMAL
..................................................................
TEMPERATURE (F)
 TODAY
  MAXIMUM         80    301 PM  95    2000  71      9       91
  MINIMUM         43    845 AM  22    1896  45     -2       62
  AVERAGE         62                        58      4       77

PRECIPITATION (IN)
  TODAY            0.00          1.64 1988   0.07  -0.07     0.81
  MONTH TO DATE    0.22                      1.34  -1.12     1.49
  SINCE SEP 1      0.22                      1.34  -1.12     1.49
  SINCE JAN 1     15.85                     17.63  -1.78    15.25

DEGREE DAYS
 HEATING
  TODAY            3                         8     -5        0
  MONTH TO DATE  159                        97     62       51
  SINCE SEP 1    159                        97     62       51
  SINCE JUL 1    221                       148     73      102

 COOLING
  TODAY            0                         1     -1       12
  MONTH TO DATE    5                        34    -29       76
  SINCE SEP 1      5                        34    -29       76
  SINCE JAN 1    309                       517   -208      565
..................................................................


WIND (MPH)
  HIGHEST WIND SPEED    25   HIGHEST WIND DIRECTION     S (170)
  HIGHEST GUST SPEED    32   HIGHEST GUST DIRECTION     S (180)
  AVERAGE WIND SPEED     9.4


SKY COVER
  POSSIBLE SUNSHINE  MM
  AVERAGE SKY COVER 0.1


WEATHER CONDITIONS
 THE FOLLOWING WEATHER WAS RECORDED TODAY.
  NO SIGNIFICANT WEATHER WAS OBSERVED.


RELATIVE HUMIDITY (PERCENT)
 HIGHEST   100           300 AM
 LOWEST     54           400 PM
 AVERAGE    77

..........................................................


THE ABERDEEN SD CLIMATE NORMALS FOR TOMORROW
                         NORMAL    RECORD    YEAR
 MAXIMUM TEMPERATURE (F)   71       101      1895
 MINIMUM TEMPERATURE (F)   44        26      1938


SUNRISE AND SUNSET
SEPTEMBER 18 2014.....SUNRISE   716 AM CDT   SUNSET   739 PM CDT
SEPTEMBER 19 2014.....SUNRISE   717 AM CDT   SUNSET   737 PM CDT


-  INDICATES NEGATIVE NUMBERS.
R  INDICATES RECORD WAS SET OR TIED.
MM INDICATES DATA IS MISSING.
T  INDICATES TRACE AMOUNT.


&&

PEAK WIND WAS 32 MPH FROM THE SOUTH AT 502 PM CDT.

$$
