000
CDUS43 KABR 021132
CLIABR


CLIMATE REPORT
NATIONAL WEATHER SERVICE ABERDEEN SD
631 AM CDT WED SEP 2 2015


...................................

...THE ABERDEEN SD CLIMATE SUMMARY FOR SEPTEMBER 1 2015...

CLIMATE NORMAL PERIOD 1981 TO 2010
CLIMATE RECORD PERIOD 1893 TO 2015


WEATHER ITEM   OBSERVED TIME   RECORD YEAR NORMAL DEPARTURE LAST
                VALUE   (LST)  VALUE       VALUE  FROM      YEAR
                                                  NORMAL
..................................................................
TEMPERATURE (F)
 YESTERDAY
  MAXIMUM         86    409 PM 104    1913  78      8       77
  MINIMUM         55    545 AM  30    1893  52      3       52
  AVERAGE         71                        65      6       65

PRECIPITATION (IN)
  YESTERDAY        0.00          1.20 1904   0.08  -0.08     0.01
  MONTH TO DATE    0.00                      0.08  -0.08     0.01
  SINCE SEP 1      0.00                      0.08  -0.08     0.01
  SINCE JAN 1     17.32                     16.37   0.95    15.64

DEGREE DAYS
 HEATING
  YESTERDAY        0                         3     -3        0
  MONTH TO DATE    0                         3     -3        0
  SINCE SEP 1      0                         3     -3        0
  SINCE JUL 1     42                        54    -12       62

 COOLING
  YESTERDAY        6                         3      3        0
  MONTH TO DATE    6                         3      3        0
  SINCE SEP 1      6                         3      3        0
  SINCE JAN 1    569                       486     83      304
..................................................................


WIND (MPH)
  HIGHEST WIND SPEED    17   HIGHEST WIND DIRECTION    SE (150)
  HIGHEST GUST SPEED    21   HIGHEST GUST DIRECTION     S (170)
  AVERAGE WIND SPEED     7.3


SKY COVER
  POSSIBLE SUNSHINE  MM
  AVERAGE SKY COVER 0.1


WEATHER CONDITIONS
 THE FOLLOWING WEATHER WAS RECORDED YESTERDAY.
  FOG
  FOG W/VISIBILITY <= 1/4 MILE


RELATIVE HUMIDITY (PERCENT)
 HIGHEST    97           700 AM
 LOWEST     55           500 PM
 AVERAGE    76

..........................................................


THE ABERDEEN SD CLIMATE NORMALS FOR TODAY
                         NORMAL    RECORD    YEAR
 MAXIMUM TEMPERATURE (F)   78       101      1983
                                             1898
 MINIMUM TEMPERATURE (F)   52        35      1896


SUNRISE AND SUNSET
SEPTEMBER  2 2015.....SUNRISE   656 AM CDT   SUNSET   810 PM CDT
SEPTEMBER  3 2015.....SUNRISE   657 AM CDT   SUNSET   808 PM CDT


-  INDICATES NEGATIVE NUMBERS.
R  INDICATES RECORD WAS SET OR TIED.
MM INDICATES DATA IS MISSING.
T  INDICATES TRACE AMOUNT.




$$
