000
CDUS43 KABR 021028
CLIABR


CLIMATE REPORT
NATIONAL WEATHER SERVICE ABERDEEN SD
528 AM CDT TUE JUN 2 2015


...................................

...THE ABERDEEN SD CLIMATE SUMMARY FOR JUNE 1 2015...

CLIMATE NORMAL PERIOD 1981 TO 2010
CLIMATE RECORD PERIOD 1893 TO 2015


WEATHER ITEM   OBSERVED TIME   RECORD YEAR NORMAL DEPARTURE LAST
                VALUE   (LST)  VALUE       VALUE  FROM      YEAR
                                                  NORMAL
..................................................................
TEMPERATURE (F)
 YESTERDAY
  MAXIMUM         82    332 PM  99    1933  73      9       76
  MINIMUM         55    555 AM  34    1946  50      5       59
  AVERAGE         69                        61      8       68

PRECIPITATION (IN)
  YESTERDAY        0.00          3.50 1899   0.11  -0.11     0.29
  MONTH TO DATE    0.00                      0.11  -0.11     0.29
  SINCE JUN 1      0.00                      0.11  -0.11     0.29
  SINCE JAN 1      8.22                      7.25   0.97     5.72

DEGREE DAYS
 HEATING
  YESTERDAY        0                         5     -5        0
  MONTH TO DATE    0                         5     -5        0
  SINCE JUN 1      0                         5     -5        0
  SINCE JUL 1   7990                      8463   -473     9441

 COOLING
  YESTERDAY        4                         1      3        3
  MONTH TO DATE    4                         1      3        3
  SINCE JUN 1      4                         1      3        3
  SINCE JAN 1     18                        24     -6       45
..................................................................


WIND (MPH)
  HIGHEST WIND SPEED    28   HIGHEST WIND DIRECTION     S (160)
  HIGHEST GUST SPEED    35   HIGHEST GUST DIRECTION     S (190)
  AVERAGE WIND SPEED    17.2


SKY COVER
  POSSIBLE SUNSHINE  MM
  AVERAGE SKY COVER 0.4


WEATHER CONDITIONS
 THE FOLLOWING WEATHER WAS RECORDED YESTERDAY.
  NO SIGNIFICANT WEATHER WAS OBSERVED.


RELATIVE HUMIDITY (PERCENT)
 HIGHEST    72          1200 AM
 LOWEST     45           300 PM
 AVERAGE    59

..........................................................


THE ABERDEEN SD CLIMATE NORMALS FOR TODAY
                         NORMAL    RECORD    YEAR
 MAXIMUM TEMPERATURE (F)   73        95      1934
                                             1923
 MINIMUM TEMPERATURE (F)   50        30      1946


SUNRISE AND SUNSET
JUNE  2 2015..........SUNRISE   548 AM CDT   SUNSET   916 PM CDT
JUNE  3 2015..........SUNRISE   548 AM CDT   SUNSET   916 PM CDT


-  INDICATES NEGATIVE NUMBERS.
R  INDICATES RECORD WAS SET OR TIED.
MM INDICATES DATA IS MISSING.
T  INDICATES TRACE AMOUNT.




$$
