000
CDUS43 KABR 312228
CLIABR


CLIMATE REPORT
NATIONAL WEATHER SERVICE ABERDEEN SD
527 PM CDT TUE MAY 31 2016


...................................

...THE ABERDEEN SD CLIMATE SUMMARY FOR MAY 31 2016...
VALID TODAY AS OF 0500 PM LOCAL TIME.

CLIMATE NORMAL PERIOD 1981 TO 2010
CLIMATE RECORD PERIOD 1893 TO 2016


WEATHER ITEM   OBSERVED TIME   RECORD YEAR NORMAL DEPARTURE LAST
                VALUE   (LST)  VALUE       VALUE  FROM      YEAR
                                                  NORMAL
..................................................................
TEMPERATURE (F)
 TODAY
  MAXIMUM         69    256 PM 100    1934  73     -4       64
  MINIMUM         54    604 AM  23    1897  49      5       39
  AVERAGE         62                        61      1       52

PRECIPITATION (IN)
  TODAY            0.00          1.10 1919   0.10  -0.10     0.02
  MONTH TO DATE    2.13                      3.11  -0.98     6.39
  SINCE MAR 1      6.25                      6.12   0.13     7.17
  SINCE JAN 1      6.94                      7.14  -0.20     8.22

DEGREE DAYS
 COOLING
  TODAY            0                         1     -1        0
  MONTH TO DATE   32                        21     11       14
  SINCE MAR 1     33                        23     10       14
  SINCE JAN 1     33                        23     10       14
..................................................................


WIND (MPH)
  HIGHEST WIND SPEED    35   HIGHEST WIND DIRECTION    SW (230)
  HIGHEST GUST SPEED    43   HIGHEST GUST DIRECTION    SW (240)
  AVERAGE WIND SPEED    15.0


SKY COVER
  POSSIBLE SUNSHINE  MM
  AVERAGE SKY COVER 0.4


WEATHER CONDITIONS
 THE FOLLOWING WEATHER WAS RECORDED TODAY.
  NO SIGNIFICANT WEATHER WAS OBSERVED.


RELATIVE HUMIDITY (PERCENT)
 HIGHEST    93          1200 AM
 LOWEST     44           300 PM
 AVERAGE    69

..........................................................


THE ABERDEEN SD CLIMATE NORMALS FOR TOMORROW
                         NORMAL    RECORD    YEAR
 MAXIMUM TEMPERATURE (F)   73        99      1933
 MINIMUM TEMPERATURE (F)   50        34      1946


SUNRISE AND SUNSET
MAY 31 2016...........SUNRISE   549 AM CDT   SUNSET   915 PM CDT
JUNE  1 2016..........SUNRISE   548 AM CDT   SUNSET   915 PM CDT


-  INDICATES NEGATIVE NUMBERS.
R  INDICATES RECORD WAS SET OR TIED.
MM INDICATES DATA IS MISSING.
T  INDICATES TRACE AMOUNT.

&&

PEAK WIND WAS 43 MPH FROM THE SOUTHWEST AT 437 PM CDT.




$$
