000
CDUS43 KABR 041043
CLIABR


CLIMATE REPORT
NATIONAL WEATHER SERVICE ABERDEEN SD
442 AM CST WED MAR 4 2015


...................................

...THE ABERDEEN SD CLIMATE SUMMARY FOR MARCH 3 2015...

CLIMATE NORMAL PERIOD 1981 TO 2010
CLIMATE RECORD PERIOD 1893 TO 2015


WEATHER ITEM   OBSERVED TIME   RECORD YEAR NORMAL DEPARTURE LAST
                VALUE   (LST)  VALUE       VALUE  FROM      YEAR
                                                  NORMAL
..................................................................
TEMPERATURE (F)
 YESTERDAY
  MAXIMUM         31    255 AM  73    1905  34     -3       11
  MINIMUM         -1   1013 PM -15    1916  14    -15       -2
  AVERAGE         15                        24     -9        5

PRECIPITATION (IN)
  YESTERDAY        0.07          0.78 1985   0.03   0.04      T
  MONTH TO DATE    0.07                      0.09  -0.02      T
  SINCE MAR 1      0.07                      0.09  -0.02      T
  SINCE JAN 1      1.12                      1.11   0.01     0.44

SNOWFALL (IN)
  YESTERDAY        0.7
  MONTH TO DATE    0.7
  SINCE OCT 1     19.2
  SINCE JUL 1     19.2
  SNOW DEPTH       1

DEGREE DAYS
 HEATING
  YESTERDAY       50                        41      9       60
  MONTH TO DATE  150                       124     26      201
  SINCE MAR 1    150                       124     26      201
  SINCE JUL 1   6418                      6587   -169     7360

 COOLING
  YESTERDAY        0                         0      0        0
  MONTH TO DATE    0                         0      0        0
  SINCE MAR 1      0                         0      0        0
  SINCE JAN 1      0                         0      0        0
..................................................................


WIND (MPH)
  HIGHEST WIND SPEED    37   HIGHEST WIND DIRECTION    NW (330)
  HIGHEST GUST SPEED    43   HIGHEST GUST DIRECTION    NW (330)
  AVERAGE WIND SPEED    20.1


SKY COVER
  POSSIBLE SUNSHINE  MM
  AVERAGE SKY COVER 0.6


WEATHER CONDITIONS
 THE FOLLOWING WEATHER WAS RECORDED YESTERDAY.
  SNOW
  LIGHT SNOW
  FOG
  HAZE
  BLOWING SNOW


RELATIVE HUMIDITY (PERCENT)
 HIGHEST    92           400 AM
 LOWEST     53           300 PM
 AVERAGE    73

..........................................................


THE ABERDEEN SD CLIMATE NORMALS FOR TODAY
                         NORMAL    RECORD    YEAR
 MAXIMUM TEMPERATURE (F)   34        64      2000
 MINIMUM TEMPERATURE (F)   15       -23      1917


SUNRISE AND SUNSET
MARCH  4 2015.........SUNRISE   707 AM CST   SUNSET   625 PM CST
MARCH  5 2015.........SUNRISE   705 AM CST   SUNSET   626 PM CST


-  INDICATES NEGATIVE NUMBERS.
R  INDICATES RECORD WAS SET OR TIED.
MM INDICATES DATA IS MISSING.
T  INDICATES TRACE AMOUNT.




$$
