000
CDUS43 KABR 221035
CLIABR


CLIMATE REPORT
NATIONAL WEATHER SERVICE ABERDEEN SD
535 AM CDT MON MAY 22 2017


...................................

...THE ABERDEEN SD CLIMATE SUMMARY FOR MAY 21 2017...

CLIMATE NORMAL PERIOD 1981 TO 2010
CLIMATE RECORD PERIOD 1893 TO 2017


WEATHER ITEM   OBSERVED TIME   RECORD YEAR NORMAL DEPARTURE LAST
                VALUE   (LST)  VALUE       VALUE  FROM      YEAR
                                                  NORMAL
..................................................................
TEMPERATURE (F)
 YESTERDAY
  MAXIMUM         64    521 PM  94    1925  70     -6       80
  MINIMUM         36    243 AM  25    1895  46    -10       52
  AVERAGE         50                        58     -8       66

PRECIPITATION (IN)
  YESTERDAY        0.05          1.48 1898   0.09  -0.04     0.00
  MONTH TO DATE    0.56                      2.15  -1.59     0.69
  SINCE MAR 1      2.61                      5.16  -2.55     4.81
  SINCE JAN 1      3.29                      6.18  -2.89     5.50

DEGREE DAYS
 HEATING
  YESTERDAY       15                         8      7        0
  MONTH TO DATE  170                       223    -53      201
  SINCE MAR 1   1797                      1931   -134     1523
  SINCE JUL 1   7412                      8394   -982     6760

 COOLING
  YESTERDAY        0                         1     -1        1
  MONTH TO DATE   12                        11      1        9
  SINCE MAR 1     12                        13     -1       10
  SINCE JAN 1     12                        13     -1       10
..................................................................


WIND (MPH)
  HIGHEST WIND SPEED    25   HIGHEST WIND DIRECTION     N (340)
  HIGHEST GUST SPEED    32   HIGHEST GUST DIRECTION     N (340)
  AVERAGE WIND SPEED    11.0


SKY COVER
  POSSIBLE SUNSHINE  MM
  AVERAGE SKY COVER 0.6


WEATHER CONDITIONS
 THE FOLLOWING WEATHER WAS RECORDED YESTERDAY.
  LIGHT RAIN


RELATIVE HUMIDITY (PERCENT)
 HIGHEST    92           100 AM
 LOWEST     39           500 PM
 AVERAGE    66

..........................................................


THE ABERDEEN SD CLIMATE NORMALS FOR TODAY
                         NORMAL    RECORD    YEAR
 MAXIMUM TEMPERATURE (F)   70        92      1928
 MINIMUM TEMPERATURE (F)   46        22      1963


SUNRISE AND SUNSET
MAY 22 2017...........SUNRISE   556 AM CDT   SUNSET   906 PM CDT
MAY 23 2017...........SUNRISE   555 AM CDT   SUNSET   907 PM CDT


-  INDICATES NEGATIVE NUMBERS.
R  INDICATES RECORD WAS SET OR TIED.
MM INDICATES DATA IS MISSING.
T  INDICATES TRACE AMOUNT.




$$
