982
CDUS42 KTAE 290640
CLIABY


CLIMATE REPORT
NATIONAL WEATHER SERVICE TALLAHASSEE FL
240 AM EDT FRI APR 29 2016


...................................

...THE ALBANY CLIMATE SUMMARY FOR APRIL 28 2016...

CLIMATE NORMAL PERIOD 1981 TO 2010
CLIMATE RECORD PERIOD 1930 TO 2016


WEATHER ITEM   OBSERVED TIME   RECORD YEAR NORMAL DEPARTURE LAST
                VALUE   (LST)  VALUE       VALUE  FROM      YEAR
                                                  NORMAL
..................................................................
TEMPERATURE (F)
 YESTERDAY
  MAXIMUM         83   1159 AM  94    1986  83      0       68
  MINIMUM         69    403 AM  40    1978  56     13       61
  AVERAGE         76                        70      6       65

PRECIPITATION (IN)
  YESTERDAY        T                         0.07  -0.07     0.28
  MONTH TO DATE    6.87                      3.49   3.38     4.99
  SINCE MAR 1     11.64                      8.54   3.10     7.16
  SINCE JAN 1     21.95                     17.52   4.43    14.49

SNOWFALL (IN)
  YESTERDAY        0.0

DEGREE DAYS
 HEATING
  YESTERDAY        0                         1     -1        0
  MONTH TO DATE   36                        65    -29        0
  SINCE MAR 1    151                       274   -123      118
  SINCE JUL 1   1286                      1834   -548     1842

 COOLING
  YESTERDAY       11                         5      6        0
  MONTH TO DATE   75                        91    -16      180
  SINCE MAR 1    157                       120     37      246
  SINCE JAN 1    160                       129     31      248
..................................................................


WIND (MPH)
  HIGHEST WIND SPEED    14   HIGHEST WIND DIRECTION    SW (220)
  HIGHEST GUST SPEED    17   HIGHEST GUST DIRECTION    SW (220)
  AVERAGE WIND SPEED     4.5




RELATIVE HUMIDITY (PERCENT)
 HIGHEST   100
 LOWEST     58
 AVERAGE    79

..........................................................


THE ALBANY CLIMATE NORMALS FOR TODAY
                         NORMAL    RECORD    YEAR
 MAXIMUM TEMPERATURE (F)   83        92      2012
                                             1989
 MINIMUM TEMPERATURE (F)   57        35      1993


SUNRISE AND SUNSET
APRIL 29 2016.........SUNRISE   653 AM EDT   SUNSET   815 PM EDT
APRIL 30 2016.........SUNRISE   652 AM EDT   SUNSET   816 PM EDT


-  INDICATES NEGATIVE NUMBERS.
R  INDICATES RECORD WAS SET OR TIED.
MM INDICATES DATA IS MISSING.
T  INDICATES TRACE AMOUNT.




$$
