000
CDUS42 KTAE 210635
CLIABY


CLIMATE REPORT
NATIONAL WEATHER SERVICE TALLAHASSEE FL
134 AM EST WED FEB 21 2018


...................................

...THE ALBANY CLIMATE SUMMARY FOR FEBRUARY 20 2018...

CLIMATE NORMAL PERIOD 1981 TO 2010
CLIMATE RECORD PERIOD 1930 TO 2018


WEATHER ITEM   OBSERVED TIME   RECORD YEAR NORMAL DEPARTURE LAST
                VALUE   (LST)  VALUE       VALUE  FROM      YEAR
                                                  NORMAL
..................................................................
TEMPERATURE (F)
 YESTERDAY
  MAXIMUM         82R   214 PM  82    2014  66     16       79
  MINIMUM         62    503 AM  22    2015  41     21       47
  AVERAGE         72                        53     19       63

PRECIPITATION (IN)
  YESTERDAY        T                         0.17  -0.17     0.00
  MONTH TO DATE    4.70                      2.86   1.84     2.11
  SINCE DEC 1     10.69                     11.43  -0.74    21.57
  SINCE JAN 1      7.57                      7.68  -0.11    10.89

SNOWFALL (IN)
  YESTERDAY        0.0
  MONTH TO DATE    0.0
  SINCE DEC 1      0.1
  SINCE JUL 1      0.1

DEGREE DAYS
 HEATING
  YESTERDAY        0                        12    -12        2
  MONTH TO DATE  101                       269   -168      122
  SINCE DEC 1   1024                      1203   -179      645
  SINCE JUL 1   1239                      1473   -234      786

 COOLING
  YESTERDAY        7                         0      7        0
  MONTH TO DATE   36                         0     36        6
  SINCE DEC 1     54                        13     41       49
  SINCE JAN 1     41                         4     37       26
..................................................................


WIND (MPH)
  HIGHEST WIND SPEED    17   HIGHEST WIND DIRECTION     S (160)
  HIGHEST GUST SPEED    22   HIGHEST GUST DIRECTION     S (160)
  AVERAGE WIND SPEED     6.3




RELATIVE HUMIDITY (PERCENT)
 HIGHEST    93
 LOWEST     58
 AVERAGE    76

..........................................................


THE ALBANY CLIMATE NORMALS FOR TODAY
                         NORMAL    RECORD    YEAR
 MAXIMUM TEMPERATURE (F)   66        84      1991
 MINIMUM TEMPERATURE (F)   41        21      1958


SUNRISE AND SUNSET
FEBRUARY 21 2018......SUNRISE   712 AM EST   SUNSET   629 PM EST
FEBRUARY 22 2018......SUNRISE   711 AM EST   SUNSET   629 PM EST


-  INDICATES NEGATIVE NUMBERS.
R  INDICATES RECORD WAS SET OR TIED.
MM INDICATES DATA IS MISSING.
T  INDICATES TRACE AMOUNT.




$$
