000
CDUS42 KTAE 052233
CLIABY


CLIMATE REPORT
NATIONAL WEATHER SERVICE TALLAHASSEE FL
532 PM EST THU MAR 5 2015


...................................

...THE ALBANY CLIMATE SUMMARY FOR MARCH 5 2015...
VALID TODAY AS OF 0500 PM LOCAL TIME.

CLIMATE NORMAL PERIOD 1981 TO 2010
CLIMATE RECORD PERIOD 1930 TO 2015


WEATHER ITEM   OBSERVED TIME   RECORD YEAR NORMAL DEPARTURE LAST
                VALUE   (LST)  VALUE       VALUE  FROM      YEAR
                                                  NORMAL
..................................................................
TEMPERATURE (F)
 TODAY
  MAXIMUM         81   1228 PM  86    1945  69     12       52
  MINIMUM         59    459 PM  20    1980  44     15       38
  AVERAGE         70                        57     13       45

PRECIPITATION (IN)
  TODAY            0.39                      0.14   0.25     0.01
  MONTH TO DATE    0.40                      0.67  -0.27     0.01
  SINCE MAR 1      0.40                      0.67  -0.27     0.01
  SINCE JAN 1      7.73                      9.65  -1.92     5.25

..................................................................







THE ALBANY CLIMATE NORMALS FOR TOMORROW
                         NORMAL    RECORD    YEAR
 MAXIMUM TEMPERATURE (F)   70        88      1961
 MINIMUM TEMPERATURE (F)   44        21      1960



-  INDICATES NEGATIVE NUMBERS.
R  INDICATES RECORD WAS SET OR TIED.
MM INDICATES DATA IS MISSING.
T  INDICATES TRACE AMOUNT.




$$
