000
CDUS42 KTAE 260634
CLIABY


CLIMATE REPORT
NATIONAL WEATHER SERVICE TALLAHASSEE FL
233 AM EDT THU MAY 26 2016


...................................

...THE ALBANY CLIMATE SUMMARY FOR MAY 25 2016...

CLIMATE NORMAL PERIOD 1981 TO 2010
CLIMATE RECORD PERIOD 1930 TO 2016


WEATHER ITEM   OBSERVED TIME   RECORD YEAR NORMAL DEPARTURE LAST
                VALUE   (LST)  VALUE       VALUE  FROM      YEAR
                                                  NORMAL
..................................................................
TEMPERATURE (F)
 YESTERDAY
  MAXIMUM         91    430 PM  99    2012  89      2       91
                                      1962
  MINIMUM         60    528 AM  48    1979  65     -5       70
  AVERAGE         76                        77     -1       81

PRECIPITATION (IN)
  YESTERDAY        0.00                      0.11  -0.11     0.00
  MONTH TO DATE    0.78                      1.90  -1.12     0.11
  SINCE MAR 1     12.42                     10.59   1.83     7.46
  SINCE JAN 1     22.73                     19.57   3.16    14.79

SNOWFALL (IN)
  YESTERDAY        0.0

DEGREE DAYS
 HEATING
  YESTERDAY        0                         0      0        0
  MONTH TO DATE    4                         0      4        2
  SINCE MAR 1    155                       274   -119      125
  SINCE JUL 1   1290                      1834   -544     1849

 COOLING
  YESTERDAY       11                        12     -1       16
  MONTH TO DATE  216                       225     -9      270
  SINCE MAR 1    400                       356     44      516
  SINCE JAN 1    403                       365     38      518
..................................................................


WIND (MPH)
  HIGHEST WIND SPEED    14   HIGHEST WIND DIRECTION    SE (150)
  HIGHEST GUST SPEED    17   HIGHEST GUST DIRECTION     S (200)
  AVERAGE WIND SPEED     3.9




RELATIVE HUMIDITY (PERCENT)
 HIGHEST    84
 LOWEST     29
 AVERAGE    57

..........................................................


THE ALBANY CLIMATE NORMALS FOR TODAY
                         NORMAL    RECORD    YEAR
 MAXIMUM TEMPERATURE (F)   89       101      1962
 MINIMUM TEMPERATURE (F)   65        42      1979


SUNRISE AND SUNSET
MAY 26 2016...........SUNRISE   634 AM EDT   SUNSET   834 PM EDT
MAY 27 2016...........SUNRISE   634 AM EDT   SUNSET   834 PM EDT


-  INDICATES NEGATIVE NUMBERS.
R  INDICATES RECORD WAS SET OR TIED.
MM INDICATES DATA IS MISSING.
T  INDICATES TRACE AMOUNT.




$$
