000
CDUS42 KTAE 282139
CLIABY


CLIMATE REPORT
NATIONAL WEATHER SERVICE TALLAHASSEE FL
538 PM EDT SAT MAR 28 2015


...................................

...THE ALBANY CLIMATE SUMMARY FOR MARCH 28 2015...
VALID TODAY AS OF 0500 PM LOCAL TIME.

CLIMATE NORMAL PERIOD 1981 TO 2010
CLIMATE RECORD PERIOD 1930 TO 2015


WEATHER ITEM   OBSERVED TIME   RECORD YEAR NORMAL DEPARTURE LAST
                VALUE   (LST)  VALUE       VALUE  FROM      YEAR
                                                  NORMAL
..................................................................
TEMPERATURE (F)
 TODAY
  MAXIMUM         60    359 PM  87    2007  75    -15       64
                                      1945
  MINIMUM         40    701 AM  29    1969  49     -9       58
  AVERAGE         50                        62    -12       61

PRECIPITATION (IN)
  TODAY            0.00                      0.19  -0.19     0.79
  MONTH TO DATE    2.17                      4.49  -2.32     2.58
  SINCE MAR 1      2.17                      4.49  -2.32     2.58
  SINCE JAN 1      9.50                     13.47  -3.97     7.82

..................................................................







THE ALBANY CLIMATE NORMALS FOR TOMORROW
                         NORMAL    RECORD    YEAR
 MAXIMUM TEMPERATURE (F)   75        90      2007
 MINIMUM TEMPERATURE (F)   49        27      1955



-  INDICATES NEGATIVE NUMBERS.
R  INDICATES RECORD WAS SET OR TIED.
MM INDICATES DATA IS MISSING.
T  INDICATES TRACE AMOUNT.




$$
