000
CDUS42 KTAE 232134
CLIABY


CLIMATE REPORT
NATIONAL WEATHER SERVICE TALLAHASSEE FL
533 PM EDT SUN APR 23 2017


...................................

...THE ALBANY CLIMATE SUMMARY FOR APRIL 23 2017...
VALID TODAY AS OF 0500 PM LOCAL TIME.

CLIMATE NORMAL PERIOD 1981 TO 2010
CLIMATE RECORD PERIOD 1930 TO 2017


WEATHER ITEM   OBSERVED TIME   RECORD YEAR NORMAL DEPARTURE LAST
                VALUE   (LST)  VALUE       VALUE  FROM      YEAR
                                                  NORMAL
..................................................................
TEMPERATURE (F)
 TODAY
  MAXIMUM         84   1210 PM  94    1987  81      3       82
  MINIMUM         62    556 AM  33    1993  55      7       60
  AVERAGE         73                        68      5       71

PRECIPITATION (IN)
  TODAY            0.01                      0.09  -0.08     0.00
  MONTH TO DATE    1.77                      3.07  -1.30     5.96
  SINCE MAR 1      2.99                      8.12  -5.13    10.73
  SINCE JAN 1     14.81                     17.10  -2.29    21.04

..................................................................







THE ALBANY CLIMATE NORMALS FOR TOMORROW
                         NORMAL    RECORD    YEAR
 MAXIMUM TEMPERATURE (F)   81        91      2011
                                             2009
 MINIMUM TEMPERATURE (F)   55        32      1986



-  INDICATES NEGATIVE NUMBERS.
R  INDICATES RECORD WAS SET OR TIED.
MM INDICATES DATA IS MISSING.
T  INDICATES TRACE AMOUNT.




$$
