000
CDUS42 KTAE 240637
CLIABY


CLIMATE REPORT
NATIONAL WEATHER SERVICE TALLAHASSEE FL
237 AM EDT SUN JUL 24 2016


...................................

...THE ALBANY CLIMATE SUMMARY FOR JULY 23 2016...

CLIMATE NORMAL PERIOD 1981 TO 2010
CLIMATE RECORD PERIOD 1930 TO 2016


WEATHER ITEM   OBSERVED TIME   RECORD YEAR NORMAL DEPARTURE LAST
                VALUE   (LST)  VALUE       VALUE  FROM      YEAR
                                                  NORMAL
..................................................................
TEMPERATURE (F)
 YESTERDAY
  MAXIMUM         95    442 PM 103    1943  93      2       94
  MINIMUM         73    555 AM  63    1965  72      1       75
  AVERAGE         84                        83      1       85

PRECIPITATION (IN)
  YESTERDAY        0.00                      0.17  -0.17     0.21
  MONTH TO DATE    1.34                      4.12  -2.78     3.53
  SINCE JUN 1      5.75                      9.06  -3.31     8.90
  SINCE JAN 1     28.48                     29.42  -0.94    24.76

SNOWFALL (IN)
  YESTERDAY        0.0

DEGREE DAYS
 HEATING
  YESTERDAY        0                         0      0        0
  MONTH TO DATE    0                         0      0        0
  SINCE JUN 1      0                         0      0        0
  SINCE JUL 1      0                         0      0        0

 COOLING
  YESTERDAY       19                        18      1       20
  MONTH TO DATE  462                       402     60      430
  SINCE JUN 1    978                       867    111      932
  SINCE JAN 1   1470                      1307    163     1536
..................................................................


WIND (MPH)
  HIGHEST WIND SPEED    10   HIGHEST WIND DIRECTION    SW (220)
  HIGHEST GUST SPEED    16   HIGHEST GUST DIRECTION     S (170)
  AVERAGE WIND SPEED     3.5




RELATIVE HUMIDITY (PERCENT)
 HIGHEST    94
 LOWEST     46
 AVERAGE    70

..........................................................


THE ALBANY CLIMATE NORMALS FOR TODAY
                         NORMAL    RECORD    YEAR
 MAXIMUM TEMPERATURE (F)   93       102      1940
 MINIMUM TEMPERATURE (F)   72        65      1981


SUNRISE AND SUNSET
JULY 24 2016..........SUNRISE   648 AM EDT   SUNSET   838 PM EDT
JULY 25 2016..........SUNRISE   649 AM EDT   SUNSET   837 PM EDT


-  INDICATES NEGATIVE NUMBERS.
R  INDICATES RECORD WAS SET OR TIED.
MM INDICATES DATA IS MISSING.
T  INDICATES TRACE AMOUNT.




$$
