000
CDUS42 KTAE 040634
CLIABY


CLIMATE REPORT
NATIONAL WEATHER SERVICE TALLAHASSEE FL
132 AM EST SUN DEC 4 2016


...................................

...THE ALBANY CLIMATE SUMMARY FOR DECEMBER 3 2016...

CLIMATE NORMAL PERIOD 1981 TO 2010
CLIMATE RECORD PERIOD 1930 TO 2016


WEATHER ITEM   OBSERVED TIME   RECORD YEAR NORMAL DEPARTURE LAST
                VALUE   (LST)  VALUE       VALUE  FROM      YEAR
                                                  NORMAL
..................................................................
TEMPERATURE (F)
 YESTERDAY
  MAXIMUM         64    132 PM  83    1991  65     -1       54
  MINIMUM         48    211 AM  19    1960  42      6       48
  AVERAGE         56                        54      2       51

PRECIPITATION (IN)
  YESTERDAY        0.00                      0.15  -0.15     0.00
  MONTH TO DATE    0.00                      0.44  -0.44     1.95
  SINCE DEC 1      0.00                      0.44  -0.44     1.95
  SINCE JAN 1     38.36                     45.26  -6.90    44.64

SNOWFALL (IN)
  YESTERDAY        0.0

DEGREE DAYS
 HEATING
  YESTERDAY        9                        12     -3       14
  MONTH TO DATE   32                        35     -3       18
  SINCE DEC 1     32                        35     -3       18
  SINCE JUL 1    173                       305   -132      142

 COOLING
  YESTERDAY        0                         0      0        0
  MONTH TO DATE    0                         0      0        3
  SINCE DEC 1      0                         0      0        3
  SINCE JAN 1   3015                      2533    482     2884
..................................................................


WIND (MPH)
  HIGHEST WIND SPEED    12   HIGHEST WIND DIRECTION     E (80)
  HIGHEST GUST SPEED    13   HIGHEST GUST DIRECTION     E (110)
  AVERAGE WIND SPEED     6.2




RELATIVE HUMIDITY (PERCENT)
 HIGHEST    61
 LOWEST     34
 AVERAGE    48

..........................................................


THE ALBANY CLIMATE NORMALS FOR TODAY
                         NORMAL    RECORD    YEAR
 MAXIMUM TEMPERATURE (F)   65        82      1982
 MINIMUM TEMPERATURE (F)   42        19      1960


SUNRISE AND SUNSET
DECEMBER  4 2016......SUNRISE   721 AM EST   SUNSET   533 PM EST
DECEMBER  5 2016......SUNRISE   722 AM EST   SUNSET   533 PM EST


-  INDICATES NEGATIVE NUMBERS.
R  INDICATES RECORD WAS SET OR TIED.
MM INDICATES DATA IS MISSING.
T  INDICATES TRACE AMOUNT.




$$
