000
CDUS42 KTAE 130633
CLIABY


CLIMATE REPORT
NATIONAL WEATHER SERVICE TALLAHASSEE FL
132 AM EST SAT FEB 13 2016


...................................

...THE ALBANY CLIMATE SUMMARY FOR FEBRUARY 12 2016...

CLIMATE NORMAL PERIOD 1981 TO 2010
CLIMATE RECORD PERIOD 1930 TO 2016


WEATHER ITEM   OBSERVED TIME   RECORD YEAR NORMAL DEPARTURE LAST
                VALUE   (LST)  VALUE       VALUE  FROM      YEAR
                                                  NORMAL
..................................................................
TEMPERATURE (F)
 YESTERDAY
  MAXIMUM         73    430 PM  81    1932  64      9       65
  MINIMUM         54    844 PM  19    1981  40     14       36
  AVERAGE         64                        52     12       51

PRECIPITATION (IN)
  YESTERDAY        0.00                      0.13  -0.13     0.00
  MONTH TO DATE    2.30                      1.59   0.71     1.29
  SINCE DEC 1     12.82                     10.16   2.66    12.32
  SINCE JAN 1      5.96                      6.41  -0.45     4.59

SNOWFALL (IN)
  YESTERDAY        0.0

DEGREE DAYS
 HEATING
  YESTERDAY        1                        13    -12       14
  MONTH TO DATE  171                       169      2      184
  SINCE DEC 1    840                      1103   -263     1026
  SINCE JUL 1    964                      1373   -409     1431

 COOLING
  YESTERDAY        0                         0      0        0
  MONTH TO DATE    0                         0      0        0
  SINCE DEC 1     76                        13     63        7
  SINCE JAN 1      0                         4     -4        2
..................................................................


WIND (MPH)
  HIGHEST WIND SPEED    17   HIGHEST WIND DIRECTION     W (280)
  HIGHEST GUST SPEED    25   HIGHEST GUST DIRECTION     W (260)
  AVERAGE WIND SPEED     9.2




RELATIVE HUMIDITY (PERCENT)
 HIGHEST    93
 LOWEST     40
 AVERAGE    67

..........................................................


THE ALBANY CLIMATE NORMALS FOR TODAY
                         NORMAL    RECORD    YEAR
 MAXIMUM TEMPERATURE (F)   64        84      1962
 MINIMUM TEMPERATURE (F)   40         0      2013


SUNRISE AND SUNSET
FEBRUARY 13 2016......SUNRISE   721 AM EST   SUNSET   622 PM EST
FEBRUARY 14 2016......SUNRISE   720 AM EST   SUNSET   622 PM EST


-  INDICATES NEGATIVE NUMBERS.
R  INDICATES RECORD WAS SET OR TIED.
MM INDICATES DATA IS MISSING.
T  INDICATES TRACE AMOUNT.




$$
