000
CDUS42 KTAE 300635
CLIABY


CLIMATE REPORT
NATIONAL WEATHER SERVICE TALLAHASSEE FL
235 AM EDT SUN AUG 30 2015


...................................

...THE ALBANY CLIMATE SUMMARY FOR AUGUST 29 2015...

CLIMATE NORMAL PERIOD 1981 TO 2010
CLIMATE RECORD PERIOD 1930 TO 2015


WEATHER ITEM   OBSERVED TIME   RECORD YEAR NORMAL DEPARTURE LAST
                VALUE   (LST)  VALUE       VALUE  FROM      YEAR
                                                  NORMAL
..................................................................
TEMPERATURE (F)
 YESTERDAY
  MAXIMUM         84    413 PM 103    1954  91     -7       95
  MINIMUM         74    346 AM  60    1992  71      3       66
  AVERAGE         79                        81     -2       81

PRECIPITATION (IN)
  YESTERDAY        0.08                      0.13  -0.05     0.00
  MONTH TO DATE    4.38                      4.60  -0.22     0.78
  SINCE JUN 1     14.28                     15.00  -0.72     6.07
  SINCE JAN 1     30.14                     35.36  -5.22    25.13

SNOWFALL (IN)
  YESTERDAY        0.0

DEGREE DAYS
 HEATING
  YESTERDAY        0                         0      0        0
  MONTH TO DATE    0                         0      0        0
  SINCE JUN 1      0                         0      0        0
  SINCE JUL 1      0                         0      0        0

 COOLING
  YESTERDAY       14                        16     -2       16
  MONTH TO DATE  524                       490     34      509
  SINCE JUN 1   1615                      1496    119     1500
  SINCE JAN 1   2219                      1936    283     1894
..................................................................


WIND (MPH)
  HIGHEST WIND SPEED    13   HIGHEST WIND DIRECTION     E (110)
  HIGHEST GUST SPEED    18   HIGHEST GUST DIRECTION     E (110)
  AVERAGE WIND SPEED     5.7




RELATIVE HUMIDITY (PERCENT)
 HIGHEST    94
 LOWEST     65
 AVERAGE    80

..........................................................


THE ALBANY CLIMATE NORMALS FOR TODAY
                         NORMAL    RECORD    YEAR
 MAXIMUM TEMPERATURE (F)   91       103      1990
 MINIMUM TEMPERATURE (F)   71        56      1986


SUNRISE AND SUNSET
AUGUST 30 2015........SUNRISE   711 AM EDT   SUNSET   803 PM EDT
AUGUST 31 2015........SUNRISE   712 AM EDT   SUNSET   802 PM EDT


-  INDICATES NEGATIVE NUMBERS.
R  INDICATES RECORD WAS SET OR TIED.
MM INDICATES DATA IS MISSING.
T  INDICATES TRACE AMOUNT.




$$
