000
CDUS42 KTAE 252124
CLIABY


CLIMATE REPORT
NATIONAL WEATHER SERVICE TALLAHASSEE FL
522 PM EDT FRI JUL 25 2014

...................................

...THE ALBANY CLIMATE SUMMARY FOR JULY 25 2014...
VALID TODAY AS OF 0500 PM LOCAL TIME.

CLIMATE NORMAL PERIOD 1981 TO 2010
CLIMATE RECORD PERIOD 1930 TO 2014


WEATHER ITEM   OBSERVED TIME   RECORD YEAR NORMAL DEPARTURE LAST
                VALUE   (LST)  VALUE       VALUE  FROM      YEAR
                                                  NORMAL
..................................................................
TEMPERATURE (F)
 TODAY
  MAXIMUM         94    343 PM 103    1940  93      1       91
  MINIMUM         74    623 AM  66    1990  72      2       71
  AVERAGE         84                        83      1       81

PRECIPITATION (IN)
  TODAY            0.00                      0.16  -0.16     0.00
  MONTH TO DATE    0.53                      4.46  -3.93     6.56
  SINCE JUN 1      5.29                      9.40  -4.11    15.34
  SINCE JAN 1     24.35                     29.76  -5.41    31.86

..................................................................

THE ALBANY CLIMATE NORMALS FOR TOMORROW
                         NORMAL    RECORD    YEAR
 MAXIMUM TEMPERATURE (F)   93       102      1940
 MINIMUM TEMPERATURE (F)   72        67      1988



-  INDICATES NEGATIVE NUMBERS.
R  INDICATES RECORD WAS SET OR TIED.
MM INDICATES DATA IS MISSING.
T  INDICATES TRACE AMOUNT.

$$
