000
CDUS42 KTAE 140630
CLIABY


CLIMATE REPORT
NATIONAL WEATHER SERVICE TALLAHASSEE FL
130 AM EST THU DEC 14 2017


...................................

...THE ALBANY CLIMATE SUMMARY FOR DECEMBER 13 2017...

CLIMATE NORMAL PERIOD 1981 TO 2010
CLIMATE RECORD PERIOD 1930 TO 2017


WEATHER ITEM   OBSERVED TIME   RECORD YEAR NORMAL DEPARTURE LAST
                VALUE   (LST)  VALUE       VALUE  FROM      YEAR
                                                  NORMAL
..................................................................
TEMPERATURE (F)
 YESTERDAY
  MAXIMUM         56    408 PM  81    1931  63     -7       75
  MINIMUM         33    800 AM   6    1962  40     -7       60
  AVERAGE         45                        51     -6       68

PRECIPITATION (IN)
  YESTERDAY        0.00                      0.13  -0.13     0.62
  MONTH TO DATE    1.96                      1.87   0.09     8.40
  SINCE DEC 1      1.96                      1.87   0.09     8.40
  SINCE JAN 1     40.09                     46.69  -6.60    46.76

SNOWFALL (IN)
  YESTERDAY        0.0

DEGREE DAYS
 HEATING
  YESTERDAY       20                        14      6        0
  MONTH TO DATE  160                       167     -7      117
  SINCE DEC 1    160                       167     -7      117
  SINCE JUL 1    375                       437    -62      258

 COOLING
  YESTERDAY        0                         0      0        3
  MONTH TO DATE    5                         0      5        7
  SINCE DEC 1      5                         0      5        7
  SINCE JAN 1   2926                      2533    393     3022
..................................................................


WIND (MPH)
  HIGHEST WIND SPEED    14   HIGHEST WIND DIRECTION    SW (220)
  HIGHEST GUST SPEED    17   HIGHEST GUST DIRECTION    SW (220)
  AVERAGE WIND SPEED     6.3




RELATIVE HUMIDITY (PERCENT)
 HIGHEST    70
 LOWEST     18
 AVERAGE    44

..........................................................


THE ALBANY CLIMATE NORMALS FOR TODAY
                         NORMAL    RECORD    YEAR
 MAXIMUM TEMPERATURE (F)   62        80      1931
 MINIMUM TEMPERATURE (F)   40        19      1960


SUNRISE AND SUNSET
DECEMBER 14 2017......SUNRISE   728 AM EST   SUNSET   535 PM EST
DECEMBER 15 2017......SUNRISE   729 AM EST   SUNSET   535 PM EST


-  INDICATES NEGATIVE NUMBERS.
R  INDICATES RECORD WAS SET OR TIED.
MM INDICATES DATA IS MISSING.
T  INDICATES TRACE AMOUNT.




$$
